-- Table structure for table `l829c_languages`
--

CREATE TABLE `l829c_languages` (
  `lang_id` int(10) unsigned NOT NULL AUTO_INCREMENT,
  `asset_id` int(10) unsigned NOT NULL DEFAULT 0,
  `lang_code` char(7) CHARACTER SET utf8mb4 COLLATE utf8mb4_bin NOT NULL,
  `title` varchar(50) NOT NULL,
  `title_native` varchar(50) NOT NULL,
  `sef` varchar(50) NOT NULL,
  `image` varchar(50) NOT NULL,
  `description` varchar(512) NOT NULL,
  `metakey` text DEFAULT NULL,
  `metadesc` text NOT NULL,
  `sitename` varchar(1024) NOT NULL DEFAULT '',
  `published` int(11) NOT NULL DEFAULT 0,
  `access` int(10) unsigned NOT NULL DEFAULT 0,
  `ordering` int(11) NOT NULL DEFAULT 0,
  PRIMARY KEY (`lang_id`),
  UNIQUE KEY `idx_sef` (`sef`),
  UNIQUE KEY `idx_langcode` (`lang_code`),
  KEY `idx_access` (`access`),
  KEY `idx_ordering` (`ordering`)
) ENGINE=InnoDB AUTO_INCREMENT=3 DEFAULT CHARSET=utf8mb4 COLLATE=utf8mb4_unicode_ci;

--
-- Dumping data for table `l829c_languages`
--

INSERT INTO `l829c_languages` VALUES
(1,0,'en-GB','English (en-GB)','English (United Kingdom)','en','en_gb','','','','',1,1,2),
(2,100,'es-ES','Spanish (es-ES)','Español (España)','es','es_es','',NULL,'','',0,1,1);

--
-- Table structure for table `l829c_mail_templates`
--

CREATE TABLE `l829c_mail_templates` (
  `template_id` varchar(127) NOT NULL DEFAULT '',
  `extension` varchar(127) NOT NULL DEFAULT '',
  `language` char(7) NOT NULL DEFAULT '',
  `subject` varchar(255) NOT NULL DEFAULT '',
  `body` text NOT NULL,
  `htmlbody` mediumtext NOT NULL,
  `attachments` text NOT NULL,
  `params` text NOT NULL,
  PRIMARY KEY (`template_id`,`language`)
) ENGINE=InnoDB DEFAULT CHARSET=utf8mb4 COLLATE=utf8mb4_unicode_ci;

--
-- Dumping data for table `l829c_mail_templates`
--

INSERT INTO `l829c_mail_templates` VALUES
('com_actionlogs.notification','com_actionlogs','','COM_ACTIONLOGS_EMAIL_SUBJECT','COM_ACTIONLOGS_EMAIL_BODY','COM_ACTIONLOGS_EMAIL_HTMLBODY','','{\"tags\":[\"message\",\"date\",\"extension\",\"username\"]}'),
('com_config.test_mail','com_config','','COM_CONFIG_SENDMAIL_SUBJECT','COM_CONFIG_SENDMAIL_BODY','','','{\"tags\":[\"sitename\",\"method\"]}'),
('com_contact.mail','com_contact','','COM_CONTACT_ENQUIRY_SUBJECT','COM_CONTACT_ENQUIRY_TEXT','','','{\"tags\":[\"sitename\",\"name\",\"email\",\"subject\",\"body\",\"url\",\"customfields\"]}'),
('com_contact.mail.copy','com_contact','','COM_CONTACT_COPYSUBJECT_OF','COM_CONTACT_COPYTEXT_OF','','','{\"tags\":[\"sitename\",\"name\",\"email\",\"subject\",\"body\",\"url\",\"customfields\",\"contactname\"]}'),
('com_messages.new_message','com_messages','','COM_MESSAGES_NEW_MESSAGE','COM_MESSAGES_NEW_MESSAGE_BODY','','','{\"tags\":[\"subject\",\"message\",\"fromname\",\"sitename\",\"siteurl\",\"fromemail\",\"toname\",\"toemail\"]}'),
('com_privacy.notification.admin.export','com_privacy','','COM_PRIVACY_EMAIL_ADMIN_REQUEST_SUBJECT_EXPORT_REQUEST','COM_PRIVACY_EMAIL_ADMIN_REQUEST_BODY_EXPORT_REQUEST','','','{\"tags\":[\"sitename\",\"url\",\"tokenurl\",\"formurl\",\"token\"]}'),
('com_privacy.notification.admin.remove','com_privacy','','COM_PRIVACY_EMAIL_ADMIN_REQUEST_SUBJECT_REMOVE_REQUEST','COM_PRIVACY_EMAIL_ADMIN_REQUEST_BODY_REMOVE_REQUEST','','','{\"tags\":[\"sitename\",\"url\",\"tokenurl\",\"formurl\",\"token\"]}'),
('com_privacy.notification.export','com_privacy','','COM_PRIVACY_EMAIL_REQUEST_SUBJECT_EXPORT_REQUEST','COM_PRIVACY_EMAIL_REQUEST_BODY_EXPORT_REQUEST','','','{\"tags\":[\"sitename\",\"url\",\"tokenurl\",\"formurl\",\"token\"]}'),
('com_privacy.notification.remove','com_privacy','','COM_PRIVACY_EMAIL_REQUEST_SUBJECT_REMOVE_REQUEST','COM_PRIVACY_EMAIL_REQUEST_BODY_REMOVE_REQUEST','','','{\"tags\":[\"sitename\",\"url\",\"tokenurl\",\"formurl\",\"token\"]}'),
('com_privacy.userdataexport','com_privacy','','COM_PRIVACY_EMAIL_DATA_EXPORT_COMPLETED_SUBJECT','COM_PRIVACY_EMAIL_DATA_EXPORT_COMPLETED_BODY','','','{\"tags\":[\"sitename\",\"url\"]}'),
('com_users.massmail.mail','com_users','','COM_USERS_MASSMAIL_MAIL_SUBJECT','COM_USERS_MASSMAIL_MAIL_BODY','','','{\"tags\":[\"subject\",\"body\",\"subjectprefix\",\"bodysuffix\"]}'),
('com_users.password_reset','com_users','','COM_USERS_EMAIL_PASSWORD_RESET_SUBJECT','COM_USERS_EMAIL_PASSWORD_RESET_BODY','','','{\"tags\":[\"name\",\"email\",\"sitename\",\"link_text\",\"link_html\",\"token\"]}'),
('com_users.registration.admin.new_notification','com_users','','COM_USERS_EMAIL_ACCOUNT_DETAILS','COM_USERS_EMAIL_REGISTERED_NOTIFICATION_TO_ADMIN_BODY','','','{\"tags\":[\"name\",\"sitename\",\"siteurl\",\"username\"]}'),
('com_users.registration.admin.verification_request','com_users','','COM_USERS_EMAIL_ACTIVATE_WITH_ADMIN_ACTIVATION_SUBJECT','COM_USERS_EMAIL_ACTIVATE_WITH_ADMIN_ACTIVATION_BODY','','','{\"tags\":[\"name\",\"sitename\",\"email\",\"username\",\"activate\"]}'),
('com_users.registration.user.admin_activated','com_users','','COM_USERS_EMAIL_ACTIVATED_BY_ADMIN_ACTIVATION_SUBJECT','COM_USERS_EMAIL_ACTIVATED_BY_ADMIN_ACTIVATION_BODY','','','{\"tags\":[\"name\",\"sitename\",\"siteurl\",\"username\"]}'),
('com_users.registration.user.admin_activation','com_users','','COM_USERS_EMAIL_ACCOUNT_DETAILS','COM_USERS_EMAIL_REGISTERED_WITH_ADMIN_ACTIVATION_BODY_NOPW','','','{\"tags\":[\"name\",\"sitename\",\"activate\",\"siteurl\",\"username\"]}'),
('com_users.registration.user.admin_activation_w_pw','com_users','','COM_USERS_EMAIL_ACCOUNT_DETAILS','COM_USERS_EMAIL_REGISTERED_WITH_ADMIN_ACTIVATION_BODY','','','{\"tags\":[\"name\",\"sitename\",\"activate\",\"siteurl\",\"username\",\"password_clear\"]}'),
('com_users.registration.user.registration_mail','com_users','','COM_USERS_EMAIL_ACCOUNT_DETAILS','COM_USERS_EMAIL_REGISTERED_BODY_NOPW','','','{\"tags\":[\"name\",\"sitename\",\"siteurl\",\"username\"]}'),
('com_users.registration.user.registration_mail_w_pw','com_users','','COM_USERS_EMAIL_ACCOUNT_DETAILS','COM_USERS_EMAIL_REGISTERED_BODY','','','{\"tags\":[\"name\",\"sitename\",\"siteurl\",\"username\",\"password_clear\"]}'),
('com_users.registration.user.self_activation','com_users','','COM_USERS_EMAIL_ACCOUNT_DETAILS','COM_USERS_EMAIL_REGISTERED_WITH_ACTIVATION_BODY_NOPW','','','{\"tags\":[\"name\",\"sitename\",\"activate\",\"siteurl\",\"username\"]}'),
('com_users.registration.user.self_activation_w_pw','com_users','','COM_USERS_EMAIL_ACCOUNT_DETAILS','COM_USERS_EMAIL_REGISTERED_WITH_ACTIVATION_BODY','','','{\"tags\":[\"name\",\"sitename\",\"activate\",\"siteurl\",\"username\",\"password_clear\"]}'),
('com_users.reminder','com_users','','COM_USERS_EMAIL_USERNAME_REMINDER_SUBJECT','COM_USERS_EMAIL_USERNAME_REMINDER_BODY','','','{\"tags\":[\"name\",\"username\",\"sitename\",\"email\",\"link_text\",\"link_html\"]}'),
('plg_multifactorauth_email.mail','plg_multifactorauth_email','','PLG_MULTIFACTORAUTH_EMAIL_EMAIL_SUBJECT','PLG_MULTIFACTORAUTH_EMAIL_EMAIL_BODY','','','{\"tags\":[\"code\",\"sitename\",\"siteurl\",\"username\",\"email\",\"fullname\"]}'),
('plg_system_tasknotification.failure_mail','plg_system_tasknotification','','PLG_SYSTEM_TASK_NOTIFICATION_FAILURE_MAIL_SUBJECT','PLG_SYSTEM_TASK_NOTIFICATION_FAILURE_MAIL_BODY','','','{\"tags\": [\"task_id\", \"task_title\", \"exit_code\", \"exec_data_time\", \"task_output\"]}'),
('plg_system_tasknotification.fatal_recovery_mail','plg_system_tasknotification','','PLG_SYSTEM_TASK_NOTIFICATION_FATAL_MAIL_SUBJECT','PLG_SYSTEM_TASK_NOTIFICATION_FATAL_MAIL_BODY','','','{\"tags\": [\"task_id\", \"task_title\"]}'),
('plg_system_tasknotification.orphan_mail','plg_system_tasknotification','','PLG_SYSTEM_TASK_NOTIFICATION_ORPHAN_MAIL_SUBJECT','PLG_SYSTEM_TASK_NOTIFICATION_ORPHAN_MAIL_BODY','','','{\"tags\": [\"task_id\", \"task_title\"]}'),
('plg_system_tasknotification.success_mail','plg_system_tasknotification','','PLG_SYSTEM_TASK_NOTIFICATION_SUCCESS_MAIL_SUBJECT','PLG_SYSTEM_TASK_NOTIFICATION_SUCCESS_MAIL_BODY','','','{\"tags\":[\"task_id\", \"task_title\", \"exec_data_time\", \"task_output\"]}'),
('plg_task_privacyconsent.request.reminder','plg_task_privacyconsent','','PLG_TASK_PRIVACYCONSENT_EMAIL_REMIND_SUBJECT','PLG_TASK_PRIVACYCONSENT_EMAIL_REMIND_BODY','','','{\"tags\":[\"sitename\",\"url\",\"tokenurl\",\"formurl\",\"token\"]}'),
('plg_task_updatenotification.mail','plg_task_updatenotification','','PLG_TASK_UPDATENOTIFICATION_EMAIL_SUBJECT','PLG_TASK_UPDATENOTIFICATION_EMAIL_BODY','','','{\"tags\":[\"newversion\",\"curversion\",\"sitename\",\"url\",\"link\",\"releasenews\"]}'),
('plg_user_joomla.mail','plg_user_joomla','','PLG_USER_JOOMLA_NEW_USER_EMAIL_SUBJECT','PLG_USER_JOOMLA_NEW_USER_EMAIL_BODY','','','{\"tags\":[\"name\",\"sitename\",\"url\",\"username\",\"password\",\"email\"]}');

--
-- Table structure for table `l829c_menu`
--

CREATE TABLE `l829c_menu` (
  `id` int(11) NOT NULL AUTO_INCREMENT,
  `menutype` varchar(24) NOT NULL COMMENT 'The type of menu this item belongs to. FK to #__menu_types.menutype',
  `title` varchar(255) NOT NULL COMMENT 'The display title of the menu item.',
  `alias` varchar(400) CHARACTER SET utf8mb4 COLLATE utf8mb4_bin NOT NULL COMMENT 'The SEF alias of the menu item.',
  `note` varchar(255) NOT NULL DEFAULT '',
  `path` varchar(1024) NOT NULL COMMENT 'The computed path of the menu item based on the alias field.',
  `link` varchar(1024) NOT NULL COMMENT 'The actually link the menu item refers to.',
  `type` varchar(16) NOT NULL COMMENT 'The type of link: Component, URL, Alias, Separator',
  `published` tinyint(4) NOT NULL DEFAULT 0 COMMENT 'The published state of the menu link.',
  `parent_id` int(10) unsigned NOT NULL DEFAULT 1 COMMENT 'The parent menu item in the menu tree.',
  `level` int(10) unsigned NOT NULL DEFAULT 0 COMMENT 'The relative level in the tree.',
  `component_id` int(10) unsigned NOT NULL DEFAULT 0 COMMENT 'FK to #__extensions.id',
  `checked_out` int(10) unsigned DEFAULT NULL COMMENT 'FK to #__users.id',
  `checked_out_time` datetime DEFAULT NULL COMMENT 'The time the menu item was checked out.',
  `browserNav` tinyint(4) NOT NULL DEFAULT 0 COMMENT 'The click behaviour of the link.',
  `access` int(10) unsigned NOT NULL DEFAULT 0 COMMENT 'The access level required to view the menu item.',
  `img` varchar(255) NOT NULL COMMENT 'The image of the menu item.',
  `template_style_id` int(10) unsigned NOT NULL DEFAULT 0,
  `params` text NOT NULL COMMENT 'JSON encoded data for the menu item.',
  `lft` int(11) NOT NULL DEFAULT 0 COMMENT 'Nested set lft.',
  `rgt` int(11) NOT NULL DEFAULT 0 COMMENT 'Nested set rgt.',
  `home` tinyint(3) unsigned NOT NULL DEFAULT 0 COMMENT 'Indicates if this menu item is the home or default page.',
  `language` char(7) NOT NULL DEFAULT '',
  `client_id` tinyint(4) NOT NULL DEFAULT 0,
  `publish_up` datetime DEFAULT NULL,
  `publish_down` datetime DEFAULT NULL,
  PRIMARY KEY (`id`),
  UNIQUE KEY `idx_client_id_parent_id_alias_language` (`client_id`,`parent_id`,`alias`(100),`language`),
  KEY `idx_componentid` (`component_id`,`menutype`,`published`,`access`),
  KEY `idx_menutype` (`menutype`),
  KEY `idx_left_right` (`lft`,`rgt`),
  KEY `idx_alias` (`alias`(100)),
  KEY `idx_path` (`path`(100)),
  KEY `idx_language` (`language`)
) ENGINE=InnoDB AUTO_INCREMENT=123 DEFAULT CHARSET=utf8mb4 COLLATE=utf8mb4_unicode_ci;

--
-- Dumping data for table `l829c_menu`
--

INSERT INTO `l829c_menu` VALUES
(1,'','Menu_Item_Root','root','','','','',1,0,0,0,NULL,NULL,0,0,'',0,'',0,83,0,'*',0,NULL,NULL),
(2,'main','com_banners','Banners','','Banners','index.php?option=com_banners','component',1,1,1,3,NULL,NULL,0,0,'class:bookmark',0,'',1,10,0,'*',1,NULL,NULL),
(3,'main','com_banners','Banners','','Banners/Banners','index.php?option=com_banners&view=banners','component',1,2,2,3,NULL,NULL,0,0,'class:banners',0,'',2,3,0,'*',1,NULL,NULL),
(4,'main','com_banners_categories','Categories','','Banners/Categories','index.php?option=com_categories&view=categories&extension=com_banners','component',1,2,2,5,NULL,NULL,0,0,'class:banners-cat',0,'',4,5,0,'*',1,NULL,NULL),
(5,'main','com_banners_clients','Clients','','Banners/Clients','index.php?option=com_banners&view=clients','component',1,2,2,3,NULL,NULL,0,0,'class:banners-clients',0,'',6,7,0,'*',1,NULL,NULL),
(6,'main','com_banners_tracks','Tracks','','Banners/Tracks','index.php?option=com_banners&view=tracks','component',1,2,2,3,NULL,NULL,0,0,'class:banners-tracks',0,'',8,9,0,'*',1,NULL,NULL),
(7,'main','com_contact','Contacts','','Contacts','index.php?option=com_contact','component',1,1,1,7,NULL,NULL,0,0,'class:address-book',0,'',23,32,0,'*',1,NULL,NULL),
(8,'main','com_contact_contacts','Contacts','','Contacts/Contacts','index.php?option=com_contact&view=contacts','component',1,7,2,7,NULL,NULL,0,0,'class:contact',0,'',24,25,0,'*',1,NULL,NULL),
(9,'main','com_contact_categories','Categories','','Contacts/Categories','index.php?option=com_categories&view=categories&extension=com_contact','component',1,7,2,5,NULL,NULL,0,0,'class:contact-cat',0,'',26,27,0,'*',1,NULL,NULL),
(10,'main','com_newsfeeds','News Feeds','','News Feeds','index.php?option=com_newsfeeds','component',1,1,1,16,NULL,NULL,0,0,'class:rss',0,'',35,40,0,'*',1,NULL,NULL),
(11,'main','com_newsfeeds_feeds','Feeds','','News Feeds/Feeds','index.php?option=com_newsfeeds&view=newsfeeds','component',1,10,2,16,NULL,NULL,0,0,'class:newsfeeds',0,'',36,37,0,'*',1,NULL,NULL),
(12,'main','com_newsfeeds_categories','Categories','','News Feeds/Categories','index.php?option=com_categories&view=categories&extension=com_newsfeeds','component',1,10,2,5,NULL,NULL,0,0,'class:newsfeeds-cat',0,'',38,39,0,'*',1,NULL,NULL),
(13,'main','com_finder','Smart Search','','Smart Search','index.php?option=com_finder','component',1,1,1,23,NULL,NULL,0,0,'class:search-plus',0,'',41,50,0,'*',1,NULL,NULL),
(14,'main','com_tags','Tags','','Tags','index.php?option=com_tags&view=tags','component',1,1,1,25,NULL,NULL,0,1,'class:tags',0,'',51,52,0,'',1,NULL,NULL),
(15,'main','com_associations','Multilingual Associations','','Multilingual Associations','index.php?option=com_associations&view=associations','component',1,1,1,30,NULL,NULL,0,0,'class:language',0,'',33,34,0,'*',1,NULL,NULL),
(16,'main','mod_menu_fields','Contact Custom Fields','','Contacts/Contact Custom Fields','index.php?option=com_fields&context=com_contact.contact','component',1,7,2,29,NULL,NULL,0,0,'class:messages-add',0,'',28,29,0,'*',1,NULL,NULL),
(17,'main','mod_menu_fields_group','Contact Custom Fields Group','','Contacts/Contact Custom Fields Group','index.php?option=com_fields&view=groups&context=com_contact.contact','component',1,7,2,29,NULL,NULL,0,0,'class:messages-add',0,'',30,31,0,'*',1,NULL,NULL),
(18,'main','com_finder_index','Smart-Search-Index','','Smart Search/Smart-Search-Index','index.php?option=com_finder&view=index','component',1,13,2,23,NULL,NULL,0,0,'class:finder',0,'',42,43,0,'*',1,NULL,NULL),
(19,'main','com_finder_maps','Smart-Search-Maps','','Smart Search/Smart-Search-Maps','index.php?option=com_finder&view=maps','component',1,13,2,23,NULL,NULL,0,0,'class:finder-maps',0,'',44,45,0,'*',1,NULL,NULL),
(20,'main','com_finder_filters','Smart-Search-Filters','','Smart Search/Smart-Search-Filters','index.php?option=com_finder&view=filters','component',1,13,2,23,NULL,NULL,0,0,'class:finder-filters',0,'',46,47,0,'*',1,NULL,NULL),
(21,'main','com_finder_searches','Smart-Search-Searches','','Smart Search/Smart-Search-Searches','index.php?option=com_finder&view=searches','component',1,13,2,23,NULL,NULL,0,0,'class:finder-searches',0,'',48,49,0,'*',1,NULL,NULL),
(101,'mainmenu','Home','home','','home','index.php?option=com_content&view=featured','component',1,1,1,19,NULL,NULL,0,1,' ',0,'{\"layout_type\":\"blog\",\"num_leading_articles\":1,\"blog_class_leading\":\"\",\"num_intro_articles\":3,\"blog_class\":\"\",\"num_columns\":\"\",\"multi_column_order\":\"\",\"num_links\":0,\"link_intro_image\":\"\",\"orderby_pri\":\"\",\"orderby_sec\":\"front\",\"order_date\":\"\",\"show_pagination\":\"2\",\"show_pagination_results\":\"1\",\"show_title\":\"\",\"link_titles\":\"\",\"show_intro\":\"\",\"info_block_position\":\"\",\"info_block_show_title\":\"\",\"show_category\":\"\",\"link_category\":\"\",\"show_parent_category\":\"\",\"link_parent_category\":\"\",\"show_author\":\"\",\"link_author\":\"\",\"show_create_date\":\"\",\"show_modify_date\":\"\",\"show_publish_date\":\"\",\"show_item_navigation\":\"\",\"show_readmore\":\"\",\"show_readmore_title\":\"\",\"show_hits\":\"\",\"show_tags\":\"\",\"show_noauth\":\"\",\"show_feed_link\":\"1\",\"feed_summary\":\"\",\"menu-anchor_title\":\"\",\"menu-anchor_css\":\"\",\"menu_icon_css\":\"\",\"menu_image\":\"\",\"menu_image_css\":\"\",\"menu_text\":1,\"menu_show\":0,\"page_title\":\"\",\"show_page_heading\":\"\",\"page_heading\":\"\",\"pageclass_sfx\":\"\",\"menu-meta_description\":\"\",\"robots\":\"\"}',53,54,1,'*',0,NULL,NULL),
(102,'mainmenu','Quiénes Somos','quienes-somos','','quienes-somos','index.php?option=com_content&view=featured','component',1,1,1,19,NULL,NULL,0,1,' ',0,'{\"featured_categories\":[\"\"],\"layout_type\":\"blog\",\"num_leading_articles\":\"\",\"blog_class_leading\":\"\",\"num_intro_articles\":\"\",\"blog_class\":\"\",\"num_columns\":\"\",\"multi_column_order\":\"\",\"num_links\":\"\",\"link_intro_image\":\"\",\"orderby_pri\":\"\",\"orderby_sec\":\"\",\"order_date\":\"\",\"show_pagination\":\"\",\"show_pagination_results\":\"\",\"show_title\":\"\",\"link_titles\":\"\",\"show_intro\":\"\",\"info_block_position\":\"\",\"info_block_show_title\":\"\",\"show_category\":\"\",\"link_category\":\"\",\"show_parent_category\":\"\",\"link_parent_category\":\"\",\"show_author\":\"\",\"link_author\":\"\",\"show_create_date\":\"\",\"show_modify_date\":\"\",\"show_publish_date\":\"\",\"show_item_navigation\":\"\",\"show_readmore\":\"\",\"show_readmore_title\":\"\",\"show_hits\":\"\",\"show_tags\":\"\",\"show_noauth\":\"\",\"show_feed_link\":\"\",\"feed_summary\":\"\",\"menu-anchor_title\":\"\",\"menu-anchor_css\":\"\",\"menu_icon_css\":\"\",\"menu_image\":\"\",\"menu_image_css\":\"\",\"menu_text\":1,\"menu_show\":1,\"page_title\":\"\",\"show_page_heading\":\"\",\"page_heading\":\"\",\"pageclass_sfx\":\"\",\"menu-meta_description\":\"\",\"robots\":\"\"}',55,56,0,'*',0,NULL,NULL),
(103,'sistema-institucional','Dictamen de Baja o Transferencia Documental','dictamen-de-baja-o-transferencia-documental','','dictamen-de-baja-o-transferencia-documental','index.php?option=com_content&view=featured','component',1,1,1,19,NULL,NULL,0,1,' ',0,'{\"featured_categories\":[\"\"],\"layout_type\":\"blog\",\"num_leading_articles\":\"\",\"blog_class_leading\":\"\",\"num_intro_articles\":\"\",\"blog_class\":\"\",\"num_columns\":\"\",\"multi_column_order\":\"\",\"num_links\":\"\",\"link_intro_image\":\"\",\"orderby_pri\":\"\",\"orderby_sec\":\"\",\"order_date\":\"\",\"show_pagination\":\"\",\"show_pagination_results\":\"\",\"show_title\":\"\",\"link_titles\":\"\",\"show_intro\":\"\",\"info_block_position\":\"\",\"info_block_show_title\":\"\",\"show_category\":\"0\",\"link_category\":\"\",\"show_parent_category\":\"\",\"link_parent_category\":\"\",\"show_author\":\"0\",\"link_author\":\"\",\"show_create_date\":\"\",\"show_modify_date\":\"\",\"show_publish_date\":\"0\",\"show_item_navigation\":\"0\",\"show_readmore\":\"\",\"show_readmore_title\":\"\",\"show_hits\":\"0\",\"show_tags\":\"0\",\"show_noauth\":\"\",\"show_feed_link\":\"\",\"feed_summary\":\"\",\"menu-anchor_title\":\"\",\"menu-anchor_css\":\"\",\"menu_icon_css\":\"\",\"menu_image\":\"images\\/site\\/icons\\/archivos\\/dictamen.svg#joomlaImage:\\/\\/local-images\\/site\\/icons\\/archivos\\/dictamen.svg?width=150&height=150\",\"menu_image_css\":\"\",\"menu_text\":1,\"menu_show\":1,\"page_title\":\"\",\"show_page_heading\":\"\",\"page_heading\":\"\",\"pageclass_sfx\":\"\",\"menu-meta_description\":\"\",\"robots\":\"\"}',21,22,0,'*',0,NULL,NULL),
(104,'sistema-institucional','Programa Anual de Desarrollo Archivístico (PADA)','programa-anual-de-desarrollo-archivistico-pada','','programa-anual-de-desarrollo-archivistico-pada','index.php?option=com_content&view=featured','component',1,1,1,19,NULL,NULL,0,1,' ',0,'{\"layout_type\":\"blog\",\"num_leading_articles\":\"\",\"blog_class_leading\":\"\",\"num_intro_articles\":\"\",\"blog_class\":\"\",\"num_columns\":\"\",\"multi_column_order\":\"\",\"num_links\":\"\",\"link_intro_image\":\"\",\"orderby_pri\":\"\",\"orderby_sec\":\"\",\"order_date\":\"\",\"show_pagination\":\"\",\"show_pagination_results\":\"\",\"show_title\":\"\",\"link_titles\":\"\",\"show_intro\":\"\",\"info_block_position\":\"\",\"info_block_show_title\":\"\",\"show_category\":\"0\",\"link_category\":\"\",\"show_parent_category\":\"\",\"link_parent_category\":\"\",\"show_author\":\"0\",\"link_author\":\"\",\"show_create_date\":\"\",\"show_modify_date\":\"\",\"show_publish_date\":\"0\",\"show_item_navigation\":\"0\",\"show_readmore\":\"\",\"show_readmore_title\":\"\",\"show_hits\":\"0\",\"show_tags\":\"\",\"show_noauth\":\"\",\"show_feed_link\":\"\",\"feed_summary\":\"\",\"menu-anchor_title\":\"\",\"menu-anchor_css\":\"\",\"menu_icon_css\":\"\",\"menu_image\":\"images\\/site\\/icons\\/archivos\\/Programa_Anual.svg#joomlaImage:\\/\\/local-images\\/site\\/icons\\/archivos\\/Programa_Anual.svg?width=150&height=150\",\"menu_image_css\":\"\",\"menu_text\":1,\"menu_show\":1,\"page_title\":\"\",\"show_page_heading\":\"\",\"page_heading\":\"\",\"pageclass_sfx\":\"\",\"menu-meta_description\":\"\",\"robots\":\"\"}',19,20,0,'*',0,NULL,NULL),
(105,'sistema-institucional','Grupo Interdisciplinario de Archivos ','grupo-interdisciplinario-de-archivos','','grupo-interdisciplinario-de-archivos','index.php?option=com_content&view=featured','component',1,1,1,19,NULL,NULL,0,1,' ',0,'{\"featured_categories\":[\"\"],\"layout_type\":\"blog\",\"num_leading_articles\":\"\",\"blog_class_leading\":\"\",\"num_intro_articles\":\"\",\"blog_class\":\"\",\"num_columns\":\"\",\"multi_column_order\":\"\",\"num_links\":\"\",\"link_intro_image\":\"\",\"orderby_pri\":\"\",\"orderby_sec\":\"\",\"order_date\":\"\",\"show_pagination\":\"\",\"show_pagination_results\":\"\",\"show_title\":\"\",\"link_titles\":\"\",\"show_intro\":\"\",\"info_block_position\":\"\",\"info_block_show_title\":\"\",\"show_category\":\"0\",\"link_category\":\"\",\"show_parent_category\":\"\",\"link_parent_category\":\"\",\"show_author\":\"0\",\"link_author\":\"\",\"show_create_date\":\"\",\"show_modify_date\":\"\",\"show_publish_date\":\"0\",\"show_item_navigation\":\"0\",\"show_readmore\":\"\",\"show_readmore_title\":\"\",\"show_hits\":\"0\",\"show_tags\":\"\",\"show_noauth\":\"\",\"show_feed_link\":\"\",\"feed_summary\":\"\",\"menu-anchor_title\":\"\",\"menu-anchor_css\":\"\",\"menu_icon_css\":\"\",\"menu_image\":\"images\\/site\\/icons\\/archivos\\/Grupo_Interdisciplinario.svg#joomlaImage:\\/\\/local-images\\/site\\/icons\\/archivos\\/Grupo_Interdisciplinario.svg?width=150&height=150\",\"menu_image_css\":\"\",\"menu_text\":1,\"menu_show\":1,\"page_title\":\"\",\"show_page_heading\":\"\",\"page_heading\":\"\",\"pageclass_sfx\":\"\",\"menu-meta_description\":\"\",\"robots\":\"\"}',17,18,0,'*',0,NULL,NULL),
(106,'sistema-institucional','Instrumentos de Consulta ','instrumentos-de-consulta','','instrumentos-de-consulta','index.php?option=com_content&view=featured','component',1,1,1,19,NULL,NULL,0,1,' ',0,'{\"featured_categories\":[\"\"],\"layout_type\":\"blog\",\"num_leading_articles\":\"\",\"blog_class_leading\":\"\",\"num_intro_articles\":\"\",\"blog_class\":\"\",\"num_columns\":\"\",\"multi_column_order\":\"\",\"num_links\":\"\",\"link_intro_image\":\"\",\"orderby_pri\":\"\",\"orderby_sec\":\"\",\"order_date\":\"\",\"show_pagination\":\"\",\"show_pagination_results\":\"\",\"show_title\":\"\",\"link_titles\":\"\",\"show_intro\":\"\",\"info_block_position\":\"\",\"info_block_show_title\":\"\",\"show_category\":\"0\",\"link_category\":\"\",\"show_parent_category\":\"\",\"link_parent_category\":\"\",\"show_author\":\"0\",\"link_author\":\"\",\"show_create_date\":\"\",\"show_modify_date\":\"\",\"show_publish_date\":\"0\",\"show_item_navigation\":\"0\",\"show_readmore\":\"\",\"show_readmore_title\":\"\",\"show_hits\":\"0\",\"show_tags\":\"0\",\"show_noauth\":\"\",\"show_feed_link\":\"\",\"feed_summary\":\"\",\"menu-anchor_title\":\"\",\"menu-anchor_css\":\"\",\"menu_icon_css\":\"\",\"menu_image\":\"images\\/site\\/icons\\/archivos\\/Instrumentos_Consulta.svg#joomlaImage:\\/\\/local-images\\/site\\/icons\\/archivos\\/Instrumentos_Consulta.svg?width=150&height=150\",\"menu_image_css\":\"\",\"menu_text\":1,\"menu_show\":1,\"page_title\":\"\",\"show_page_heading\":\"\",\"page_heading\":\"\",\"pageclass_sfx\":\"\",\"menu-meta_description\":\"\",\"robots\":\"\"}',15,16,0,'*',0,NULL,NULL),
(107,'sistema-institucional','Instrumentos de Control ','instrumentos-de-control','','instrumentos-de-control','index.php?option=com_content&view=featured','component',1,1,1,19,NULL,NULL,0,1,' ',0,'{\"featured_categories\":[\"\"],\"layout_type\":\"blog\",\"num_leading_articles\":\"\",\"blog_class_leading\":\"\",\"num_intro_articles\":\"\",\"blog_class\":\"\",\"num_columns\":\"\",\"multi_column_order\":\"\",\"num_links\":\"\",\"link_intro_image\":\"\",\"orderby_pri\":\"\",\"orderby_sec\":\"\",\"order_date\":\"\",\"show_pagination\":\"\",\"show_pagination_results\":\"\",\"show_title\":\"\",\"link_titles\":\"\",\"show_intro\":\"\",\"info_block_position\":\"\",\"info_block_show_title\":\"\",\"show_category\":\"0\",\"link_category\":\"\",\"show_parent_category\":\"\",\"link_parent_category\":\"\",\"show_author\":\"0\",\"link_author\":\"\",\"show_create_date\":\"\",\"show_modify_date\":\"\",\"show_publish_date\":\"0\",\"show_item_navigation\":\"0\",\"show_readmore\":\"\",\"show_readmore_title\":\"\",\"show_hits\":\"0\",\"show_tags\":\"0\",\"show_noauth\":\"\",\"show_feed_link\":\"\",\"feed_summary\":\"\",\"menu-anchor_title\":\"\",\"menu-anchor_css\":\"\",\"menu_icon_css\":\"\",\"menu_image\":\"images\\/site\\/icons\\/archivos\\/Instrumentos_Control.svg#joomlaImage:\\/\\/local-images\\/site\\/icons\\/archivos\\/Instrumentos_Control.svg?width=150&height=150\",\"menu_image_css\":\"\",\"menu_text\":1,\"menu_show\":1,\"page_title\":\"\",\"show_page_heading\":\"\",\"page_heading\":\"\",\"pageclass_sfx\":\"\",\"menu-meta_description\":\"\",\"robots\":\"\"}',13,14,0,'*',0,NULL,NULL),
(108,'sistema-institucional','Instrumentos de designación de los Integrantes del Sistema Institucional de Archivos ','instrumentos-de-designacion-de-los-integrantes-del-sistema-institucional-de-archivos','','instrumentos-de-designacion-de-los-integrantes-del-sistema-institucional-de-archivos','index.php?option=com_content&view=featured','component',1,1,1,19,NULL,NULL,0,1,' ',0,'{\"featured_categories\":[\"\"],\"layout_type\":\"blog\",\"num_leading_articles\":\"\",\"blog_class_leading\":\"\",\"num_intro_articles\":\"\",\"blog_class\":\"\",\"num_columns\":\"\",\"multi_column_order\":\"\",\"num_links\":\"\",\"link_intro_image\":\"\",\"orderby_pri\":\"\",\"orderby_sec\":\"\",\"order_date\":\"\",\"show_pagination\":\"\",\"show_pagination_results\":\"\",\"show_title\":\"\",\"link_titles\":\"\",\"show_intro\":\"\",\"info_block_position\":\"\",\"info_block_show_title\":\"\",\"show_category\":\"0\",\"link_category\":\"\",\"show_parent_category\":\"\",\"link_parent_category\":\"\",\"show_author\":\"0\",\"link_author\":\"\",\"show_create_date\":\"\",\"show_modify_date\":\"\",\"show_publish_date\":\"0\",\"show_item_navigation\":\"0\",\"show_readmore\":\"\",\"show_readmore_title\":\"\",\"show_hits\":\"0\",\"show_tags\":\"0\",\"show_noauth\":\"\",\"show_feed_link\":\"\",\"feed_summary\":\"\",\"menu-anchor_title\":\"\",\"menu-anchor_css\":\"\",\"menu_icon_css\":\"\",\"menu_image\":\"images\\/site\\/icons\\/archivos\\/Instrumentos_Designaci\\u00f3n.svg#joomlaImage:\\/\\/local-images\\/site\\/icons\\/archivos\\/Instrumentos_Designaci\\u00f3n.svg?width=150&height=150\",\"menu_image_css\":\"\",\"menu_text\":1,\"menu_show\":1,\"page_title\":\"\",\"show_page_heading\":\"\",\"page_heading\":\"\",\"pageclass_sfx\":\"\",\"menu-meta_description\":\"\",\"robots\":\"\"}',11,12,0,'*',0,NULL,NULL),
(109,'informacion-para-ti','Asesoría jurídica y psicológica','asesoria-juridica-y-psicologica','','asesoria-juridica-y-psicologica','index.php?option=com_content&view=article&id=8','component',1,1,1,19,NULL,NULL,0,1,' ',0,'{\"show_title\":\"\",\"link_titles\":\"\",\"show_intro\":\"\",\"info_block_position\":\"\",\"info_block_show_title\":\"\",\"show_category\":\"0\",\"link_category\":\"\",\"show_parent_category\":\"\",\"link_parent_category\":\"\",\"show_author\":\"0\",\"link_author\":\"\",\"show_create_date\":\"\",\"show_modify_date\":\"0\",\"show_publish_date\":\"0\",\"show_item_navigation\":\"0\",\"show_hits\":\"0\",\"show_tags\":\"0\",\"show_noauth\":\"\",\"urls_position\":\"\",\"menu-anchor_title\":\"\",\"menu-anchor_css\":\"\",\"menu_icon_css\":\"\",\"menu_image\":\"images\\/site\\/icons\\/cuadricula\\/PSICOLOGIA.svg#joomlaImage:\\/\\/local-images\\/site\\/icons\\/cuadricula\\/PSICOLOGIA.svg?width=150&height=150\",\"menu_image_css\":\"\",\"menu_text\":0,\"menu_show\":1,\"page_title\":\"\",\"show_page_heading\":\"\",\"page_heading\":\"\",\"pageclass_sfx\":\"\",\"menu-meta_description\":\"\",\"robots\":\"\"}',57,58,0,'*',0,NULL,NULL),
(110,'informacion-para-ti','Perspectiva de Género ','perspectiva-de-genero','','perspectiva-de-genero','index.php?option=com_content&view=featured','component',1,1,1,19,NULL,NULL,0,1,' ',0,'{\"layout_type\":\"blog\",\"num_leading_articles\":\"\",\"blog_class_leading\":\"\",\"num_intro_articles\":\"\",\"blog_class\":\"\",\"num_columns\":\"\",\"multi_column_order\":\"\",\"num_links\":\"\",\"link_intro_image\":\"\",\"orderby_pri\":\"\",\"orderby_sec\":\"\",\"order_date\":\"\",\"show_pagination\":\"\",\"show_pagination_results\":\"\",\"show_title\":\"\",\"link_titles\":\"\",\"show_intro\":\"\",\"info_block_position\":\"\",\"info_block_show_title\":\"\",\"show_category\":\"\",\"link_category\":\"\",\"show_parent_category\":\"\",\"link_parent_category\":\"\",\"show_author\":\"\",\"link_author\":\"\",\"show_create_date\":\"\",\"show_modify_date\":\"\",\"show_publish_date\":\"\",\"show_item_navigation\":\"\",\"show_readmore\":\"\",\"show_readmore_title\":\"\",\"show_hits\":\"\",\"show_tags\":\"\",\"show_noauth\":\"\",\"show_feed_link\":\"\",\"feed_summary\":\"\",\"menu-anchor_title\":\"\",\"menu-anchor_css\":\"\",\"menu_icon_css\":\"\",\"menu_image\":\"images\\/site\\/icons\\/cuadricula\\/GENERO.svg#joomlaImage:\\/\\/local-images\\/site\\/icons\\/cuadricula\\/GENERO.svg?width=150&height=150\",\"menu_image_css\":\"\",\"menu_text\":0,\"menu_show\":1,\"page_title\":\"\",\"show_page_heading\":\"\",\"page_heading\":\"\",\"pageclass_sfx\":\"\",\"menu-meta_description\":\"\",\"robots\":\"\"}',59,60,0,'*',0,NULL,NULL),
(111,'informacion-para-ti','Violencia y Discriminación ','violencia-y-discriminacion','','violencia-y-discriminacion','index.php?option=com_content&view=featured','component',1,1,1,19,NULL,NULL,0,1,' ',0,'{\"layout_type\":\"blog\",\"num_leading_articles\":\"\",\"blog_class_leading\":\"\",\"num_intro_articles\":\"\",\"blog_class\":\"\",\"num_columns\":\"\",\"multi_column_order\":\"\",\"num_links\":\"\",\"link_intro_image\":\"\",\"orderby_pri\":\"\",\"orderby_sec\":\"\",\"order_date\":\"\",\"show_pagination\":\"\",\"show_pagination_results\":\"\",\"show_title\":\"\",\"link_titles\":\"\",\"show_intro\":\"\",\"info_block_position\":\"\",\"info_block_show_title\":\"\",\"show_category\":\"\",\"link_category\":\"\",\"show_parent_category\":\"\",\"link_parent_category\":\"\",\"show_author\":\"\",\"link_author\":\"\",\"show_create_date\":\"\",\"show_modify_date\":\"\",\"show_publish_date\":\"\",\"show_item_navigation\":\"\",\"show_readmore\":\"\",\"show_readmore_title\":\"\",\"show_hits\":\"\",\"show_tags\":\"\",\"show_noauth\":\"\",\"show_feed_link\":\"\",\"feed_summary\":\"\",\"menu-anchor_title\":\"\",\"menu-anchor_css\":\"\",\"menu_icon_css\":\"\",\"menu_image\":\"images\\/site\\/icons\\/cuadricula\\/DISCRIMINACION.svg#joomlaImage:\\/\\/local-images\\/site\\/icons\\/cuadricula\\/DISCRIMINACION.svg?width=150&height=150\",\"menu_image_css\":\"\",\"menu_text\":0,\"menu_show\":1,\"page_title\":\"\",\"show_page_heading\":\"\",\"page_heading\":\"\",\"pageclass_sfx\":\"\",\"menu-meta_description\":\"\",\"robots\":\"\"}',61,62,0,'*',0,NULL,NULL),
(112,'informacion-para-ti','FOBAM','fobam','','fobam','index.php?option=com_content&view=featured','component',1,1,1,19,NULL,NULL,0,1,' ',0,'{\"layout_type\":\"blog\",\"num_leading_articles\":\"\",\"blog_class_leading\":\"\",\"num_intro_articles\":\"\",\"blog_class\":\"\",\"num_columns\":\"\",\"multi_column_order\":\"\",\"num_links\":\"\",\"link_intro_image\":\"\",\"orderby_pri\":\"\",\"orderby_sec\":\"\",\"order_date\":\"\",\"show_pagination\":\"\",\"show_pagination_results\":\"\",\"show_title\":\"\",\"link_titles\":\"\",\"show_intro\":\"\",\"info_block_position\":\"\",\"info_block_show_title\":\"\",\"show_category\":\"\",\"link_category\":\"\",\"show_parent_category\":\"\",\"link_parent_category\":\"\",\"show_author\":\"\",\"link_author\":\"\",\"show_create_date\":\"\",\"show_modify_date\":\"\",\"show_publish_date\":\"\",\"show_item_navigation\":\"\",\"show_readmore\":\"\",\"show_readmore_title\":\"\",\"show_hits\":\"\",\"show_tags\":\"\",\"show_noauth\":\"\",\"show_feed_link\":\"\",\"feed_summary\":\"\",\"menu-anchor_title\":\"\",\"menu-anchor_css\":\"\",\"menu_icon_css\":\"\",\"menu_image\":\"images\\/site\\/icons\\/cuadricula\\/FOBAM.svg#joomlaImage:\\/\\/local-images\\/site\\/icons\\/cuadricula\\/FOBAM.svg?width=150&height=150\",\"menu_image_css\":\"\",\"menu_text\":0,\"menu_show\":1,\"page_title\":\"\",\"show_page_heading\":\"\",\"page_heading\":\"\",\"pageclass_sfx\":\"\",\"menu-meta_description\":\"\",\"robots\":\"\"}',63,64,0,'*',0,NULL,NULL),
(113,'informacion-para-ti','PAIMEF','paimef','','paimef','index.php?option=com_content&view=featured','component',1,1,1,19,NULL,NULL,0,1,' ',0,'{\"layout_type\":\"blog\",\"num_leading_articles\":\"\",\"blog_class_leading\":\"\",\"num_intro_articles\":\"\",\"blog_class\":\"\",\"num_columns\":\"\",\"multi_column_order\":\"\",\"num_links\":\"\",\"link_intro_image\":\"\",\"orderby_pri\":\"\",\"orderby_sec\":\"alpha\",\"order_date\":\"created\",\"show_pagination\":\"\",\"show_pagination_results\":\"\",\"show_title\":\"\",\"link_titles\":\"\",\"show_intro\":\"\",\"info_block_position\":\"\",\"info_block_show_title\":\"\",\"show_category\":\"\",\"link_category\":\"\",\"show_parent_category\":\"\",\"link_parent_category\":\"\",\"show_author\":\"\",\"link_author\":\"\",\"show_create_date\":\"\",\"show_modify_date\":\"\",\"show_publish_date\":\"\",\"show_item_navigation\":\"\",\"show_readmore\":\"\",\"show_readmore_title\":\"\",\"show_hits\":\"\",\"show_tags\":\"\",\"show_noauth\":\"\",\"show_feed_link\":\"\",\"feed_summary\":\"\",\"menu-anchor_title\":\"\",\"menu-anchor_css\":\"\",\"menu_icon_css\":\"\",\"menu_image\":\"images\\/site\\/icons\\/cuadricula\\/PAIMEF.svg#joomlaImage:\\/\\/local-images\\/site\\/icons\\/cuadricula\\/PAIMEF.svg?width=150&height=150\",\"menu_image_css\":\"\",\"menu_text\":0,\"menu_show\":1,\"page_title\":\"\",\"show_page_heading\":\"\",\"page_heading\":\"\",\"pageclass_sfx\":\"\",\"menu-meta_description\":\"\",\"robots\":\"\"}',65,66,0,'*',0,NULL,NULL),
(114,'informacion-para-ti','Eventos','eventos','','eventos','index.php?option=com_content&view=featured','component',1,1,1,19,NULL,NULL,0,1,' ',0,'{\"featured_categories\":[\"\"],\"layout_type\":\"blog\",\"num_leading_articles\":\"\",\"blog_class_leading\":\"\",\"num_intro_articles\":\"\",\"blog_class\":\"\",\"num_columns\":\"\",\"multi_column_order\":\"\",\"num_links\":\"\",\"link_intro_image\":\"\",\"orderby_pri\":\"\",\"orderby_sec\":\"\",\"order_date\":\"\",\"show_pagination\":\"\",\"show_pagination_results\":\"\",\"show_title\":\"\",\"link_titles\":\"\",\"show_intro\":\"\",\"info_block_position\":\"\",\"info_block_show_title\":\"\",\"show_category\":\"\",\"link_category\":\"\",\"show_parent_category\":\"\",\"link_parent_category\":\"\",\"show_author\":\"\",\"link_author\":\"\",\"show_create_date\":\"\",\"show_modify_date\":\"\",\"show_publish_date\":\"\",\"show_item_navigation\":\"\",\"show_readmore\":\"\",\"show_readmore_title\":\"\",\"show_hits\":\"\",\"show_tags\":\"\",\"show_noauth\":\"\",\"show_feed_link\":\"\",\"feed_summary\":\"\",\"menu-anchor_title\":\"\",\"menu-anchor_css\":\"\",\"menu_icon_css\":\"\",\"menu_image\":\"images\\/site\\/icons\\/cuadricula\\/EVENTOS.svg#joomlaImage:\\/\\/local-images\\/site\\/icons\\/cuadricula\\/EVENTOS.svg?width=150&height=150\",\"menu_image_css\":\"\",\"menu_text\":0,\"menu_show\":1,\"page_title\":\"\",\"show_page_heading\":\"\",\"page_heading\":\"\",\"pageclass_sfx\":\"\",\"menu-meta_description\":\"\",\"robots\":\"\"}',67,68,0,'*',0,NULL,NULL),
(115,'informacion-para-ti','Transparencia ','transparencia','','transparencia','index.php?option=com_content&view=featured','component',1,1,1,19,NULL,NULL,0,1,' ',0,'{\"layout_type\":\"blog\",\"num_leading_articles\":\"\",\"blog_class_leading\":\"\",\"num_intro_articles\":\"\",\"blog_class\":\"\",\"num_columns\":\"\",\"multi_column_order\":\"\",\"num_links\":\"\",\"link_intro_image\":\"\",\"orderby_pri\":\"\",\"orderby_sec\":\"\",\"order_date\":\"\",\"show_pagination\":\"\",\"show_pagination_results\":\"\",\"show_title\":\"\",\"link_titles\":\"\",\"show_intro\":\"\",\"info_block_position\":\"\",\"info_block_show_title\":\"\",\"show_category\":\"\",\"link_category\":\"\",\"show_parent_category\":\"\",\"link_parent_category\":\"\",\"show_author\":\"\",\"link_author\":\"\",\"show_create_date\":\"\",\"show_modify_date\":\"\",\"show_publish_date\":\"\",\"show_item_navigation\":\"\",\"show_readmore\":\"\",\"show_readmore_title\":\"\",\"show_hits\":\"\",\"show_tags\":\"\",\"show_noauth\":\"\",\"show_feed_link\":\"\",\"feed_summary\":\"\",\"menu-anchor_title\":\"\",\"menu-anchor_css\":\"\",\"menu_icon_css\":\"\",\"menu_image\":\"images\\/site\\/icons\\/cuadricula\\/TRANSPARENCIA.svg#joomlaImage:\\/\\/local-images\\/site\\/icons\\/cuadricula\\/TRANSPARENCIA.svg?width=150&height=150\",\"menu_image_css\":\"\",\"menu_text\":0,\"menu_show\":1,\"page_title\":\"\",\"show_page_heading\":\"\",\"page_heading\":\"\",\"pageclass_sfx\":\"\",\"menu-meta_description\":\"\",\"robots\":\"\"}',69,70,0,'*',0,NULL,NULL),
(117,'main','ChronoForms 8','chronoforms-8','','chronoforms-8','index.php?option=com_chronoforms8&view=main','component',1,1,1,251,NULL,NULL,0,1,'class:component',0,'{}',71,72,0,'',1,NULL,NULL),
(118,'mainmenu','No estás sola','no-estas-sola','','no-estas-sola','index.php?option=com_content&view=article&id=9','component',1,1,1,19,NULL,NULL,0,1,' ',0,'{\"show_title\":\"\",\"link_titles\":\"\",\"show_intro\":\"\",\"info_block_position\":\"\",\"info_block_show_title\":\"\",\"show_category\":\"0\",\"link_category\":\"\",\"show_parent_category\":\"\",\"link_parent_category\":\"\",\"show_author\":\"0\",\"link_author\":\"\",\"show_create_date\":\"\",\"show_modify_date\":\"\",\"show_publish_date\":\"0\",\"show_item_navigation\":\"0\",\"show_hits\":\"0\",\"show_tags\":\"0\",\"show_noauth\":\"\",\"urls_position\":\"\",\"menu-anchor_title\":\"\",\"menu-anchor_css\":\"\",\"menu_icon_css\":\"\",\"menu_image\":\"\",\"menu_image_css\":\"\",\"menu_text\":1,\"menu_show\":1,\"page_title\":\"\",\"show_page_heading\":\"\",\"page_heading\":\"\",\"pageclass_sfx\":\"\",\"menu-meta_description\":\"\",\"robots\":\"\"}',73,74,0,'*',0,NULL,NULL),
(119,'mainmenu','Antecedentes','antecedentes','','antecedentes','index.php?option=com_content&view=article&id=10','component',1,1,1,19,NULL,NULL,0,1,' ',0,'{\"show_title\":\"\",\"link_titles\":\"\",\"show_intro\":\"\",\"info_block_position\":\"\",\"info_block_show_title\":\"\",\"show_category\":\"0\",\"link_category\":\"\",\"show_parent_category\":\"\",\"link_parent_category\":\"\",\"show_author\":\"0\",\"link_author\":\"\",\"show_create_date\":\"\",\"show_modify_date\":\"\",\"show_publish_date\":\"0\",\"show_item_navigation\":\"0\",\"show_hits\":\"0\",\"show_tags\":\"0\",\"show_noauth\":\"\",\"urls_position\":\"\",\"menu-anchor_title\":\"\",\"menu-anchor_css\":\"\",\"menu_icon_css\":\"\",\"menu_image\":\"\",\"menu_image_css\":\"\",\"menu_text\":1,\"menu_show\":1,\"page_title\":\"\",\"show_page_heading\":\"\",\"page_heading\":\"\",\"pageclass_sfx\":\"\",\"menu-meta_description\":\"\",\"robots\":\"\"}',75,76,0,'*',0,NULL,NULL),
(120,'mainmenu','Trámites','tramites','','tramites','https://ventanilladigital.puebla.gob.mx/','url',1,1,1,0,NULL,NULL,1,1,' ',0,'{\"menu-anchor_title\":\"\",\"menu-anchor_css\":\"\",\"menu_icon_css\":\"\",\"menu-anchor_rel\":\"\",\"menu_image\":\"\",\"menu_image_css\":\"\",\"menu_text\":1,\"menu_show\":1}',77,78,0,'*',0,NULL,NULL),
(121,'mainmenu','SEPASEVM','sepasevm','','sepasevm','https://sepasevm.puebla.gob.mx/','url',1,1,1,0,NULL,NULL,1,1,' ',0,'{\"menu-anchor_title\":\"\",\"menu-anchor_css\":\"\",\"menu_icon_css\":\"\",\"menu-anchor_rel\":\"\",\"menu_image\":\"\",\"menu_image_css\":\"\",\"menu_text\":1,\"menu_show\":1}',79,80,0,'*',0,NULL,NULL),
(122,'mainmenu','Norma 25','norma-25','','norma-25','index.php?option=com_content&view=featured','component',1,1,1,19,NULL,NULL,0,1,' ',0,'{\"featured_categories\":[\"\"],\"layout_type\":\"blog\",\"num_leading_articles\":\"\",\"blog_class_leading\":\"\",\"num_intro_articles\":\"\",\"blog_class\":\"\",\"num_columns\":\"\",\"multi_column_order\":\"\",\"num_links\":\"\",\"link_intro_image\":\"\",\"orderby_pri\":\"\",\"orderby_sec\":\"\",\"order_date\":\"\",\"show_pagination\":\"\",\"show_pagination_results\":\"\",\"show_title\":\"\",\"link_titles\":\"\",\"show_intro\":\"\",\"info_block_position\":\"\",\"info_block_show_title\":\"\",\"show_category\":\"\",\"link_category\":\"\",\"show_parent_category\":\"\",\"link_parent_category\":\"\",\"show_author\":\"\",\"link_author\":\"\",\"show_create_date\":\"\",\"show_modify_date\":\"\",\"show_publish_date\":\"\",\"show_item_navigation\":\"\",\"show_readmore\":\"\",\"show_readmore_title\":\"\",\"show_hits\":\"\",\"show_tags\":\"\",\"show_noauth\":\"\",\"show_feed_link\":\"\",\"feed_summary\":\"\",\"menu-anchor_title\":\"\",\"menu-anchor_css\":\"\",\"menu_icon_css\":\"\",\"menu_image\":\"\",\"menu_image_css\":\"\",\"menu_text\":1,\"menu_show\":1,\"page_title\":\"\",\"show_page_heading\":\"\",\"page_heading\":\"\",\"pageclass_sfx\":\"\",\"menu-meta_description\":\"\",\"robots\":\"\"}',81,82,0,'*',0,NULL,NULL);

--
-- Table structure for table `l829c_menu_types`
--

CREATE TABLE `l829c_menu_types` (
  `id` int(10) unsigned NOT NULL AUTO_INCREMENT,
  `asset_id` int(10) unsigned NOT NULL DEFAULT 0,
  `menutype` varchar(24) NOT NULL,
  `title` varchar(48) NOT NULL,
  `description` varchar(255) NOT NULL DEFAULT '',
  `client_id` int(11) NOT NULL DEFAULT 0,
  `ordering` int(11) NOT NULL DEFAULT 0,
  PRIMARY KEY (`id`),
  UNIQUE KEY `idx_menutype` (`menutype`)
) ENGINE=InnoDB AUTO_INCREMENT=4 DEFAULT CHARSET=utf8mb4 COLLATE=utf8mb4_unicode_ci;

--
-- Dumping data for table `l829c_menu_types`
--

INSERT INTO `l829c_menu_types` VALUES
(1,0,'mainmenu','Main Menu','The main menu for the site',0,1),
(2,102,'sistema-institucional','Sistema Institucional','Archivos ',0,0),
(3,118,'informacion-para-ti','Información para ti','Cuadricula Principal ',0,0);

--
-- Table structure for table `l829c_messages`
--

CREATE TABLE `l829c_messages` (
  `message_id` int(10) unsigned NOT NULL AUTO_INCREMENT,
  `user_id_from` int(10) unsigned NOT NULL DEFAULT 0,
  `user_id_to` int(10) unsigned NOT NULL DEFAULT 0,
  `folder_id` tinyint(3) unsigned NOT NULL DEFAULT 0,
  `date_time` datetime NOT NULL,
  `state` tinyint(4) NOT NULL DEFAULT 0,
  `priority` tinyint(3) unsigned NOT NULL DEFAULT 0,
  `subject` varchar(255) NOT NULL DEFAULT '',
  `message` text NOT NULL,
  PRIMARY KEY (`message_id`),
  KEY `useridto_state` (`user_id_to`,`state`)
) ENGINE=InnoDB DEFAULT CHARSET=utf8mb4 COLLATE=utf8mb4_unicode_ci;

--
-- Dumping data for table `l829c_messages`
--


--
-- Table structure for table `l829c_messages_cfg`
--

CREATE TABLE `l829c_messages_cfg` (
  `user_id` int(10) unsigned NOT NULL DEFAULT 0,
  `cfg_name` varchar(100) NOT NULL DEFAULT '',
  `cfg_value` varchar(255) NOT NULL DEFAULT '',
  UNIQUE KEY `idx_user_var_name` (`user_id`,`cfg_name`)
) ENGINE=InnoDB DEFAULT CHARSET=utf8mb4 COLLATE=utf8mb4_unicode_ci;

--
-- Dumping data for table `l829c_messages_cfg`
--


--
-- Table structure for table `l829c_modules`
--

CREATE TABLE `l829c_modules` (
  `id` int(11) NOT NULL AUTO_INCREMENT,
  `asset_id` int(10) unsigned NOT NULL DEFAULT 0 COMMENT 'FK to the #__assets table.',
  `title` varchar(100) NOT NULL DEFAULT '',
  `note` varchar(255) NOT NULL DEFAULT '',
  `content` text DEFAULT NULL,
  `ordering` int(11) NOT NULL DEFAULT 0,
  `position` varchar(50) NOT NULL DEFAULT '',
  `checked_out` int(10) unsigned DEFAULT NULL,
  `checked_out_time` datetime DEFAULT NULL,
  `publish_up` datetime DEFAULT NULL,
  `publish_down` datetime DEFAULT NULL,
  `published` tinyint(4) NOT NULL DEFAULT 0,
  `module` varchar(50) DEFAULT NULL,
  `access` int(10) unsigned NOT NULL DEFAULT 0,
  `showtitle` tinyint(3) unsigned NOT NULL DEFAULT 1,
  `params` text NOT NULL,
  `client_id` tinyint(4) NOT NULL DEFAULT 0,
  `language` char(7) NOT NULL,
  PRIMARY KEY (`id`),
  KEY `published` (`published`,`access`),
  KEY `newsfeeds` (`module`,`published`),
  KEY `idx_language` (`language`)
) ENGINE=InnoDB AUTO_INCREMENT=132 DEFAULT CHARSET=utf8mb4 COLLATE=utf8mb4_unicode_ci;

--
-- Dumping data for table `l829c_modules`
--

INSERT INTO `l829c_modules` VALUES
(1,39,'Main Menu','Menú Principal','',1,'menu',NULL,NULL,'2025-05-26 18:09:09',NULL,1,'mod_menu',1,1,'{\"menutype\":\"mainmenu\",\"base\":\"\",\"startLevel\":1,\"endLevel\":0,\"showAllChildren\":1,\"tag_id\":\"\",\"class_sfx\":\"\",\"window_open\":\"\",\"layout\":\"_:default\",\"moduleclass_sfx\":\"\",\"cache\":1,\"cache_time\":900,\"cachemode\":\"itemid\",\"module_tag\":\"div\",\"bootstrap_size\":\"0\",\"header_tag\":\"h3\",\"header_class\":\"\",\"style\":\"0\"}',0,'*'),
(2,40,'Login','','',1,'login',NULL,NULL,NULL,NULL,1,'mod_login',1,1,'',1,'*'),
(3,41,'Popular Articles','','',6,'cpanel',NULL,NULL,NULL,NULL,1,'mod_popular',3,1,'{\"count\":\"5\",\"catid\":\"\",\"user_id\":\"0\",\"layout\":\"_:default\",\"moduleclass_sfx\":\"\",\"cache\":\"0\", \"bootstrap_size\": \"12\",\"header_tag\":\"h2\"}',1,'*'),
(4,42,'Recently Added Articles','','',4,'cpanel',NULL,NULL,NULL,NULL,1,'mod_latest',3,1,'{\"count\":\"5\",\"ordering\":\"c_dsc\",\"catid\":\"\",\"user_id\":\"0\",\"layout\":\"_:default\",\"moduleclass_sfx\":\"\",\"cache\":\"0\", \"bootstrap_size\": \"12\",\"header_tag\":\"h2\"}',1,'*'),
(8,43,'Toolbar','','',1,'toolbar',NULL,NULL,NULL,NULL,1,'mod_toolbar',3,1,'',1,'*'),
(9,44,'Notifications','','',3,'icon',NULL,NULL,NULL,NULL,1,'mod_quickicon',3,1,'{\"context\":\"update_quickicon\",\"header_icon\":\"icon-sync\",\"show_jupdate\":\"1\",\"show_eupdate\":\"1\",\"show_oupdate\":\"1\",\"show_privacy\":\"1\",\"layout\":\"_:default\",\"moduleclass_sfx\":\"\",\"cache\":1,\"cache_time\":900,\"style\":\"0\",\"module_tag\":\"div\",\"bootstrap_size\":\"12\",\"header_tag\":\"h2\",\"header_class\":\"\"}',1,'*'),
(10,45,'Logged-in Users','','',2,'cpanel',NULL,NULL,NULL,NULL,1,'mod_logged',3,1,'{\"count\":\"5\",\"name\":\"1\",\"layout\":\"_:default\",\"moduleclass_sfx\":\"\",\"cache\":\"0\", \"bootstrap_size\": \"12\",\"header_tag\":\"h2\"}',1,'*'),
(12,46,'Admin Menu','','',1,'menu',NULL,NULL,NULL,NULL,1,'mod_menu',3,1,'{\"layout\":\"\",\"moduleclass_sfx\":\"\",\"shownew\":\"1\",\"showhelp\":\"1\",\"cache\":\"0\"}',1,'*'),
(15,49,'Title','','',1,'title',NULL,NULL,NULL,NULL,1,'mod_title',3,1,'',1,'*'),
(16,50,'Login Form','','',7,'sidebar-right',NULL,NULL,NULL,NULL,0,'mod_login',1,1,'{\"greeting\":\"1\",\"name\":\"0\"}',0,'*'),
(17,51,'Breadcrumbs','','',1,'breadcrumbs',NULL,NULL,NULL,NULL,0,'mod_breadcrumbs',1,1,'{\"moduleclass_sfx\":\"\",\"showHome\":\"1\",\"homeText\":\"\",\"showComponent\":\"1\",\"separator\":\"\",\"cache\":\"0\",\"cache_time\":\"0\",\"cachemode\":\"itemid\"}',0,'*'),
(79,52,'Multilanguage status','','',2,'status',NULL,NULL,NULL,NULL,1,'mod_multilangstatus',3,1,'{\"layout\":\"_:default\",\"moduleclass_sfx\":\"\",\"cache\":\"0\"}',1,'*'),
(86,53,'Joomla Version','','',1,'status',NULL,NULL,NULL,NULL,1,'mod_version',3,1,'{\"layout\":\"_:default\",\"moduleclass_sfx\":\"\",\"cache\":\"0\"}',1,'*'),
(87,55,'Sample Data','','',1,'cpanel',NULL,NULL,NULL,NULL,1,'mod_sampledata',6,1,'{\"bootstrap_size\": \"12\",\"header_tag\":\"h2\"}',1,'*'),
(88,67,'Latest Actions','','',3,'cpanel',NULL,NULL,NULL,NULL,1,'mod_latestactions',6,1,'{\"bootstrap_size\": \"12\",\"header_tag\":\"h2\"}',1,'*'),
(89,68,'Privacy Dashboard','','',5,'cpanel',NULL,NULL,NULL,NULL,1,'mod_privacy_dashboard',6,1,'{\"bootstrap_size\": \"12\",\"header_tag\":\"h2\"}',1,'*'),
(90,89,'Login Support','','',1,'sidebar',NULL,NULL,NULL,NULL,1,'mod_loginsupport',1,1,'{\"forum_url\":\"https://forum.joomla.org/\",\"documentation_url\":\"https://docs.joomla.org/\",\"news_url\":\"https://www.joomla.org/announcements.html\",\"automatic_title\":1,\"prepare_content\":1,\"layout\":\"_:default\",\"moduleclass_sfx\":\"\",\"cache\":1,\"cache_time\":900,\"module_tag\":\"div\",\"bootstrap_size\":\"0\",\"header_tag\":\"h3\",\"header_class\":\"\",\"style\":\"0\"}',1,'*'),
(91,72,'System Dashboard','','',1,'cpanel-system',NULL,NULL,NULL,NULL,1,'mod_submenu',1,0,'{\"menutype\":\"*\",\"preset\":\"system\",\"layout\":\"_:default\",\"moduleclass_sfx\":\"\",\"module_tag\":\"div\",\"bootstrap_size\":\"12\",\"header_tag\":\"h2\",\"header_class\":\"\",\"style\":\"System-none\"}',1,'*'),
(92,73,'Content Dashboard','','',1,'cpanel-content',NULL,NULL,NULL,NULL,1,'mod_submenu',1,0,'{\"menutype\":\"*\",\"preset\":\"content\",\"layout\":\"_:default\",\"moduleclass_sfx\":\"\",\"module_tag\":\"div\",\"bootstrap_size\":\"12\",\"header_tag\":\"h2\",\"header_class\":\"\",\"style\":\"System-none\"}',1,'*'),
(93,74,'Menus Dashboard','','',1,'cpanel-menus',NULL,NULL,NULL,NULL,1,'mod_submenu',1,0,'{\"menutype\":\"*\",\"preset\":\"menus\",\"layout\":\"_:default\",\"moduleclass_sfx\":\"\",\"module_tag\":\"div\",\"bootstrap_size\":\"12\",\"header_tag\":\"h2\",\"header_class\":\"\",\"style\":\"System-none\"}',1,'*'),
(94,75,'Components Dashboard','','',1,'cpanel-components',NULL,NULL,NULL,NULL,1,'mod_submenu',1,0,'{\"menutype\":\"*\",\"preset\":\"components\",\"layout\":\"_:default\",\"moduleclass_sfx\":\"\",\"module_tag\":\"div\",\"bootstrap_size\":\"12\",\"header_tag\":\"h2\",\"header_class\":\"\",\"style\":\"System-none\"}',1,'*'),
(95,76,'Users Dashboard','','',1,'cpanel-users',NULL,NULL,NULL,NULL,1,'mod_submenu',1,0,'{\"menutype\":\"*\",\"preset\":\"users\",\"layout\":\"_:default\",\"moduleclass_sfx\":\"\",\"module_tag\":\"div\",\"bootstrap_size\":\"12\",\"header_tag\":\"h2\",\"header_class\":\"\",\"style\":\"System-none\"}',1,'*'),
(96,86,'Popular Articles','','',3,'cpanel-content',NULL,NULL,NULL,NULL,1,'mod_popular',3,1,'{\"count\":\"5\",\"catid\":\"\",\"user_id\":\"0\",\"layout\":\"_:default\",\"moduleclass_sfx\":\"\",\"cache\":\"0\", \"bootstrap_size\": \"12\",\"header_tag\":\"h2\"}',1,'*'),
(97,87,'Recently Added Articles','','',4,'cpanel-content',NULL,NULL,NULL,NULL,1,'mod_latest',3,1,'{\"count\":\"5\",\"ordering\":\"c_dsc\",\"catid\":\"\",\"user_id\":\"0\",\"layout\":\"_:default\",\"moduleclass_sfx\":\"\",\"cache\":\"0\", \"bootstrap_size\": \"12\",\"header_tag\":\"h2\"}',1,'*'),
(98,88,'Logged-in Users','','',2,'cpanel-users',NULL,NULL,NULL,NULL,1,'mod_logged',3,1,'{\"count\":\"5\",\"name\":\"1\",\"layout\":\"_:default\",\"moduleclass_sfx\":\"\",\"cache\":\"0\", \"bootstrap_size\": \"12\",\"header_tag\":\"h2\"}',1,'*'),
(99,77,'Frontend Link','','',5,'status',NULL,NULL,NULL,NULL,1,'mod_frontend',1,1,'',1,'*'),
(100,78,'Messages','','',4,'status',NULL,NULL,NULL,NULL,1,'mod_messages',3,1,'',1,'*'),
(101,79,'Post Install Messages','','',3,'status',NULL,NULL,NULL,NULL,1,'mod_post_installation_messages',3,1,'',1,'*'),
(102,80,'User Status','','',6,'status',NULL,NULL,NULL,NULL,1,'mod_user',3,1,'',1,'*'),
(103,70,'Site','','',1,'icon',NULL,NULL,NULL,NULL,1,'mod_quickicon',1,1,'{\"context\":\"site_quickicon\",\"header_icon\":\"icon-desktop\",\"show_users\":\"1\",\"show_articles\":\"1\",\"show_categories\":\"1\",\"show_media\":\"1\",\"show_menuItems\":\"1\",\"show_modules\":\"1\",\"show_plugins\":\"1\",\"show_templates\":\"1\",\"layout\":\"_:default\",\"moduleclass_sfx\":\"\",\"cache\":1,\"cache_time\":900,\"style\":\"0\",\"module_tag\":\"div\",\"bootstrap_size\":\"12\",\"header_tag\":\"h2\",\"header_class\":\"\"}',1,'*'),
(104,71,'System','','',2,'icon',NULL,NULL,NULL,NULL,1,'mod_quickicon',1,1,'{\"context\":\"system_quickicon\",\"header_icon\":\"icon-wrench\",\"show_global\":\"1\",\"show_checkin\":\"1\",\"show_cache\":\"1\",\"layout\":\"_:default\",\"moduleclass_sfx\":\"\",\"cache\":1,\"cache_time\":900,\"style\":\"0\",\"module_tag\":\"div\",\"bootstrap_size\":\"12\",\"header_tag\":\"h2\",\"header_class\":\"\"}',1,'*'),
(105,82,'3rd Party','','',4,'icon',NULL,NULL,NULL,NULL,1,'mod_quickicon',1,1,'{\"context\":\"mod_quickicon\",\"header_icon\":\"icon-boxes\",\"load_plugins\":\"1\",\"layout\":\"_:default\",\"moduleclass_sfx\":\"\",\"cache\":1,\"cache_time\":900,\"style\":\"0\",\"module_tag\":\"div\",\"bootstrap_size\":\"12\",\"header_tag\":\"h2\",\"header_class\":\"\"}',1,'*'),
(106,83,'Help Dashboard','','',1,'cpanel-help',NULL,NULL,NULL,NULL,1,'mod_submenu',1,0,'{\"menutype\":\"*\",\"preset\":\"help\",\"layout\":\"_:default\",\"moduleclass_sfx\":\"\",\"style\":\"System-none\",\"module_tag\":\"div\",\"bootstrap_size\":\"12\",\"header_tag\":\"h2\",\"header_class\":\"\"}',1,'*'),
(107,84,'Privacy Requests','','',1,'cpanel-privacy',NULL,NULL,NULL,NULL,1,'mod_privacy_dashboard',1,1,'{\"layout\":\"_:default\",\"moduleclass_sfx\":\"\",\"cache\":1,\"cache_time\":900,\"cachemode\":\"static\",\"style\":\"0\",\"module_tag\":\"div\",\"bootstrap_size\":\"12\",\"header_tag\":\"h2\",\"header_class\":\"\"}',1,'*'),
(108,85,'Privacy Status','','',1,'cpanel-privacy',NULL,NULL,NULL,NULL,1,'mod_privacy_status',1,1,'{\"layout\":\"_:default\",\"moduleclass_sfx\":\"\",\"cache\":1,\"cache_time\":900,\"cachemode\":\"static\",\"style\":\"0\",\"module_tag\":\"div\",\"bootstrap_size\":\"12\",\"header_tag\":\"h2\",\"header_class\":\"\"}',1,'*'),
(109,96,'Guided Tours','','',1,'status',NULL,NULL,NULL,NULL,1,'mod_guidedtours',1,1,'',1,'*'),
(110,101,'Quiénes somos','','<div class=\"container uk-text-justify\">\r\n<h3 class=\"uk-text-center\">Quiénes somos</h3>\r\n<p>La Secretaría de Igualdad Sustantiva (SIS) es una Secretaría de nueva creación que forma parte de las 17 Secretarías del gobierno del estado de Puebla.</p>\r\n  \r\n<p>Esta Secretaría funge como el Mecanismo de Adelanto para las Mujeres (MAM) en el estado y a través de ella se busca promover que las mujeres, niñas y adolescentes poblanas cuenten con políticas públicas y programas para la igualdad, que combatan la discriminación y violencia, y que permitan el pleno goce y ejercicio de sus derechos humanos; buscando así, hacer de Puebla un estado incluyente y con menos brechas de desigualdad entre mujeres y hombres.</p>\r\n\r\n<p>Puedes conocer más sobre las funciones, atribuciones y quehacer de la Secretaría de Igualdad Sustantiva <a href=\"https://puebla.gob.mx/images/dependencias/s-igualdad.pdf\" target=\"_blank\" rel=\"noopener noreferrer\" class=\"__web-inspector-hide-shortcut__\">aquí</a>.</p>\r\n\r\n<p>Asimismo, esta dependencia tiene como función proponer al Gobernador políticas generales, programas, estrategias y acciones públicas en materia de derechos prestacionales y humanos, para alcanzar la plena igualdad material de los grupos en situación de vulnerabilidad, construir una sociedad más justa y solidaria y eliminar prácticas discriminatorias por cuestión de género, edad, identidad, expresión y orientación sexo-afectiva, origen étnico y condición de discapacidad, de conformidad con los tratados internacionales de derechos humanos y la legislación nacional y estatal en estas materias.</p>\r\n</div>\r\n\r\n<!--<img class=\"uk-align-center\" src=\"images/site/icons/archivos/document.svg\" loading=\"lazy\" width=\"150\" height=\"150\" data-path=\"local-images:/site/icons/archivos/document.svg\"/>-->\r\n<div class=\"container uk-text-justify\">\r\n<h3 class=\"uk-text-center\">Sistema Institucional de Archivos</h3>\r\n<p>El Sistema Institucional de Archivos de la Secretaría de Igualdad Sustantiva, conforme a lo dispuesto en la Ley de Archivos del Estado de Puebla, es una estructura integral y organizada destinada a la producción, registro, conservación y gestión eficiente de la documentación generada por la dependencia. Este sistema asegura que todos los documentos sean administrados de acuerdo con los principios archivísticos y normativas vigentes, garantizando su integridad, accesibilidad y protección a lo largo del tiempo, así como la adecuada transferencia y disposición final de los mismos, promoviendo la transparencia y el acceso a la información pública.</p>\r\n</div>',1,'above-top',NULL,NULL,NULL,NULL,1,'mod_custom',1,1,'{\"prepare_content\":0,\"backgroundimage\":\"\",\"layout\":\"_:default\",\"moduleclass_sfx\":\"\",\"cache\":1,\"cache_time\":900,\"cachemode\":\"static\",\"module_tag\":\"div\",\"bootstrap_size\":\"0\",\"header_tag\":\"h3\",\"header_class\":\"\",\"style\":\"0\"}',0,'*'),
(111,109,'Escudo, Ubicación','Footer Escudo','<div class=\"Uk-container uk-padding escudo\">\r\n<img src=\"templates/puebla/images/footer/Escudo_pie.svg\" />\r\n</div>\r\n\r\n\r\n\r\n <!-- <a href=\"#\" class=\"\">-->\r\n    <div class=\"image-hover\">\r\n      <img src=\"templates/puebla/images/footer/icon_911.svg\" class=\"image-1\">\r\n      <img src=\"templates/puebla/images/footer/icon_911_hover.svg\" class=\"image-2\">\r\n      </div>\r\n <!-- </a>-->\r\n\r\n<style>\r\n.escudo img{\r\n  width:360px;\r\n  height:auto;\r\n}\r\n  \r\n.image-hover {\r\n    display: block;\r\n    position: relative;\r\n    width: auto; \r\n    height: 80px;\r\n  overflow:hidden;\r\n}\r\n\r\n.image-hover:hover {\r\n  /*  box-shadow: 0 8px 16px rgba(0, 0, 0, 0.4);*/\r\n}\r\n\r\n.image-hover img {\r\n    display: block;\r\n    width: 100%; \r\n    height: 100%; \r\n    position: absolute; \r\n    top: 0;\r\n    left: 0;\r\n    transition: opacity 0.3s ease; \r\n /*  box-shadow: 0 4px 8px rgba(0, 0, 0, 0.2);\r\n  overflow:hidden;*/\r\n}\r\n\r\n.image-hover .image-1 {\r\n    opacity: 1; \r\n}\r\n\r\n.image-hover .image-2 {\r\n    opacity: 0;\r\n}\r\n\r\n.image-hover:hover .image-1 {\r\n    opacity: 0; \r\n}\r\n\r\n.image-hover:hover .image-2 {\r\n    opacity: 1;\r\n}\r\n\r\n</style>\r\n  ',1,'footer-left',NULL,NULL,NULL,NULL,1,'mod_custom',1,1,'{\"prepare_content\":0,\"backgroundimage\":\"\",\"layout\":\"_:default\",\"moduleclass_sfx\":\"\",\"cache\":1,\"cache_time\":900,\"cachemode\":\"static\",\"module_tag\":\"div\",\"bootstrap_size\":\"0\",\"header_tag\":\"h3\",\"header_class\":\"\",\"style\":\"0\"}',0,'*'),
(112,110,'Ligas de interés','Footer Ligas','<ul class=\"uk-list\">\r\n<li class=\"Te_Recomendamos\" tabindex=\"0\"><a href=\"https://planeader.puebla.gob.mx/\" target=\"_blank\">PLAN ESTATAL DE DESARROLLO</a></li>\r\n<li class=\"Te_Recomendamos\" tabindex=\"0\"><a href=\"https://www.heforshe.org/es\" target=\"_blank\">MOVIMIENTO #HEFORSHEL</a></li>\r\n<li class=\"Te_Recomendamos\" tabindex=\"0\"><a href=\"https://www.gob.mx/empleo\" target=\"_blank\">PORTAL DEL EMPLEO</a></li>\r\n<li class=\"Te_Recomendamos\" tabindex=\"0\"><a href=\"https://www.unwomen.org/es\" target=\"_blank\">ONU MUJERES</a></li>\r\n<li class=\"Te_Recomendamos\" tabindex=\"0\"><a href=\"https://www.gob.mx/presidencia\" target=\"_blank\">PRESIDENCIA DE LA REPÚBLICA</a></li>\r\n<li class=\"Te_Recomendamos\" tabindex=\"0\"><a href=\"https://www.gob.mx/mujeres\" target=\"_blank\">MUJERES TRANSFORMANDO MÉXICO</a></li>\r\n<li class=\"Te_Recomendamos\" tabindex=\"0\"><a href=\"https://casino-online-mexico.mx/\" target=\"_blank\">INFOMEX</a></li>	\r\n</ul>\r\n\r\n<Style>\r\n\r\n.Te_Recomendamos a, \r\n.Te_Recomendamos a:hover, \r\n.Te_Recomendamos a:visited, \r\n.Te_Recomendamos a:focus {\r\n  color: #fffbef;\r\n  font-size: 14pt;\r\n  /*font-weight: 500;*/\r\n  line-height: 1.8;\r\n}\r\n</Style>',1,'footer-right',NULL,NULL,NULL,NULL,1,'mod_custom',1,1,'{\"prepare_content\":0,\"backgroundimage\":\"\",\"layout\":\"_:default\",\"moduleclass_sfx\":\"\",\"cache\":1,\"cache_time\":900,\"cachemode\":\"static\",\"module_tag\":\"div\",\"bootstrap_size\":\"0\",\"header_tag\":\"h3\",\"header_class\":\"\",\"style\":\"0\"}',0,'*'),
(113,111,'Copyright','Copyright','<img src=\"templates/puebla/images/footer/copyright.svg\" class=\"cop\" style=\"width:1400px; height:auto; background:#5f1b2d;\"/>\r\n\r\n<style>\r\n.Copry{\r\n  font-size: 18pt;\r\n  padding-bottom:50px!important;\r\n  background-color:white;\r\n  letter-spacing: 6px; \r\n  color:#bbbbbb;\r\n  margin-top:0px;\r\n  }\r\n.bgc-white{ background-color:white;}\r\n</style>\r\n',1,'copyright',NULL,NULL,NULL,NULL,1,'mod_custom',1,1,'{\"prepare_content\":0,\"backgroundimage\":\"\",\"layout\":\"_:default\",\"moduleclass_sfx\":\"\",\"cache\":1,\"cache_time\":900,\"cachemode\":\"static\",\"module_tag\":\"div\",\"bootstrap_size\":\"0\",\"header_tag\":\"h3\",\"header_class\":\"\",\"style\":\"0\"}',0,'*'),
(114,112,'Transparencia ','Ligas Transparencia',' <div class=\"uk-container \">\r\n  <div uk-grid>\r\n    <div class=\"uk-width-1-3@l uk-width-1-3@m uk-width-1-1@s uk-width-1-1@xs\">\r\n         <h2 class=\"text-2024 uk-margin-remove\" tabindex=\"0\">TRANSPARENCIA</h2>\r\n    </div>\r\n    <div class=\"uk-width-1-3@l uk-width-1-3@m uk-width-1-2@s uk-width-1-2@xs grayScale-2024\">\r\n      <div class=\"uk-width-3-4 uk-width-1@l uk-margin-auto\">\r\n        <a href=\"https://www.plataformadetransparencia.org.mx/web/guest/inicio\" title=\"Plataforma nacional de transparencia\" target=\"_blank\">\r\n          <img src=\"templates/puebla/images/transparencia/transparencia.png\"  width=\"80%\" alt=\"Plataforma nacional de transparencia\">\r\n        </a>\r\n      </div>\r\n    </div>\r\n    <div class=\"uk-width-1-3@l uk-width-1-3@m uk-width-1-2@s uk-width-1-2@xs grayScale-2024\">\r\n      <div class=\"uk-width-3-4 uk-width-1@l uk-margin-auto\">\r\n       <a href=\"http://consultapublicamx.inai.org.mx:8080/vut-web/?idSujetoObigadoParametro=23017&amp;idEntidadParametro=21&amp;idSectorParametro=21\" title=\"Consulta nuestras obligaciones de transparencia\" target=\"_blank\">\r\n          <img src=\"templates/puebla/images/transparencia/consulta.png\"  width=\"80%\" alt=\"Consulta nuestras obligaciones de transparencia\">\r\n        </a>\r\n      </div>\r\n    </div>\r\n  </div>\r\n</div>\r\n\r\n\r\n<style>\r\n.text-2024{\r\n   font-family: \'Corra Montserra\';\r\n   font-weight: 300; \r\n   font-size: 26pt;\r\n   color: #b2b2b1;\r\n}\r\n\r\n.grayScale-2024{\r\n   filter: grayscale(100%)!important;\r\n   opacity: 0.5!important;\r\n}\r\n</style>\r\n',1,'below-bottom',NULL,NULL,NULL,NULL,1,'mod_custom',1,1,'{\"prepare_content\":0,\"backgroundimage\":\"\",\"layout\":\"_:default\",\"moduleclass_sfx\":\"\",\"cache\":1,\"cache_time\":900,\"cachemode\":\"static\",\"module_tag\":\"div\",\"bootstrap_size\":\"0\",\"header_tag\":\"h3\",\"header_class\":\"\",\"style\":\"0\"}',0,'*'),
(115,113,'Main Menu Canvas','Canvas',NULL,1,'offcanvas',NULL,NULL,NULL,NULL,1,'mod_menu',1,1,'{\"menutype\":\"mainmenu\",\"base\":\"\",\"startLevel\":1,\"endLevel\":0,\"showAllChildren\":1,\"tag_id\":\"\",\"class_sfx\":\"\",\"window_open\":\"\",\"layout\":\"puebla:dst-offcanvas\",\"moduleclass_sfx\":\"\",\"cache\":1,\"cache_time\":900,\"cachemode\":\"itemid\",\"module_tag\":\"div\",\"bootstrap_size\":\"0\",\"header_tag\":\"h3\",\"header_class\":\"\",\"style\":\"0\"}',0,'*'),
(116,116,'Slider','',NULL,1,'slider',NULL,NULL,NULL,NULL,1,'mod_articles',1,1,'{\"mode\":\"normal\",\"show_on_article_page\":1,\"count\":5,\"category_filtering_type\":1,\"catid\":[8],\"show_child_category_articles\":0,\"levels\":1,\"exclude_current\":1,\"ex_or_include_articles\":0,\"excluded_articles\":[],\"included_articles\":[],\"title_only\":0,\"articles_layout\":0,\"layout_columns\":3,\"item_title\":1,\"item_heading\":\"h4\",\"link_titles\":1,\"show_author\":0,\"show_category\":0,\"show_category_link\":0,\"show_date\":0,\"show_date_field\":\"created\",\"show_date_format\":\"Y-m-d H:i:s\",\"show_hits\":0,\"info_layout\":0,\"show_tags\":0,\"trigger_events\":0,\"show_introtext\":0,\"introtext_limit\":100,\"image\":0,\"img_intro_full\":\"none\",\"show_readmore\":0,\"show_readmore_title\":1,\"readmore_limit\":15,\"show_featured\":\"show\",\"show_archived\":\"hide\",\"author_filtering_type\":1,\"author_alias_filtering_type\":1,\"date_filtering\":\"off\",\"date_field\":\"a.created\",\"start_date_range\":\"\",\"end_date_range\":\"\",\"relative_date\":30,\"article_ordering\":\"a.title\",\"article_ordering_direction\":\"ASC\",\"article_grouping\":\"none\",\"date_grouping_field\":\"created\",\"month_year_format\":\"F Y\",\"article_grouping_direction\":\"ksort\",\"layout\":\"_:slider\",\"moduleclass_sfx\":\"\",\"owncache\":1,\"cache_time\":900,\"module_tag\":\"div\",\"bootstrap_size\":\"0\",\"header_tag\":\"h3\",\"header_class\":\"\",\"style\":\"0\"}',0,'*'),
(117,117,'Contacto','Información de Contacto ','<div class=\" contour \">\r\n  <div class=\"uk-grid-match uk-margin-remove\" uk-grid>\r\n   \r\n    <div class=\"uk-width-auto@m uk-width-1-1@s\">\r\n      <div class=\"uk-text-center uk-flex uk-flex-center correo-container lin\">\r\n            <spam class=\"c-b2b2b2\">Contáctanos</spam>\r\n     </div>\r\n    </div>\r\n    \r\n     <div class=\"uk-width-1-4@m uk-width-1-1@s\">\r\n       <div class=\"uk-text-center uk-flex uk-flex-center telefono-container\">\r\n         <img class=\"image-telefono c-794141\" src=\"templates/puebla/images/icons/contact/icon_phone.svg\" alt=\"Telefono\">\r\n       <!--  <a href=\"tel:(222)\" class=\"c-b2b2b2 uk-text-bold\"> --->\r\n          <p  class=\"c-b2b2b2 uk-text-bold\">\r\n            (222)\r\n         </p> \r\n             <!--</a>-->\r\n       </div>\r\n    </div>\r\n    \r\n     <div class=\"uk-width-1-4@m uk-width-1-1@s\">\r\n       <div class=\"dire\">\r\n         <spam class=\"c-b2b2b2\">Puebla Pue. C.P. 72290\r\n         </spam>\r\n       </div>\r\n    </div>\r\n    \r\n      <div class=\"uk-width-auto@m uk-width-1-1@s\">\r\n       <div class=\"uk-text-center uk-flex uk-flex-center correo-container contac-email lin\">\r\n        <img class=\"image-correo\" src=\"templates/puebla/images/icons/contact/icon_mail.svg\">  \r\n        <!--<a href=\"mailto:sm@puebla.gob.mx\"  target=\"_blank\" tabindex=\"0\" aria-label=\"correo electronico\">-->\r\n            <spam class=\"c-b2b2b2\">sm@puebla.gob.mx</spam>\r\n        <!--</a>-->\r\n     </div>\r\n    </div>\r\n    \r\n  </div>\r\n</div>\r\n  \r\n\r\n\r\n<style>\r\n  .c-b2b2b2{\r\n    color: #b2b2b2;\r\n    font-size: 1.25rem;\r\n  }\r\n  \r\n.image-correo{\r\n  height: 35px;\r\n  filter: brightness(0) saturate(100%) invert(80%) sepia(3%) saturate(0%) hue-rotate(180deg);\r\n}\r\n  \r\n.image-telefono{\r\n  height: 40px;\r\n    filter: brightness(0) saturate(100%) invert(80%) sepia(3%) saturate(0%) hue-rotate(180deg);\r\n}\r\n\r\n.contour{\r\n  margin: 20px 0px 20px 0;\r\n  background-color:white;\r\n  color:#c2c2c2;\r\n  border-radius: 20px;\r\n  padding:12px;\r\n  z-index: 1;\r\n }\r\n\r\n\r\n .correo-container,\r\n .telefono-container {\r\n  display: flex;\r\n  align-items: center;\r\n  gap: 8px;  \r\n} \r\n  \r\n.lin a, \r\n.lin a:hover, \r\n.lin a:visited, \r\n.lin a:focus{\r\n  color: #c2c2c2;\r\n}\r\n\r\n.contac-email{\r\n  word-break: break-word;\r\n  }\r\n  \r\n@media only screen and (max-width:959px){\r\n .dire{\r\n  text-align:center;\r\n } \r\n  \r\n .correo-container,\r\n .telefono-container {\r\n    flex-direction: column;\r\n  }\r\n}\r\n</style>',1,'above-top',NULL,NULL,NULL,NULL,1,'mod_custom',1,1,'{\"prepare_content\":0,\"backgroundimage\":\"\",\"layout\":\"_:default\",\"moduleclass_sfx\":\"\",\"cache\":1,\"cache_time\":900,\"cachemode\":\"static\",\"module_tag\":\"div\",\"bootstrap_size\":\"0\",\"header_tag\":\"h3\",\"header_class\":\"\",\"style\":\"0\"}',0,'*'),
(118,120,'Información para ti','',NULL,1,'above-bottom',NULL,NULL,NULL,NULL,1,'mod_menu',1,1,'{\"menutype\":\"informacion-para-ti\",\"base\":\"\",\"startLevel\":1,\"endLevel\":0,\"showAllChildren\":1,\"tag_id\":\"\",\"class_sfx\":\"\",\"window_open\":\"\",\"layout\":\"puebla:dst-informacion\",\"moduleclass_sfx\":\"\",\"cache\":1,\"cache_time\":900,\"cachemode\":\"itemid\",\"module_tag\":\"div\",\"bootstrap_size\":\"0\",\"header_tag\":\"h3\",\"header_class\":\"\",\"style\":\"0\"}',0,'*'),
(119,121,'Sistema Institucional de Archivos','',NULL,1,'above-bottom',NULL,NULL,NULL,NULL,1,'mod_menu',1,1,'{\"menutype\":\"sistema-institucional\",\"base\":\"\",\"startLevel\":1,\"endLevel\":0,\"showAllChildren\":1,\"tag_id\":\"\",\"class_sfx\":\"\",\"window_open\":\"\",\"layout\":\"puebla:dst-treegrid\",\"moduleclass_sfx\":\"\",\"cache\":1,\"cache_time\":900,\"cachemode\":\"itemid\",\"module_tag\":\"div\",\"bootstrap_size\":\"0\",\"header_tag\":\"h3\",\"header_class\":\"\",\"style\":\"0\"}',0,'*'),
(120,122,'Semblanza','Información Secretario ','<div class=\"pa-40\">\r\n  <div class=\"uk-grid-match\" uk-grid>\r\n    <div class=\"uk-width-1-3@m uk-width-1-1@s uk-padding-remove\">\r\n      <img class=\"radios\" src=\"images/site/semblanza/VirginiaGonzalezMelgarejo.jpg\" alt=\"Foto Titular de Virginia González Melgarejo\">\r\n    </div>\r\n\r\n      <div class=\"uk-width-2-3@m uk-width-1-1@s  uk-padding-remove\">\r\n      <div class=\"semblanza\">\r\n        <div class=\"TituloNombre\">Virginia González Melgarejo</div>\r\n        <div class=\"SubtituloSecre\">\r\n          Secretaria de las Mujeres\r\n        </div>\r\n        <div class=\"Sutitulo\">Semblanza</div>\r\n          <div class=\"uk-text-justify\"> \r\n          <p>Nació el 11 de agosto de 1958 en Xalapa, Veracruz, y desde 1980 radica en el estado de Puebla. Egresó como Profesora de Educación Primaria de la Benemérita Escuela Normal Veracruzana. Su formación académica incluye seminarios clave, como el de la NOM-046 impartido por la Secretaría de Salud federal, así como diversos cursos especializados en la Universidad Nacional Autónoma de México (UNAM) sobre violencias por razones de género e igualdad de género.</p>\r\n          <p>Su trayectoria política se ha caracterizado por un firme compromiso con las causas progresistas. Fue fundadora de la Convención Nacional Democrática y miembro fundador del partido Movimiento de Regeneración Nacional (MORENA).</p>\r\n          <p>En 2007, participó como acompañante en la gira del entonces Presidente Legítimo de México por los 217 municipios de Puebla. También fue fundadora de las Casas del Movimiento en el estado y organizadora de la Asamblea Estatal Constitutiva de MORENA en 2013.</p>\r\n          <p>Dentro del partido, se desempeñó como Secretaria de Comunicación, Difusión y Propaganda en el primer Comité Ejecutivo Estatal de MORENA. En 2015, fue candidata a diputada federal por el distrito 11 de Puebla y más tarde se destacó como Coordinadora de Mujeres de Izquierda en el Senado.</p>\r\n          <p>Su dedicación y compromiso la han consolidado como una referente en la lucha por la igualdad de género y los derechos sociales en Puebla y el país.</p>\r\n        </div>\r\n      </div>\r\n    </div>\r\n  </div>\r\n</div>\r\n\r\n<style>\r\n.semblanza{\r\n  background-color: #f6f6f6;\r\n  color:#949494;\r\n  border-radius: 25px;\r\n  padding:30px;\r\n  margin-left:13px;\r\n}\r\n  \r\n.pa-40{\r\n  padding-left: 40px\r\n  }\r\n  \r\n.radios{\r\n  border-radius: 25px;\r\n  z-index: 1;\r\n}\r\n\r\n  \r\n.TituloNombre{\r\n  font-size: 1.5rem;\r\n  font-weight: 300;\r\n  padding-bottom:3px;\r\n}\r\n  \r\n.SubtituloSecre{\r\n  font-size: 1.1rem;\r\n  padding-bottom:2px;\r\n}\r\n  \r\n.Sutitulo{\r\n  font-size: 1.2rem;\r\n  color:#c79b66;\r\n  padding-bottom:5px;\r\n}\r\n</style>',1,'main-top',NULL,NULL,NULL,NULL,1,'mod_custom',1,1,'{\"prepare_content\":0,\"backgroundimage\":\"\",\"layout\":\"_:default\",\"moduleclass_sfx\":\"\",\"cache\":1,\"cache_time\":900,\"cachemode\":\"static\",\"module_tag\":\"div\",\"bootstrap_size\":\"0\",\"header_tag\":\"h3\",\"header_class\":\"\",\"style\":\"0\"}',0,'*'),
(121,123,'Redes sociales','Redes Sociales ','<div class=\"uk-container uk-container-large bgc-e3e3e3\">\r\n  <div class=\"uk-grid-match\" uk-grid>\r\n    <div class=\"uk-padding uk-width-2-3@m uk-width-1-1@s\">\r\n      <div class=\"titu uk-text-center\"><strong>MANTENTE</strong> AL DÍA</div>\r\n      <div class=\"uk-flex uk-flex-center \">\r\n        <div class=\"uk-padding-small\">\r\n          <a href=\"https://www.facebook.com/\" class=\"uk-margin-remove\" target=\"_blank\" tabindex=\"0\" aria-label=\"Facebook\">\r\n            <img class=\"image-facebook\" src=\"templates/puebla/images/icons/icon_redes/icon_f.svg\">\r\n          </a>\r\n        </div>\r\n        <div class=\"uk-padding-small\">\r\n          <a href=\"https://x.com/\" target=\"_blank\" tabindex=\"0\" aria-label=\"Twitter\">\r\n            <img class=\"image-twitter\" src=\"templates/puebla/images/icons/icon_redes/icon_x.svg\">\r\n          </a>\r\n        </div>\r\n        <div class=\"uk-padding-small\">\r\n          <a href=\"https://www.instagram.com/\" class=\"uk-margin-remove\" target=\"_blank\" tabindex=\"0\" aria-label=\"Instagram\">\r\n            <img class=\"image-instagram\" src=\"templates/puebla/images/icons/icon_redes/icon_in.svg\">\r\n          </a>\r\n        </div>\r\n        <div class=\"uk-padding-small\">\r\n          <a href=\"https://www.tiktok.com/\" class=\"uk-margin-remove\" target=\"_blank\" tabindex=\"0\" aria-label=\"Tiktok\">\r\n            <img class=\"image-tiktok\" src=\"templates/puebla/images/icons/icon_redes/icon_tt.svg\">\r\n          </a>\r\n        </div>\r\n       <div class=\"uk-padding-small\">\r\n          <a href=\"https://www.youtube.com/\" class=\"uk-margin-remove\" target=\"_blank\" tabindex=\"0\" aria-label=\"Youtube\">\r\n            <img class=\"image-youtube\" src=\"templates/puebla/images/icons/icon_redes/icon_yt.svg\">\r\n          </a>\r\n        </div>\r\n        <div class=\"uk-padding-small\">\r\n          <a href=\"https://www.whatsapp.com/\" class=\"uk-margin-remove\" target=\"_blank\" tabindex=\"0\" aria-label=\"Whatsapp\">\r\n            <img class=\"image-whats\" src=\"templates/puebla/images/icons/icon_redes/icon_w.svg\">\r\n          </a>\r\n        </div>\r\n      </div>\r\n    </div>\r\n    \r\n    <div class=\"uk-padding uk-width-1-3@m uk-width-1-1@s\">\r\n      <div class=\"boton uk-text-center uk-margin\">\r\n        <div class=\"titulo\">CONTACTO</div>\r\n          <div class=\"uk-padding contac-email\"> \r\n          <!--  <a href=\"mailto:sm@puebla.gob.mx\"  target=\"_blank\" tabindex=\"0\" aria-label=\"correo electronico\">-->\r\n              <img class=\"image-email\" src=\"templates/puebla/images/icons/icon_redes/icon_email.svg\">  \r\n              <spam class=\"titul\">sm@puebla.gob.mx</spam>\r\n          <!--  </a>-->\r\n          </div>\r\n      </div>\r\n    </div>\r\n  </div>\r\n</div>\r\n\r\n\r\n<style>\r\n.image-facebook{width: 50px;}\r\n.image-twitter{width: 50px;}\r\n.image-instagram{width: 50px;}\r\n.image-tiktok{width: 50px;}\r\n.image-youtube{width: 50px;}\r\n.image-whats{width: 50px;}\r\n.image-email{height: 50px;}\r\n\r\n.boton{\r\n  background-color:#c09761;\r\n  border-radius: 35px;\r\n  padding:10px;\r\n  box-shadow: 0px 0px 10px 3px rgba(0, 0, 0, 0.20);\r\n  z-index: 1;\r\n}\r\n  \r\n.bgc-e3e3e3{\r\n  background-color:#e3e3e3;\r\n}\r\n\r\n.titulo{\r\n  color:white;\r\n  font-size: 1.2rem;\r\n  padding-top:15px;\r\n}\r\n  \r\n.titul{\r\n  color:white;\r\n  font-size: 1.1rem;\r\n  font-weight: 300;\r\n}\r\n  \r\n.titu{\r\n  color:#949494;\r\n  font-size: 1.2rem;\r\n  font-weight: 400;\r\n  align-content:center;\r\n}\r\n  \r\n.contac-email{\r\n  word-break: break-word;\r\n  }\r\n  \r\n</style>',1,'below-top',NULL,NULL,NULL,NULL,1,'mod_custom',1,1,'{\"prepare_content\":0,\"backgroundimage\":\"\",\"layout\":\"_:default\",\"moduleclass_sfx\":\"\",\"cache\":1,\"cache_time\":900,\"cachemode\":\"static\",\"module_tag\":\"div\",\"bootstrap_size\":\"0\",\"header_tag\":\"h3\",\"header_class\":\"\",\"style\":\"0\"}',0,'*'),
(122,124,'FOBAM','Descripción FOBAM ','<div class=\"uk-margin-large-top  uk-container\">\r\n  <div class=\"uk-flex uk-flex-middle\" uk-grid>\r\n      <div class=\"uk-width-1-3@l uk-width-1-3@m uk-width-1-2@s uk-width-1-1@xs\">\r\n        <div class=\"uk-width-2-3\">\r\n  			  <img src=\"images/site/logos/Fobam.svg\"  >\r\n		</div>\r\n       </div>\r\n      <div class=\"uk-width-2-3@l  uk-width-2-3@m uk-width-1-2@s uk-width-1-1@xs\">\r\n \r\n          <p class=\"uk-text-justify fobam\">\r\nEl Fondo para el Bienestar y el Avance de las Mujeres <strong>(FOBAM)</strong>, es un programa federal emitido por el Instituto Nacional de las Mujeres (<strong>INMujeres</strong>) para las Instancias de las Mujeres en las Entidades Federativas (IMEF), con la finalidad de realizar acciones diversas con perspectiva de género, enfoque de derechos humanos, análisis de transversalidad, interseccionalidad e interculturalidad.<br>\r\n\r\n            Lo anterior con el objetivo principal de contribuir a la erradicación del embarazo infantil y a la disminución del embarazo adolescente. Por ende, la Secretaría de Igualdad Sustantiva para el ejercicio fiscal 2023, ejecutado de mayo a diciembre, llevará a cabo diversas acciones a través del proyecto denominado: <strong>“Impulsar la estrategia para la erradicación y prevención del embarazo adolescente y fortalecer las redes de mujeres constructoras de la paz”</strong>, mediante 4 metas y 16 actividades en 16 municipios del Estado de Puebla.            \r\n          </p>\r\n      </div>\r\n  </div>\r\n</div>',1,'above-top',NULL,NULL,NULL,NULL,1,'mod_custom',1,1,'{\"prepare_content\":0,\"backgroundimage\":\"\",\"layout\":\"_:default\",\"moduleclass_sfx\":\"\",\"cache\":1,\"cache_time\":900,\"cachemode\":\"static\",\"module_tag\":\"div\",\"bootstrap_size\":\"0\",\"header_tag\":\"h3\",\"header_class\":\"\",\"style\":\"0\"}',0,'*'),
(123,125,'PAIMEF','Descripción PAIMEF','<div class=\"uk-margin-large-top  uk-container\">\r\n  <div class=\"uk-flex uk-flex-middle\" uk-grid>\r\n      <div class=\"uk-width-1-3@l uk-width-1-3@m uk-width-1-2@s uk-width-1-1@xs\">\r\n        <div class=\"uk-width-2-3\">\r\n  			  <img src=\"images/site/logos/Paimef.png\"  >\r\n		</div>\r\n       </div>\r\n      <div class=\"uk-width-2-3@l  uk-width-2-3@m uk-width-1-2@s uk-width-1-1@xs\">\r\n \r\n          <p class=\"uk-text-justify fobam\">\r\nEl Programa de Apoyo a las Instancias de Mujeres en las Entidades Federativas <strong>(PAIMEF)</strong> tiene como finalidad prevenir la violencia contra las mujeres, y brindarles orientación y atención especializada, así como herramientas para su empoderamiento.\r\nEl programa <strong> PAIMEF</strong> busca establecer vínculos entre los tres órdenes de gobierno de cara a la erradicación de las violencias contra las mujeres; así, las Instancias de Mujeres en las Entidades Federativas (IMEF), como sus ejecutoras, implementan acciones interinstitucionales a nivel estatal en coordinación con los municipios.  En ese sentido, el PAIMEF contribuye a la generación de condiciones para el ejercicio de los derechos humanos, el empoderamiento y la plena inclusión social de mujeres.\r\n\r\n          </p>\r\n      </div>\r\n  </div>\r\n</div>',1,'above-top',NULL,NULL,NULL,NULL,1,'mod_custom',1,1,'{\"prepare_content\":0,\"backgroundimage\":\"\",\"layout\":\"_:default\",\"moduleclass_sfx\":\"\",\"cache\":1,\"cache_time\":900,\"cachemode\":\"static\",\"module_tag\":\"div\",\"bootstrap_size\":\"0\",\"header_tag\":\"h3\",\"header_class\":\"\",\"style\":\"0\"}',0,'*'),
(124,127,'ChronoForms8','','',1,'',NULL,NULL,NULL,NULL,1,'mod_chronoforms8',1,1,'{\"chronoform\":\"red-de-apoyo\",\"moduleclass_sfx\":\"\",\"cache\":0,\"module_tag\":\"div\",\"bootstrap_size\":\"0\",\"header_tag\":\"h3\",\"header_class\":\"\",\"style\":\"0\"}',0,'*'),
(125,131,'Norma 25','Norma 25',NULL,1,'above-top',NULL,NULL,NULL,NULL,1,'mod_articles',1,1,'{\"mode\":\"normal\",\"show_on_article_page\":1,\"count\":5,\"category_filtering_type\":1,\"catid\":[9],\"show_child_category_articles\":0,\"levels\":1,\"exclude_current\":1,\"ex_or_include_articles\":0,\"excluded_articles\":[],\"included_articles\":[],\"title_only\":0,\"articles_layout\":0,\"layout_columns\":3,\"item_title\":1,\"item_heading\":\"h4\",\"link_titles\":1,\"show_author\":0,\"show_category\":0,\"show_category_link\":0,\"show_date\":0,\"show_date_field\":\"created\",\"show_date_format\":\"Y-m-d H:i:s\",\"show_hits\":0,\"info_layout\":0,\"show_tags\":0,\"trigger_events\":0,\"show_introtext\":0,\"introtext_limit\":100,\"image\":0,\"img_intro_full\":\"none\",\"show_readmore\":0,\"show_readmore_title\":1,\"readmore_limit\":15,\"show_featured\":\"show\",\"show_archived\":\"hide\",\"author_filtering_type\":1,\"author_alias_filtering_type\":1,\"date_filtering\":\"off\",\"date_field\":\"a.created\",\"start_date_range\":\"\",\"end_date_range\":\"\",\"relative_date\":30,\"article_ordering\":\"a.ordering\",\"article_ordering_direction\":\"DESC\",\"article_grouping\":\"none\",\"date_grouping_field\":\"created\",\"month_year_format\":\"F Y\",\"article_grouping_direction\":\"ksort\",\"layout\":\"_:documento\",\"moduleclass_sfx\":\"\",\"owncache\":1,\"cache_time\":900,\"module_tag\":\"div\",\"bootstrap_size\":\"0\",\"header_tag\":\"h3\",\"header_class\":\"\",\"style\":\"0\"}',0,'*'),
(126,137,'Programa Anual de Desarrollo Archivístico (PADA)','Sistema Institucional de Archivos',NULL,1,'above-bottom',NULL,NULL,NULL,NULL,1,'mod_articles',1,1,'{\"mode\":\"normal\",\"show_on_article_page\":1,\"count\":5,\"category_filtering_type\":1,\"catid\":[12],\"show_child_category_articles\":0,\"levels\":1,\"exclude_current\":1,\"ex_or_include_articles\":0,\"excluded_articles\":[],\"included_articles\":[],\"title_only\":0,\"articles_layout\":0,\"layout_columns\":3,\"item_title\":1,\"item_heading\":\"h4\",\"link_titles\":1,\"show_author\":0,\"show_category\":0,\"show_category_link\":0,\"show_date\":0,\"show_date_field\":\"created\",\"show_date_format\":\"Y-m-d H:i:s\",\"show_hits\":0,\"info_layout\":0,\"show_tags\":0,\"trigger_events\":0,\"show_introtext\":0,\"introtext_limit\":100,\"image\":0,\"img_intro_full\":\"none\",\"show_readmore\":0,\"show_readmore_title\":1,\"readmore_limit\":15,\"show_featured\":\"show\",\"show_archived\":\"hide\",\"author_filtering_type\":1,\"author_alias_filtering_type\":1,\"date_filtering\":\"off\",\"date_field\":\"a.created\",\"start_date_range\":\"\",\"end_date_range\":\"\",\"relative_date\":30,\"article_ordering\":\"a.ordering\",\"article_ordering_direction\":\"DESC\",\"article_grouping\":\"none\",\"date_grouping_field\":\"created\",\"month_year_format\":\"F Y\",\"article_grouping_direction\":\"ksort\",\"layout\":\"_:documento\",\"moduleclass_sfx\":\"\",\"owncache\":1,\"cache_time\":900,\"module_tag\":\"div\",\"bootstrap_size\":\"0\",\"header_tag\":\"h3\",\"header_class\":\"\",\"style\":\"0\"}',0,'*'),
(127,142,'Grupo Interdisciplinario de Archivos','Sistema Institucional de Archivos',NULL,1,'above-top',NULL,NULL,NULL,NULL,1,'mod_articles',1,1,'{\"mode\":\"normal\",\"show_on_article_page\":1,\"count\":5,\"category_filtering_type\":1,\"catid\":[13],\"show_child_category_articles\":0,\"levels\":1,\"exclude_current\":1,\"ex_or_include_articles\":0,\"excluded_articles\":[],\"included_articles\":[],\"title_only\":0,\"articles_layout\":0,\"layout_columns\":3,\"item_title\":1,\"item_heading\":\"h4\",\"link_titles\":1,\"show_author\":0,\"show_category\":0,\"show_category_link\":0,\"show_date\":0,\"show_date_field\":\"created\",\"show_date_format\":\"Y-m-d H:i:s\",\"show_hits\":0,\"info_layout\":0,\"show_tags\":0,\"trigger_events\":0,\"show_introtext\":0,\"introtext_limit\":100,\"image\":0,\"img_intro_full\":\"none\",\"show_readmore\":0,\"show_readmore_title\":1,\"readmore_limit\":15,\"show_featured\":\"show\",\"show_archived\":\"hide\",\"author_filtering_type\":1,\"author_alias_filtering_type\":1,\"date_filtering\":\"off\",\"date_field\":\"a.created\",\"start_date_range\":\"\",\"end_date_range\":\"\",\"relative_date\":30,\"article_ordering\":\"a.ordering\",\"article_ordering_direction\":\"DESC\",\"article_grouping\":\"none\",\"date_grouping_field\":\"created\",\"month_year_format\":\"F Y\",\"article_grouping_direction\":\"ksort\",\"layout\":\"_:documento\",\"moduleclass_sfx\":\"\",\"owncache\":1,\"cache_time\":900,\"module_tag\":\"div\",\"bootstrap_size\":\"0\",\"header_tag\":\"h3\",\"header_class\":\"\",\"style\":\"0\"}',0,'*'),
(128,143,'Instrumentos de Control','Sistema Institucional de Archivos',NULL,1,'above-top',NULL,NULL,NULL,NULL,1,'mod_articles',1,1,'{\"mode\":\"normal\",\"show_on_article_page\":1,\"count\":5,\"category_filtering_type\":1,\"catid\":[15],\"show_child_category_articles\":0,\"levels\":1,\"exclude_current\":1,\"ex_or_include_articles\":0,\"excluded_articles\":[],\"included_articles\":[],\"title_only\":0,\"articles_layout\":0,\"layout_columns\":3,\"item_title\":1,\"item_heading\":\"h4\",\"link_titles\":1,\"show_author\":0,\"show_category\":0,\"show_category_link\":0,\"show_date\":0,\"show_date_field\":\"created\",\"show_date_format\":\"Y-m-d H:i:s\",\"show_hits\":0,\"info_layout\":0,\"show_tags\":0,\"trigger_events\":0,\"show_introtext\":0,\"introtext_limit\":100,\"image\":0,\"img_intro_full\":\"none\",\"show_readmore\":0,\"show_readmore_title\":1,\"readmore_limit\":15,\"show_featured\":\"show\",\"show_archived\":\"hide\",\"author_filtering_type\":1,\"author_alias_filtering_type\":1,\"date_filtering\":\"off\",\"date_field\":\"a.created\",\"start_date_range\":\"\",\"end_date_range\":\"\",\"relative_date\":30,\"article_ordering\":\"a.ordering\",\"article_ordering_direction\":\"DESC\",\"article_grouping\":\"none\",\"date_grouping_field\":\"created\",\"month_year_format\":\"F Y\",\"article_grouping_direction\":\"ksort\",\"layout\":\"_:documento\",\"moduleclass_sfx\":\"\",\"owncache\":1,\"cache_time\":900,\"module_tag\":\"div\",\"bootstrap_size\":\"0\",\"header_tag\":\"h3\",\"header_class\":\"\",\"style\":\"0\"}',0,'*'),
(129,144,'Instrumentos de designación de los integrantes del Sistema Institucional de Archivos','Sistema Institucional de Archivos',NULL,1,'above-top',NULL,NULL,NULL,NULL,1,'mod_articles',1,1,'{\"mode\":\"normal\",\"show_on_article_page\":1,\"count\":5,\"category_filtering_type\":1,\"catid\":[16],\"show_child_category_articles\":0,\"levels\":1,\"exclude_current\":1,\"ex_or_include_articles\":0,\"excluded_articles\":[],\"included_articles\":[],\"title_only\":0,\"articles_layout\":0,\"layout_columns\":3,\"item_title\":1,\"item_heading\":\"h4\",\"link_titles\":1,\"show_author\":0,\"show_category\":0,\"show_category_link\":0,\"show_date\":0,\"show_date_field\":\"created\",\"show_date_format\":\"Y-m-d H:i:s\",\"show_hits\":0,\"info_layout\":0,\"show_tags\":0,\"trigger_events\":0,\"show_introtext\":0,\"introtext_limit\":100,\"image\":0,\"img_intro_full\":\"none\",\"show_readmore\":0,\"show_readmore_title\":1,\"readmore_limit\":15,\"show_featured\":\"show\",\"show_archived\":\"hide\",\"author_filtering_type\":1,\"author_alias_filtering_type\":1,\"date_filtering\":\"off\",\"date_field\":\"a.created\",\"start_date_range\":\"\",\"end_date_range\":\"\",\"relative_date\":30,\"article_ordering\":\"a.ordering\",\"article_ordering_direction\":\"DESC\",\"article_grouping\":\"none\",\"date_grouping_field\":\"created\",\"month_year_format\":\"F Y\",\"article_grouping_direction\":\"ksort\",\"layout\":\"_:documento\",\"moduleclass_sfx\":\"\",\"owncache\":1,\"cache_time\":900,\"module_tag\":\"div\",\"bootstrap_size\":\"0\",\"header_tag\":\"h3\",\"header_class\":\"\",\"style\":\"0\"}',0,'*'),
(130,149,'Buscador Principal ','Buscador Header ',NULL,1,'search',NULL,NULL,NULL,NULL,0,'mod_search',1,1,'{\"placeholder\":\"Buscar...\",\"module_tag\":\"div\",\"bootstrap_size\":\"0\",\"header_tag\":\"h3\",\"header_class\":\"\",\"style\":\"0\"}',0,'*'),
(131,170,'FOBAM','',NULL,1,'above-bottom',NULL,NULL,NULL,NULL,1,'mod_accordion',1,1,'{\"catid\":[\"17\"],\"count\":\"5\",\"load_introtext\":\"0\",\"module_tag\":\"div\",\"bootstrap_size\":\"0\",\"header_tag\":\"h3\",\"header_class\":\"\",\"style\":\"0\"}',0,'*');

--
-- Table structure for table `l829c_modules_menu`
--

CREATE TABLE `l829c_modules_menu` (
  `moduleid` int(11) NOT NULL DEFAULT 0,
  `menuid` int(11) NOT NULL DEFAULT 0,
  PRIMARY KEY (`moduleid`,`menuid`)
) ENGINE=InnoDB DEFAULT CHARSET=utf8mb4 COLLATE=utf8mb4_unicode_ci;

--
-- Dumping data for table `l829c_modules_menu`
--

INSERT INTO `l829c_modules_menu` VALUES
(1,0),
(2,0),
(3,0),
(4,0),
(6,0),
(7,0),
(8,0),
(9,0),
(10,0),
(12,0),
(14,0),
(15,0),
(16,0),
(17,0),
(79,0),
(86,0),
(87,0),
(88,0),
(89,0),
(90,0),
(91,0),
(92,0),
(93,0),
(94,0),
(95,0),
(96,0),
(97,0),
(98,0),
(99,0),
(100,0),
(101,0),
(102,0),
(103,0),
(104,0),
(105,0),
(106,0),
(107,0),
(108,0),
(109,0),
(110,102),
(111,0),
(112,0),
(113,0),
(114,101),
(115,0),
(116,101),
(117,101),
(118,101),
(119,102),
(120,101),
(121,101),
(122,112),
(123,113),
(124,118),
(125,122),
(126,104),
(127,105),
(128,107),
(129,108),
(130,0),
(131,112);

--
-- Table structure for table `l829c_newsfeeds`
--

CREATE TABLE `l829c_newsfeeds` (
  `catid` int(11) NOT NULL DEFAULT 0,
  `id` int(10) unsigned NOT NULL AUTO_INCREMENT,
  `name` varchar(100) NOT NULL DEFAULT '',
  `alias` varchar(400) CHARACTER SET utf8mb4 COLLATE utf8mb4_bin NOT NULL DEFAULT '',
  `link` varchar(2048) NOT NULL DEFAULT '',
  `published` tinyint(4) NOT NULL DEFAULT 0,
  `numarticles` int(10) unsigned NOT NULL DEFAULT 1,
  `cache_time` int(10) unsigned NOT NULL DEFAULT 3600,
  `checked_out` int(10) unsigned DEFAULT NULL,
  `checked_out_time` datetime DEFAULT NULL,
  `ordering` int(11) NOT NULL DEFAULT 0,
  `rtl` tinyint(4) NOT NULL DEFAULT 0,
  `access` int(10) unsigned NOT NULL DEFAULT 0,
  `language` char(7) NOT NULL DEFAULT '',
  `params` text NOT NULL,
  `created` datetime NOT NULL,
  `created_by` int(10) unsigned NOT NULL DEFAULT 0,
  `created_by_alias` varchar(255) NOT NULL DEFAULT '',
  `modified` datetime NOT NULL,
  `modified_by` int(10) unsigned NOT NULL DEFAULT 0,
  `metakey` text DEFAULT NULL,
  `metadesc` text NOT NULL,
  `metadata` text NOT NULL,
  `publish_up` datetime DEFAULT NULL,
  `publish_down` datetime DEFAULT NULL,
  `description` text NOT NULL,
  `version` int(10) unsigned NOT NULL DEFAULT 1,
  `hits` int(10) unsigned NOT NULL DEFAULT 0,
  `images` text NOT NULL,
  PRIMARY KEY (`id`),
  KEY `idx_access` (`access`),
  KEY `idx_checkout` (`checked_out`),
  KEY `idx_state` (`published`),
  KEY `idx_catid` (`catid`),
  KEY `idx_createdby` (`created_by`),
  KEY `idx_language` (`language`)
) ENGINE=InnoDB DEFAULT CHARSET=utf8mb4 COLLATE=utf8mb4_unicode_ci;

--
-- Dumping data for table `l829c_newsfeeds`
--


--
-- Table structure for table `l829c_overrider`
--

CREATE TABLE `l829c_overrider` (
  `id` int(11) NOT NULL AUTO_INCREMENT COMMENT 'Primary Key',
  `constant` varchar(255) NOT NULL,
  `string` text NOT NULL,
  `file` varchar(255) NOT NULL,
  PRIMARY KEY (`id`)
) ENGINE=InnoDB DEFAULT CHARSET=utf8mb4 COLLATE=utf8mb4_unicode_ci;

--
-- Dumping data for table `l829c_overrider`
--


--
-- Table structure for table `l829c_postinstall_messages`
--

CREATE TABLE `l829c_postinstall_messages` (
  `postinstall_message_id` bigint(20) unsigned NOT NULL AUTO_INCREMENT,
  `extension_id` bigint(20) NOT NULL DEFAULT 700 COMMENT 'FK to #__extensions',
  `title_key` varchar(255) NOT NULL DEFAULT '' COMMENT 'Lang key for the title',
  `description_key` varchar(255) NOT NULL DEFAULT '' COMMENT 'Lang key for description',
  `action_key` varchar(255) NOT NULL DEFAULT '',
  `language_extension` varchar(255) NOT NULL DEFAULT 'com_postinstall' COMMENT 'Extension holding lang keys',
  `language_client_id` tinyint(4) NOT NULL DEFAULT 1,
  `type` varchar(10) NOT NULL DEFAULT 'link' COMMENT 'Message type - message, link, action',
  `action_file` varchar(255) DEFAULT '' COMMENT 'RAD URI to the PHP file containing action method',
  `action` varchar(255) DEFAULT '' COMMENT 'Action method name or URL',
  `condition_file` varchar(255) DEFAULT NULL COMMENT 'RAD URI to file holding display condition method',
  `condition_method` varchar(255) DEFAULT NULL COMMENT 'Display condition method, must return boolean',
  `version_introduced` varchar(50) NOT NULL DEFAULT '3.2.0' COMMENT 'Version when this message was introduced',
  `enabled` tinyint(4) NOT NULL DEFAULT 1,
  PRIMARY KEY (`postinstall_message_id`)
) ENGINE=InnoDB AUTO_INCREMENT=5 DEFAULT CHARSET=utf8mb4 COLLATE=utf8mb4_unicode_ci;

--
-- Dumping data for table `l829c_postinstall_messages`
--

INSERT INTO `l829c_postinstall_messages` VALUES
(1,239,'COM_CPANEL_WELCOME_BEGINNERS_TITLE','COM_CPANEL_WELCOME_BEGINNERS_MESSAGE','','com_cpanel',1,'message','','','','','3.2.0',1),
(2,239,'COM_CPANEL_MSG_STATS_COLLECTION_TITLE','COM_CPANEL_MSG_STATS_COLLECTION_BODY','','com_cpanel',1,'message','','','admin://components/com_admin/postinstall/statscollection.php','admin_postinstall_statscollection_condition','3.5.0',1),
(3,239,'PLG_SYSTEM_HTTPHEADERS_POSTINSTALL_INTRODUCTION_TITLE','PLG_SYSTEM_HTTPHEADERS_POSTINSTALL_INTRODUCTION_BODY','PLG_SYSTEM_HTTPHEADERS_POSTINSTALL_INTRODUCTION_ACTION','plg_system_httpheaders',1,'action','site://plugins/system/httpheaders/postinstall/introduction.php','httpheaders_postinstall_action','site://plugins/system/httpheaders/postinstall/introduction.php','httpheaders_postinstall_condition','4.0.0',1),
(4,239,'COM_USERS_POSTINSTALL_MULTIFACTORAUTH_TITLE','COM_USERS_POSTINSTALL_MULTIFACTORAUTH_BODY','COM_USERS_POSTINSTALL_MULTIFACTORAUTH_ACTION','com_users',1,'action','admin://components/com_users/postinstall/multifactorauth.php','com_users_postinstall_mfa_action','admin://components/com_users/postinstall/multifactorauth.php','com_users_postinstall_mfa_condition','4.2.0',1);

--
-- Table structure for table `l829c_redirect_links`
--

CREATE TABLE `l829c_redirect_links` (
  `id` int(10) unsigned NOT NULL AUTO_INCREMENT,
  `old_url` varchar(2048) NOT NULL,
  `new_url` varchar(2048) DEFAULT NULL,
  `referer` varchar(2048) NOT NULL,
  `comment` varchar(255) NOT NULL DEFAULT '',
  `hits` int(10) unsigned NOT NULL DEFAULT 0,
  `published` tinyint(4) NOT NULL,
  `created_date` datetime NOT NULL,
  `modified_date` datetime NOT NULL,
  `header` smallint(6) NOT NULL DEFAULT 301,
  PRIMARY KEY (`id`),
  KEY `idx_old_url` (`old_url`(100)),
  KEY `idx_link_modified` (`modified_date`)
) ENGINE=InnoDB DEFAULT CHARSET=utf8mb4 COLLATE=utf8mb4_unicode_ci;

--
-- Dumping data for table `l829c_redirect_links`
--


--
-- Table structure for table `l829c_scheduler_tasks`
--

CREATE TABLE `l829c_scheduler_tasks` (
  `id` int(10) unsigned NOT NULL AUTO_INCREMENT,
  `asset_id` int(10) unsigned NOT NULL DEFAULT 0 COMMENT 'FK to the #__assets table.',
  `title` varchar(255) NOT NULL DEFAULT '',
  `type` varchar(128) NOT NULL COMMENT 'unique identifier for job defined by plugin',
  `execution_rules` text DEFAULT NULL COMMENT 'Execution Rules, Unprocessed',
  `cron_rules` text DEFAULT NULL COMMENT 'Processed execution rules, crontab-like JSON form',
  `state` tinyint(4) NOT NULL DEFAULT 0,
  `last_exit_code` int(11) NOT NULL DEFAULT 0 COMMENT 'Exit code when job was last run',
  `last_execution` datetime DEFAULT NULL COMMENT 'Timestamp of last run',
  `next_execution` datetime DEFAULT NULL COMMENT 'Timestamp of next (planned) run, referred for execution on trigger',
  `times_executed` int(11) DEFAULT 0 COMMENT 'Count of successful triggers',
  `times_failed` int(11) DEFAULT 0 COMMENT 'Count of failures',
  `locked` datetime DEFAULT NULL,
  `priority` smallint(6) NOT NULL DEFAULT 0,
  `ordering` int(11) NOT NULL DEFAULT 0 COMMENT 'Configurable list ordering',
  `cli_exclusive` smallint(6) NOT NULL DEFAULT 0 COMMENT 'If 1, the task is only accessible via CLI',
  `params` text NOT NULL,
  `note` text DEFAULT NULL,
  `created` datetime NOT NULL,
  `created_by` int(10) unsigned NOT NULL DEFAULT 0,
  `checked_out` int(10) unsigned DEFAULT NULL,
  `checked_out_time` datetime DEFAULT NULL,
  PRIMARY KEY (`id`),
  KEY `idx_type` (`type`),
  KEY `idx_state` (`state`),
  KEY `idx_last_exit` (`last_exit_code`),
  KEY `idx_next_exec` (`next_execution`),
  KEY `idx_locked` (`locked`),
  KEY `idx_priority` (`priority`),
  KEY `idx_cli_exclusive` (`cli_exclusive`),
  KEY `idx_checked_out` (`checked_out`)
) ENGINE=InnoDB AUTO_INCREMENT=4 DEFAULT CHARSET=utf8mb4 COLLATE=utf8mb4_unicode_ci;

--
-- Dumping data for table `l829c_scheduler_tasks`
--

INSERT INTO `l829c_scheduler_tasks` VALUES
(1,97,'Rotate Logs','rotation.logs','{\"rule-type\":\"interval-days\",\"interval-days\":\"30\",\"exec-day\":\"26\",\"exec-time\":\"17:00\"}','{\"type\":\"interval\",\"exp\":\"P30D\"}',1,0,NULL,'2025-06-25 17:00:00',0,0,NULL,0,0,0,'{\"individual_log\":false,\"log_file\":\"\",\"notifications\":{\"success_mail\":\"0\",\"failure_mail\":\"1\",\"fatal_failure_mail\":\"1\",\"orphan_mail\":\"1\"},\"logstokeep\":1}',NULL,'2025-05-26 17:45:25',181,NULL,NULL),
(2,98,'Session GC','session.gc','{\"rule-type\":\"interval-hours\",\"interval-hours\":\"24\",\"exec-day\":\"01\",\"exec-time\":\"17:00\"}','{\"type\":\"interval\",\"exp\":\"PT24H\"}',1,0,'2025-05-28 17:00:40','2025-05-29 17:00:40',2,0,'2025-05-29 17:10:51',0,0,0,'{\"individual_log\":false,\"log_file\":\"\",\"notifications\":{\"success_mail\":\"0\",\"failure_mail\":\"1\",\"fatal_failure_mail\":\"1\",\"orphan_mail\":\"1\"},\"enable_session_gc\":1,\"enable_session_metadata_gc\":1}',NULL,'2025-05-26 17:45:25',181,NULL,NULL),
(3,99,'Update Notification','update.notification','{\"rule-type\":\"interval-hours\",\"interval-hours\":\"24\",\"exec-day\":\"01\",\"exec-time\":\"17:00\"}','{\"type\":\"interval\",\"exp\":\"PT24H\"}',1,0,'2025-05-28 17:01:07','2025-05-29 17:01:07',2,0,NULL,0,0,0,'{\"individual_log\":false,\"log_file\":\"\",\"notifications\":{\"success_mail\":\"0\",\"failure_mail\":\"1\",\"fatal_failure_mail\":\"1\",\"orphan_mail\":\"1\"},\"email\":\"\",\"language_override\":\"\"}',NULL,'2025-05-26 17:45:25',181,NULL,NULL);

--
-- Table structure for table `l829c_schemaorg`
--

CREATE TABLE `l829c_schemaorg` (
  `id` int(10) unsigned NOT NULL AUTO_INCREMENT,
  `itemId` int(10) unsigned DEFAULT NULL,
  `context` varchar(100) DEFAULT NULL,
  `schemaType` varchar(100) DEFAULT NULL,
  `schema` text DEFAULT NULL,
  PRIMARY KEY (`id`)
) ENGINE=InnoDB DEFAULT CHARSET=utf8mb4 COLLATE=utf8mb4_unicode_ci;

--
-- Dumping data for table `l829c_schemaorg`
--


--
-- Table structure for table `l829c_schemas`
--

CREATE TABLE `l829c_schemas` (
  `extension_id` int(11) NOT NULL,
  `version_id` varchar(20) NOT NULL,
  PRIMARY KEY (`extension_id`,`version_id`)
) ENGINE=InnoDB DEFAULT CHARSET=utf8mb4 COLLATE=utf8mb4_unicode_ci;

--
-- Dumping data for table `l829c_schemas`
--

INSERT INTO `l829c_schemas` VALUES
(239,'5.1.1-2024-04-18');

--
-- Table structure for table `l829c_tags`
--

CREATE TABLE `l829c_tags` (
  `id` int(10) unsigned NOT NULL AUTO_INCREMENT,
  `parent_id` int(10) unsigned NOT NULL DEFAULT 0,
  `lft` int(11) NOT NULL DEFAULT 0,
  `rgt` int(11) NOT NULL DEFAULT 0,
  `level` int(10) unsigned NOT NULL DEFAULT 0,
  `path` varchar(400) NOT NULL DEFAULT '',
  `title` varchar(255) NOT NULL,
  `alias` varchar(400) CHARACTER SET utf8mb4 COLLATE utf8mb4_bin NOT NULL DEFAULT '',
  `note` varchar(255) NOT NULL DEFAULT '',
  `description` mediumtext NOT NULL,
  `published` tinyint(4) NOT NULL DEFAULT 0,
  `checked_out` int(10) unsigned DEFAULT NULL,
  `checked_out_time` datetime DEFAULT NULL,
  `access` int(10) unsigned NOT NULL DEFAULT 0,
  `params` text NOT NULL,
  `metadesc` varchar(1024) NOT NULL COMMENT 'The meta description for the page.',
  `metakey` varchar(1024) NOT NULL DEFAULT '' COMMENT 'The keywords for the page.',
  `metadata` varchar(2048) NOT NULL COMMENT 'JSON encoded metadata properties.',
  `created_user_id` int(10) unsigned NOT NULL DEFAULT 0,
  `created_time` datetime NOT NULL,
  `created_by_alias` varchar(255) NOT NULL DEFAULT '',
  `modified_user_id` int(10) unsigned NOT NULL DEFAULT 0,
  `modified_time` datetime NOT NULL,
  `images` text NOT NULL,
  `urls` text NOT NULL,
  `hits` int(10) unsigned NOT NULL DEFAULT 0,
  `language` char(7) NOT NULL,
  `version` int(10) unsigned NOT NULL DEFAULT 1,
  `publish_up` datetime DEFAULT NULL,
  `publish_down` datetime DEFAULT NULL,
  PRIMARY KEY (`id`),
  KEY `tag_idx` (`published`,`access`),
  KEY `idx_access` (`access`),
  KEY `idx_checkout` (`checked_out`),
  KEY `idx_path` (`path`(100)),
  KEY `idx_left_right` (`lft`,`rgt`),
  KEY `idx_alias` (`alias`(100)),
  KEY `idx_language` (`language`)
) ENGINE=InnoDB AUTO_INCREMENT=2 DEFAULT CHARSET=utf8mb4 COLLATE=utf8mb4_unicode_ci;

--
-- Dumping data for table `l829c_tags`
--

INSERT INTO `l829c_tags` VALUES
(1,0,0,1,0,'','ROOT','root','','',1,NULL,NULL,1,'','','','',181,'2025-05-26 17:45:23','',181,'2025-05-26 17:45:23','','',0,'*',1,NULL,NULL);

--
-- Table structure for table `l829c_template_overrides`
--

CREATE TABLE `l829c_template_overrides` (
  `id` int(10) unsigned NOT NULL AUTO_INCREMENT,
  `template` varchar(50) NOT NULL DEFAULT '',
  `hash_id` varchar(255) NOT NULL DEFAULT '',
  `extension_id` int(11) DEFAULT 0,
  `state` tinyint(4) NOT NULL DEFAULT 0,
  `action` varchar(50) NOT NULL DEFAULT '',
  `client_id` tinyint(3) unsigned NOT NULL DEFAULT 0,
  `created_date` datetime NOT NULL,
  `modified_date` datetime DEFAULT NULL,
  PRIMARY KEY (`id`),
  KEY `idx_template` (`template`),
  KEY `idx_extension_id` (`extension_id`)
) ENGINE=InnoDB DEFAULT CHARSET=utf8mb4 COLLATE=utf8mb4_unicode_ci;

--
-- Dumping data for table `l829c_template_overrides`
--


--
-- Table structure for table `l829c_template_styles`
--

CREATE TABLE `l829c_template_styles` (
  `id` int(10) unsigned NOT NULL AUTO_INCREMENT,
  `template` varchar(50) NOT NULL DEFAULT '',
  `client_id` tinyint(3) unsigned NOT NULL DEFAULT 0,
  `home` char(7) NOT NULL DEFAULT '0',
  `title` varchar(255) NOT NULL DEFAULT '',
  `inheritable` tinyint(4) NOT NULL DEFAULT 0,
  `parent` varchar(50) DEFAULT '',
  `params` text NOT NULL,
  PRIMARY KEY (`id`),
  KEY `idx_template` (`template`),
  KEY `idx_client_id` (`client_id`),
  KEY `idx_client_id_home` (`client_id`,`home`)
) ENGINE=InnoDB AUTO_INCREMENT=13 DEFAULT CHARSET=utf8mb4 COLLATE=utf8mb4_unicode_ci;

--
-- Dumping data for table `l829c_template_styles`
--

INSERT INTO `l829c_template_styles` VALUES
(10,'atum',1,'1','Atum - Default',1,'','{\"hue\":\"hsl(214, 63%, 20%)\",\"bg-light\":\"#f0f4fb\",\"text-dark\":\"#495057\",\"text-light\":\"#ffffff\",\"link-color\":\"#2a69b8\",\"special-color\":\"#001b4c\",\"colorScheme\":\"os\",\"monochrome\":\"0\",\"loginLogo\":\"\",\"loginLogoAlt\":\"\",\"logoBrandLarge\":\"\",\"logoBrandLargeAlt\":\"\",\"logoBrandSmall\":\"\",\"logoBrandSmallAlt\":\"\"}'),
(11,'cassiopeia',0,'0','Cassiopeia - Default',1,'','{\"brand\":\"1\",\"logoFile\":\"\",\"siteTitle\":\"\",\"siteDescription\":\"\",\"useFontScheme\":\"0\",\"colorName\":\"colors_standard\",\"fluidContainer\":\"0\",\"stickyHeader\":0,\"backTop\":0}'),
(12,'puebla',0,'1','Puebla Template - Predeterminado',1,'','{\"logoSecre\":\"images\\/headers\\/SM.png#joomlaImage:\\/\\/local-images\\/headers\\/SM.png?width=68&height=39\",\"sitetitle\":\"\",\"sitedescription\":\"\",\"goToPuebla\":\"\",\"twitter\":\"\",\"facebook\":\"\",\"youtube\":\"\",\"instagram\":\"\",\"pinterest\":\"\",\"googleAnalytics\":\"\"}');

--
-- Table structure for table `l829c_tuf_metadata`
--

CREATE TABLE `l829c_tuf_metadata` (
  `id` int(11) NOT NULL AUTO_INCREMENT,
  `update_site_id` int(11) DEFAULT 0,
  `root` text DEFAULT NULL,
  `targets` text DEFAULT NULL,
  `snapshot` text DEFAULT NULL,
  `timestamp` text DEFAULT NULL,
  `mirrors` text DEFAULT NULL,
  PRIMARY KEY (`id`)
) ENGINE=InnoDB AUTO_INCREMENT=2 DEFAULT CHARSET=utf8mb4 COLLATE=utf8mb4_unicode_ci COMMENT='Secure TUF Updates';

--
-- Dumping data for table `l829c_tuf_metadata`
--

INSERT INTO `l829c_tuf_metadata` VALUES
(1,1,'{\"signed\":{\"_type\":\"root\",\"spec_version\":\"1.0\",\"version\":9,\"expires\":\"2026-06-28T06:57:51Z\",\"keys\":{\"00e432b504508246e2bd536dd6c13e55e8b3256f0be9f767fae26da6c2a28663\":{\"keytype\":\"ed25519\",\"scheme\":\"ed25519\",\"keyid_hash_algorithms\":[\"sha256\",\"sha512\"],\"keyval\":{\"public\":\"250f8d293c49817a83909dead96ad82b62f7ac16844cf589f8d2f0e0b15cab21\"}},\"07eb082f367c034a95878687f6648aa76d93652b6ee73e58817053d89af6c44f\":{\"keytype\":\"ed25519\",\"scheme\":\"ed25519\",\"keyid_hash_algorithms\":[\"sha256\",\"sha512\"],\"keyval\":{\"public\":\"9b2af2d9b9727227735253d795bd27ea8f0e294a5f3603e822dc5052b44802b9\"}},\"179d107f20a2354ac5bd9a1f32a2df1763c0059617f0c132bebeb4816a1a8637\":{\"keytype\":\"ed25519\",\"scheme\":\"ed25519\",\"keyid_hash_algorithms\":[\"sha256\",\"sha512\"],\"keyval\":{\"public\":\"159a4195cbafce2bb959f09ab2b36a2127b8967f94d389f65f1e7892fccfe8b8\"}},\"1b1b1dd55b2c1c7258714cf1c1ae06f23e4607b28c762d016a9d81c48ffe5669\":{\"keytype\":\"ed25519\",\"scheme\":\"ed25519\",\"keyid_hash_algorithms\":[\"sha256\",\"sha512\"],\"keyval\":{\"public\":\"a18e5ebabc19d5d5984b601a292ece61ba3662ab2d071dc520da5bd4f8948799\"}},\"273e94e5477e306ad6de75be1524860e219e265ff9a57c81ababd0691e45706c\":{\"keytype\":\"ed25519\",\"scheme\":\"ed25519\",\"keyid_hash_algorithms\":[\"sha256\",\"sha512\"],\"keyval\":{\"public\":\"1cb6702338830ef1c9e76a022fed27172d475bbaace754d8141ebc96dad8b15f\"}},\"2dcaf3d0e552f150792f7c636d45429246dcfa34ac35b46a44f5c87cd17d457e\":{\"keytype\":\"ed25519\",\"scheme\":\"ed25519\",\"keyid_hash_algorithms\":[\"sha256\",\"sha512\"],\"keyval\":{\"public\":\"cb0a7a131961a20edea051d6dc2b091fb650bd399bd8514adb67b3c60db9f8f9\"}},\"31dd7c7290d664c9b88c0dead2697175293ea7df81b7f24153a37370fd3901c3\":{\"keytype\":\"ed25519\",\"scheme\":\"ed25519\",\"keyid_hash_algorithms\":[\"sha256\",\"sha512\"],\"keyval\":{\"public\":\"589d029a68b470deff1ca16dbf3eea6b5b3fcba0ae7bb52c468abc7fb058b2a2\"}},\"9e41a9d62d94c6a1c8a304f62c5bd72d84a9f286f27e8327cedeacb09e5156cc\":{\"keytype\":\"ed25519\",\"scheme\":\"ed25519\",\"keyid_hash_algorithms\":[\"sha256\",\"sha512\"],\"keyval\":{\"public\":\"6043c8bacc76ac5c9750f45454dd865c6ca1fc57d69e14cc192cfd420f6a66a9\"}},\"9eabc37383b243cd236375c66693db385911914b52556e1ec05fc70ed45e1bfe\":{\"keytype\":\"ed25519\",\"scheme\":\"ed25519\",\"keyid_hash_algorithms\":[\"sha256\",\"sha512\"],\"keyval\":{\"public\":\"a4b8509488f1c29ab0b1f610e7452fbec78b4f33f1fba5a418d6ff087c567429\"}},\"bfee044dd4574a281c9b7c0b6829913ef292c66c0512d1091a298cfca8493da9\":{\"keytype\":\"ed25519\",\"scheme\":\"ed25519\",\"keyid_hash_algorithms\":[\"sha256\",\"sha512\"],\"keyval\":{\"public\":\"6eb44460e5914e8e0df726ddb90bd1f3771b8ce5af19b40fb01ac5a85b023a6f\"}},\"e2229942b0fc1e6d7f82adf258e5bdadac10046d1470b7ec459c9eb4e076026b\":{\"keytype\":\"ed25519\",\"scheme\":\"ed25519\",\"keyid_hash_algorithms\":[\"sha256\",\"sha512\"],\"keyval\":{\"public\":\"ad1950e117b29ebe7a38635a2e574123e07571e4f9a011783e053b5f15d2562a\"}},\"ecc851a051c8d6439331ff0a37c7727321fc39896a34f950f73638b8a7cb472e\":{\"keytype\":\"ed25519\",\"scheme\":\"ed25519\",\"keyid_hash_algorithms\":[\"sha256\",\"sha512\"],\"keyval\":{\"public\":\"5d451915bc2b93a0e4e4745bc6a8b292d58996d50e0fb66c78c7827152a65879\"}}},\"roles\":{\"root\":{\"keyids\":[\"1b1b1dd55b2c1c7258714cf1c1ae06f23e4607b28c762d016a9d81c48ffe5669\",\"2dcaf3d0e552f150792f7c636d45429246dcfa34ac35b46a44f5c87cd17d457e\"],\"threshold\":1},\"snapshot\":{\"keyids\":[\"07eb082f367c034a95878687f6648aa76d93652b6ee73e58817053d89af6c44f\",\"2dcaf3d0e552f150792f7c636d45429246dcfa34ac35b46a44f5c87cd17d457e\",\"ecc851a051c8d6439331ff0a37c7727321fc39896a34f950f73638b8a7cb472e\",\"e2229942b0fc1e6d7f82adf258e5bdadac10046d1470b7ec459c9eb4e076026b\",\"bfee044dd4574a281c9b7c0b6829913ef292c66c0512d1091a298cfca8493da9\",\"9eabc37383b243cd236375c66693db385911914b52556e1ec05fc70ed45e1bfe\",\"273e94e5477e306ad6de75be1524860e219e265ff9a57c81ababd0691e45706c\",\"00e432b504508246e2bd536dd6c13e55e8b3256f0be9f767fae26da6c2a28663\",\"179d107f20a2354ac5bd9a1f32a2df1763c0059617f0c132bebeb4816a1a8637\"],\"threshold\":1},\"targets\":{\"keyids\":[\"31dd7c7290d664c9b88c0dead2697175293ea7df81b7f24153a37370fd3901c3\",\"ecc851a051c8d6439331ff0a37c7727321fc39896a34f950f73638b8a7cb472e\",\"e2229942b0fc1e6d7f82adf258e5bdadac10046d1470b7ec459c9eb4e076026b\",\"bfee044dd4574a281c9b7c0b6829913ef292c66c0512d1091a298cfca8493da9\",\"9eabc37383b243cd236375c66693db385911914b52556e1ec05fc70ed45e1bfe\",\"273e94e5477e306ad6de75be1524860e219e265ff9a57c81ababd0691e45706c\",\"00e432b504508246e2bd536dd6c13e55e8b3256f0be9f767fae26da6c2a28663\",\"179d107f20a2354ac5bd9a1f32a2df1763c0059617f0c132bebeb4816a1a8637\"],\"threshold\":1},\"timestamp\":{\"keyids\":[\"9e41a9d62d94c6a1c8a304f62c5bd72d84a9f286f27e8327cedeacb09e5156cc\"],\"threshold\":1}},\"consistent_snapshot\":true},\"signatures\":[{\"keyid\":\"1b1b1dd55b2c1c7258714cf1c1ae06f23e4607b28c762d016a9d81c48ffe5669\",\"sig\":\"b46d930abb0179f7cbbe5019de694e3ff52af2eaa61cfe29d020e6d80dd3b94e8530cf78012edc4a340d5da0be515fe0d798531f0620a780ac9d0c31f1bee500\"}]}','{\"signed\":{\"_type\":\"targets\",\"spec_version\":\"1.0\",\"version\":49,\"expires\":\"2025-08-27T17:43:56Z\",\"targets\":{\"Joomla_5.1.2-Stable-Upgrade_Package.zip\":{\"length\":28134889,\"hashes\":{\"sha512\":\"d6b46cdedb9b31d01a607fe4c2f3a830a3265ed6ae5c0cb7b0f836b1b016ee7c639bd8948df00baf1b61a87f2fc71368a80b39e67ef9ec2b8842ee0ab09a620f\"},\"custom\":{\"client\":\"site\",\"description\":\"Joomla! 5.1.2 Release\",\"downloads\":[{\"url\":\"https://downloads.joomla.org/cms/joomla5/5-1-2/Joomla_5.1.2-Stable-Update_Package.zip\",\"format\":\"zip\",\"type\":\"full\"},{\"url\":\"https://github.com/joomla/joomla-cms/releases/download/5.1.2/Joomla_5.1.2-Stable-Update_Package.zip\",\"format\":\"zip\",\"type\":\"full\"},{\"url\":\"https://update.joomla.org/releases/5.1.2/Joomla_5.1.2-Stable-Update_Package.zip\",\"format\":\"zip\",\"type\":\"full\"}],\"element\":\"joomla\",\"infourl\":{\"url\":\"https://www.joomla.org/announcements/release-news/5909-joomla-5-1-2-and-joomla-4-4-6-security-and-bug-fix-release.html\",\"title\":\"Joomla! 5.1.2 Release\"},\"maintainer\":\"Joomla! Production Department\",\"maintainerurl\":\"https://www.joomla.org\",\"name\":\"Joomla! 5.1.2\",\"php_minimum\":\"8.1.0\",\"channel\":\"6.x\",\"stability\":\"Stable\",\"supported_databases\":{\"mariadb\":\"10.4\",\"mysql\":\"8.0.13\",\"postgresql\":\"11.0\"},\"targetplatform\":{\"name\":\"joomla\",\"version\":\"(5\\\\.[0-4])|^(4\\\\.4)\"},\"type\":\"file\",\"version\":\"5.1.2\"}},\"Joomla_5.2.6-Stable-Update_Package.zip\":{\"length\":28858320,\"hashes\":{\"sha512\":\"6a3d43d074e52d700c9c979f48707ac1cbcffb4a10a93b5b719250b131a0951a2202db6cc47875b702012a63db6a7df71d358b49d034b0bb28954ebdb009145c\"},\"custom\":{\"client\":\"site\",\"description\":\"Joomla! 5.2.6 Release\",\"downloads\":[{\"url\":\"https://downloads.joomla.org/cms/joomla5/5-2-6/Joomla_5.2.6-Stable-Update_Package.zip\",\"format\":\"zip\",\"type\":\"full\"},{\"url\":\"https://github.com/joomla/joomla-cms/releases/download/5.2.6/Joomla_5.2.6-Stable-Update_Package.zip\",\"format\":\"zip\",\"type\":\"full\"},{\"url\":\"https://update.joomla.org/releases/5.2.6/Joomla_5.2.6-Stable-Update_Package.zip\",\"format\":\"zip\",\"type\":\"full\"}],\"element\":\"joomla\",\"infourl\":{\"url\":\"https://www.joomla.org/announcements/release-news/5925-joomla-5-2-6-security-release.html\",\"title\":\"Joomla! 5.2.6 Release\"},\"maintainer\":\"Joomla! Production Department\",\"maintainerurl\":\"https://www.joomla.org\",\"name\":\"Joomla! 5.2.6\",\"php_minimum\":\"8.1.0\",\"channel\":\"5.x\",\"stability\":\"Stable\",\"supported_databases\":{\"mariadb\":\"10.4\",\"mysql\":\"8.0.13\",\"postgresql\":\"11.0\"},\"targetplatform\":{\"name\":\"joomla\",\"version\":\"(5\\\\.[0-4])|^(4\\\\.4)\"},\"type\":\"file\",\"version\":\"5.2.6\"}},\"Joomla_5.3.0-Stable-Update_Package.zip\":{\"length\":29094600,\"hashes\":{\"sha512\":\"6c97969b1d4c18cd64db20f49d82e4a5b8a32c563422a2b5608a5707d5425d1b7d9d3a344b2dc15f3b505e3bf198fabbbb1137cc93ced74c1de632139384efb0\"},\"custom\":{\"client\":\"site\",\"description\":\"Joomla! 5.3.0 Release\",\"downloads\":[{\"url\":\"https://downloads.joomla.org/cms/joomla5/5-3-0/Joomla_5.3.0-Stable-Update_Package.zip\",\"format\":\"zip\",\"type\":\"full\"},{\"url\":\"https://github.com/joomla/joomla-cms/releases/download/5.3.0/Joomla_5.3.0-Stable-Update_Package.zip\",\"format\":\"zip\",\"type\":\"full\"},{\"url\":\"https://update.joomla.org/releases/5.3.0/Joomla_5.3.0-Stable-Update_Package.zip\",\"format\":\"zip\",\"type\":\"full\"}],\"element\":\"joomla\",\"infourl\":{\"url\":\"https://www.joomla.org/announcements/release-news/5927-joomla-5-3-is-here.html\",\"title\":\"Joomla! 5.3.0 Release\"},\"maintainer\":\"Joomla! Production Department\",\"maintainerurl\":\"https://www.joomla.org\",\"name\":\"Joomla! 5.3.0\",\"php_minimum\":\"8.1.0\",\"channel\":\"5.x\",\"stability\":\"Stable\",\"supported_databases\":{\"mariadb\":\"10.4\",\"mysql\":\"8.0.13\",\"postgresql\":\"11.0\"},\"targetplatform\":{\"name\":\"joomla\",\"version\":\"(5\\\\.[0-4])|^(4\\\\.4)\"},\"type\":\"file\",\"version\":\"5.3.0\"}},\"Joomla_5.3.0-rc1-Release_Candidate-Update_Package.zip\":{\"length\":29060802,\"hashes\":{\"sha512\":\"498b052058fc0d4a28c8466d9db7fe8d97cbe4cf491d78cbab78d3aa66b888f30fb1fa71de1dfe26c0fd244c51dc8c7be6ba80750100ab6132eb57df444f2f53\"},\"custom\":{\"client\":\"site\",\"description\":\"Joomla! 5.3.0-rc1 Release\",\"downloads\":[{\"url\":\"https://github.com/joomla/joomla-cms/releases/download/5.3.0-rc1/Joomla_5.3.0-rc1-Release_Candidate-Update_Package.zip\",\"format\":\"zip\",\"type\":\"full\"}],\"element\":\"joomla\",\"infourl\":{\"url\":\"https://www.joomla.org/announcements/release-news/5923-joomla-5-3-0-release-candidate.html\",\"title\":\"Joomla! 5.3.0-rc1 Release\"},\"maintainer\":\"Joomla! Production Department\",\"maintainerurl\":\"https://www.joomla.org\",\"name\":\"Joomla! 5.3.0-rc1\",\"php_minimum\":\"8.1.0\",\"channel\":\"5.x\",\"stability\":\"RC\",\"supported_databases\":{\"mariadb\":\"10.4\",\"mysql\":\"8.0.13\",\"postgresql\":\"11.0\"},\"targetplatform\":{\"name\":\"joomla\",\"version\":\"(5\\\\.[0-4])|^(4\\\\.4)\"},\"type\":\"file\",\"version\":\"5.3.0-rc1\"}},\"Joomla_5.3.0-rc2-Release_Candidate-Update_Package.zip\":{\"length\":29075074,\"hashes\":{\"sha512\":\"9ecebc56f171d16ce65f9199393093201c2a34b02447dfed5703549821b21eec311da7cfdde899dd6dd9a3b823624901f351dd3c70ea7215e1b190480f30fbdb\"},\"custom\":{\"client\":\"site\",\"description\":\"Joomla! 5.3.0-rc2 Release Candidate\",\"downloads\":[{\"url\":\"https://github.com/joomla/joomla-cms/releases/download/5.3.0-rc2/Joomla_5.3.0-rc2-Release_Candidate-Update_Package.zip\",\"format\":\"zip\",\"type\":\"full\"}],\"element\":\"joomla\",\"infourl\":{\"url\":\"https://www.joomla.org/announcements/release-news/5924-joomla-5-3-0-release-candidate-2.html\",\"title\":\"Joomla! 5.3.0-rc2 Release Candidate\"},\"maintainer\":\"Joomla! Production Department\",\"maintainerurl\":\"https://www.joomla.org\",\"name\":\"Joomla! 5.3.0-rc2\",\"php_minimum\":\"8.1.0\",\"channel\":\"5.x\",\"stability\":\"RC\",\"supported_databases\":{\"mariadb\":\"10.4\",\"mysql\":\"8.0.13\",\"postgresql\":\"11.0\"},\"targetplatform\":{\"name\":\"joomla\",\"version\":\"(5\\\\.[0-4])|^(4\\\\.4)\"},\"type\":\"file\",\"version\":\"5.3.0-rc2\"}},\"Joomla_5.3.1-Stable-Update_Package.zip\":{\"length\":29295680,\"hashes\":{\"sha512\":\"a2adbe952511e3c0eb9a8e86cc60dbcb1037ea5c168b612f9a5c85005cb9259ac77e3e41c2e1ef27c1d0fbe65fe913353a467fcd582c87f3656736e2680feb82\"},\"custom\":{\"client\":\"site\",\"description\":\"Joomla! 5.3.1 Release\",\"downloads\":[{\"url\":\"https://downloads.joomla.org/cms/joomla5/5-3-1/Joomla_5.3.1-Stable-Update_Package.zip\",\"format\":\"zip\",\"type\":\"full\"},{\"url\":\"https://github.com/joomla/joomla-cms/releases/download/5.3.1/Joomla_5.3.1-Stable-Update_Package.zip\",\"format\":\"zip\",\"type\":\"full\"},{\"url\":\"https://update.joomla.org/releases/5.3.1/Joomla_5.3.1-Stable-Update_Package.zip\",\"format\":\"zip\",\"type\":\"full\"}],\"element\":\"joomla\",\"infourl\":{\"url\":\"https://www.joomla.org/announcements/release-news/5900-joomla-5-0-and-joomla-4-4-are-here\",\"title\":\"Joomla! 5.3.1 Release\"},\"maintainer\":\"Joomla! Production Department\",\"maintainerurl\":\"https://www.joomla.org\",\"name\":\"Joomla! 5.3.1\",\"php_minimum\":\"8.1.0\",\"channel\":\"5.x\",\"stability\":\"Stable\",\"supported_databases\":{\"mariadb\":\"10.4\",\"mysql\":\"8.0.13\",\"postgresql\":\"11.0\"},\"targetplatform\":{\"name\":\"joomla\",\"version\":\"(5\\\\.[0-4])|^(4\\\\.4)\"},\"type\":\"file\",\"version\":\"5.3.1\"}},\"Joomla_5.3.1-rc1-Release_Candidate-Update_Package.zip\":{\"length\":29295696,\"hashes\":{\"sha512\":\"bee8797b9cc641fd0e3ec228b5ed9de93b86ac1da481a2b75b43076b0c90975f3ffbcc5c6370f4f76ccccba68123a7fcf65f9c054287482a092930bb80e713d4\"},\"custom\":{\"client\":\"site\",\"description\":\"Joomla! 5.3.1-rc1 Release\",\"downloads\":[{\"url\":\"https://github.com/joomla/joomla-cms/releases/download/5.3.1-rc1/Joomla_5.3.1-rc1-Release_Candidate-Update_Package.zip\",\"format\":\"zip\",\"type\":\"full\"}],\"element\":\"joomla\",\"infourl\":{\"url\":\"https://github.com/joomla/joomla-cms/releases/tag/5.3.1-rc1\",\"title\":\"Joomla! 5.3.1-rc1 Release\"},\"maintainer\":\"Joomla! Production Department\",\"maintainerurl\":\"https://www.joomla.org\",\"name\":\"Joomla! 5.3.1-rc1\",\"php_minimum\":\"8.1.0\",\"channel\":\"5.x\",\"stability\":\"RC\",\"supported_databases\":{\"mariadb\":\"10.4\",\"mysql\":\"8.0.13\",\"postgresql\":\"11.0\"},\"targetplatform\":{\"name\":\"joomla\",\"version\":\"(5\\\\.[0-4])|^(4\\\\.4)\"},\"type\":\"file\",\"version\":\"5.3.1-rc1\"}},\"Joomla_5.4.0-alpha1-Alpha-Update_Package.zip\":{\"length\":29363905,\"hashes\":{\"sha512\":\"91c445a2d82e334d5f5eacbfa2048f339ed768d123ab269b706d4b086dbcc2ba385084fdcdf9af54cfbbcfc7802947ca499f3eb333615c421715dbb96fb0dd2b\"},\"custom\":{\"client\":\"site\",\"description\":\"Joomla! 5.4.0-alpha1 Release\",\"downloads\":[{\"url\":\"https://github.com/joomla/joomla-cms/releases/download/5.4.0-alpha1/Joomla_5.4.0-alpha1-Alpha-Update_Package.zip\",\"format\":\"zip\",\"type\":\"full\"}],\"element\":\"joomla\",\"infourl\":{\"url\":\"https://developer.joomla.org/news/971-your-first-glimpse-at-joomla-5-4-0-alpha1.html\",\"title\":\"Joomla! 5.4.0-alpha1 Release\"},\"maintainer\":\"Joomla! Production Department\",\"maintainerurl\":\"https://www.joomla.org\",\"name\":\"Joomla! 5.4.0-alpha1\",\"php_minimum\":\"8.1.0\",\"channel\":\"5.x\",\"stability\":\"Alpha\",\"supported_databases\":{\"mariadb\":\"10.4\",\"mysql\":\"8.0.13\",\"postgresql\":\"11.0\"},\"targetplatform\":{\"name\":\"joomla\",\"version\":\"(5\\\\.[0-4])|^(4\\\\.4)\"},\"type\":\"file\",\"version\":\"5.4.0-alpha1\"}},\"Joomla_6.0.0-alpha1-Alpha-Update_Package.zip\":{\"length\":28467740,\"hashes\":{\"sha512\":\"35dc904b9b7ea8bc84dee5e37d50a453933f378675d58af7bd34009336104d4c1ddfe46cf14b9a7bcae8953130cf9198f51c1aa5b419550819584d3044cfd8a7\"},\"custom\":{\"client\":\"site\",\"description\":\"Joomla! 6.0.0-alpha1 Release\",\"downloads\":[{\"url\":\"https://github.com/joomla/joomla-cms/releases/download/6.0.0-alpha1/Joomla_6.0.0-alpha1-Alpha-Update_Package.zip\",\"format\":\"zip\",\"type\":\"full\"}],\"element\":\"joomla\",\"infourl\":{\"url\":\"https://developer.joomla.org/news/972-joomla-6-0-alpha1-test-the-future-of-joomla.html\",\"title\":\"Joomla! 6.0.0-alpha1 Release\"},\"maintainer\":\"Joomla! Production Department\",\"maintainerurl\":\"https://www.joomla.org\",\"name\":\"Joomla! 6.0.0-alpha1\",\"php_minimum\":\"8.3.0\",\"channel\":\"6.x\",\"stability\":\"Alpha\",\"supported_databases\":{\"mariadb\":\"10.6\",\"mysql\":\"8.0.13\",\"postgresql\":\"14.0\"},\"targetplatform\":{\"name\":\"joomla\",\"version\":\"(6\\\\.[0-4])|^(5\\\\.4)\"},\"type\":\"file\",\"version\":\"6.0.0-alpha1\"}}}},\"signatures\":[{\"keyid\":\"273e94e5477e306ad6de75be1524860e219e265ff9a57c81ababd0691e45706c\",\"sig\":\"f9fe9175d1b18c5f21bb378d051226f767f207e5deef0d201d8278ad2d9555172e02487d0af25d672b3538e5f925d7733cb0a78fddb51dff32e3f061ba6acc05\"},{\"keyid\":\"e2229942b0fc1e6d7f82adf258e5bdadac10046d1470b7ec459c9eb4e076026b\",\"sig\":\"36a7ca988da3ef192b92a862974d48d16660a186ffe2078a31a89138e4a3ef072b87189b95de56eb3c8342eb73a9b4f19a5f4035a533b525e9fdbc8c16b94902\"}]}','{\"signed\":{\"_type\":\"snapshot\",\"spec_version\":\"1.0\",\"version\":57,\"expires\":\"2025-12-25T07:14:46Z\",\"meta\":{\"targets.json\":{\"length\":10196,\"hashes\":{\"sha512\":\"080ecc13c88554e002a924923532bb6bf92fda1cd07f118822b589528671a3822b2c4c309d980818d8cd42eb9d8a6144fba92f5e3da36bb6f18420e36feec5e5\"},\"version\":49}}},\"signatures\":[{\"keyid\":\"07eb082f367c034a95878687f6648aa76d93652b6ee73e58817053d89af6c44f\",\"sig\":\"c1039c1cdb1fe84d7b5b3114d80f042a2734af1fa639846e46959330d5686e1b114da71b2c106f2480995bb860c96d6be3109297ea5a341eba6c710d74839309\"}]}','{\"signed\":{\"_type\":\"timestamp\",\"spec_version\":\"1.0\",\"version\":612,\"expires\":\"2025-06-04T01:37:37Z\",\"meta\":{\"snapshot.json\":{\"length\":532,\"hashes\":{\"sha512\":\"65de7b26ad06a7979cce2c2abad7e985b996f850540f1904d7515c1431954aaeb7dbe0fc734da9cde4f07145ae823443f7c2ae8730373ecc462a1a88da6994f5\"},\"version\":57}}},\"signatures\":[{\"keyid\":\"9e41a9d62d94c6a1c8a304f62c5bd72d84a9f286f27e8327cedeacb09e5156cc\",\"sig\":\"6ddedb03c707cfbbc97568bd1865a4c527deb34afcb9aa0bea1419fc938552c51d6d537eb74614486a6fd4074ae50aa9b610382c5923a4c5009f7d70a045aa01\"}]}',NULL);

--
-- Table structure for table `l829c_ucm_base`
--

CREATE TABLE `l829c_ucm_base` (
  `ucm_id` int(10) unsigned NOT NULL,
  `ucm_item_id` int(11) NOT NULL,
  `ucm_type_id` int(11) NOT NULL,
  `ucm_language_id` int(11) NOT NULL,
  PRIMARY KEY (`ucm_id`),
  KEY `idx_ucm_item_id` (`ucm_item_id`),
  KEY `idx_ucm_type_id` (`ucm_type_id`),
  KEY `idx_ucm_language_id` (`ucm_language_id`)
) ENGINE=InnoDB DEFAULT CHARSET=utf8mb4 COLLATE=utf8mb4_unicode_ci;

--
-- Dumping data for table `l829c_ucm_base`
--


--
-- Table structure for table `l829c_ucm_content`
--

CREATE TABLE `l829c_ucm_content` (
  `core_content_id` int(10) unsigned NOT NULL AUTO_INCREMENT,
  `core_type_alias` varchar(400) NOT NULL DEFAULT '' COMMENT 'FK to the content types table',
  `core_title` varchar(400) NOT NULL DEFAULT '',
  `core_alias` varchar(400) CHARACTER SET utf8mb4 COLLATE utf8mb4_bin NOT NULL DEFAULT '',
  `core_body` mediumtext DEFAULT NULL,
  `core_state` tinyint(4) NOT NULL DEFAULT 0,
  `core_checked_out_time` datetime DEFAULT NULL,
  `core_checked_out_user_id` int(10) unsigned DEFAULT NULL,
  `core_access` int(10) unsigned NOT NULL DEFAULT 0,
  `core_params` text DEFAULT NULL,
  `core_featured` tinyint(3) unsigned NOT NULL DEFAULT 0,
  `core_metadata` varchar(2048) NOT NULL DEFAULT '' COMMENT 'JSON encoded metadata properties.',
  `core_created_user_id` int(10) unsigned NOT NULL DEFAULT 0,
  `core_created_by_alias` varchar(255) NOT NULL DEFAULT '',
  `core_created_time` datetime NOT NULL,
  `core_modified_user_id` int(10) unsigned NOT NULL DEFAULT 0 COMMENT 'Most recent user that modified',
  `core_modified_time` datetime NOT NULL,
  `core_language` char(7) NOT NULL DEFAULT '',
  `core_publish_up` datetime DEFAULT NULL,
  `core_publish_down` datetime DEFAULT NULL,
  `core_content_item_id` int(10) unsigned NOT NULL DEFAULT 0 COMMENT 'ID from the individual type table',
  `asset_id` int(10) unsigned NOT NULL DEFAULT 0 COMMENT 'FK to the #__assets table.',
  `core_images` text DEFAULT NULL,
  `core_urls` text DEFAULT NULL,
  `core_hits` int(10) unsigned NOT NULL DEFAULT 0,
  `core_version` int(10) unsigned NOT NULL DEFAULT 1,
  `core_ordering` int(11) NOT NULL DEFAULT 0,
  `core_metakey` text DEFAULT NULL,
  `core_metadesc` text DEFAULT NULL,
  `core_catid` int(10) unsigned NOT NULL DEFAULT 0,
  `core_type_id` int(10) unsigned NOT NULL DEFAULT 0,
  PRIMARY KEY (`core_content_id`),
  KEY `tag_idx` (`core_state`,`core_access`),
  KEY `idx_access` (`core_access`),
  KEY `idx_alias` (`core_alias`(100)),
  KEY `idx_language` (`core_language`),
  KEY `idx_title` (`core_title`(100)),
  KEY `idx_modified_time` (`core_modified_time`),
  KEY `idx_created_time` (`core_created_time`),
  KEY `idx_content_type` (`core_type_alias`(100)),
  KEY `idx_core_modified_user_id` (`core_modified_user_id`),
  KEY `idx_core_checked_out_user_id` (`core_checked_out_user_id`),
  KEY `idx_core_created_user_id` (`core_created_user_id`),
  KEY `idx_core_type_id` (`core_type_id`)
) ENGINE=InnoDB DEFAULT CHARSET=utf8mb4 COLLATE=utf8mb4_unicode_ci COMMENT='Contains core content data in name spaced fields';

--
-- Dumping data for table `l829c_ucm_content`
--


--
-- Table structure for table `l829c_update_sites`
--

CREATE TABLE `l829c_update_sites` (
  `update_site_id` int(11) NOT NULL AUTO_INCREMENT,
  `name` varchar(100) DEFAULT '',
  `type` varchar(20) DEFAULT '',
  `location` text NOT NULL,
  `enabled` int(11) DEFAULT 0,
  `last_check_timestamp` bigint(20) DEFAULT 0,
  `extra_query` varchar(1000) DEFAULT '',
  `checked_out` int(10) unsigned DEFAULT NULL,
  `checked_out_time` datetime DEFAULT NULL,
  PRIMARY KEY (`update_site_id`)
) ENGINE=InnoDB AUTO_INCREMENT=7 DEFAULT CHARSET=utf8mb4 COLLATE=utf8mb4_unicode_ci COMMENT='Update Sites';

--
-- Dumping data for table `l829c_update_sites`
--

INSERT INTO `l829c_update_sites` VALUES
(1,'Joomla! Core','tuf','https://update.joomla.org/cms/',1,1748879332,'',NULL,NULL),
(2,'Accredited Joomla! Translations','collection','https://update.joomla.org/language/translationlist_5.xml',1,1748879333,'',NULL,NULL),
(3,'Joomla! Update Component','extension','https://update.joomla.org/core/extensions/com_joomlaupdate.xml',1,1748879333,'',NULL,NULL),
(5,'ChronoForms v8 update server','extension','https://www.chronoengine.com/chrono_joomla_updates/chronoforms8.xml',1,1748879334,'',NULL,NULL),
(6,'Chrono library update server','library','https://www.chronoengine.com/chrono_joomla_updates/chrono_lib.xml',1,1748879334,'',NULL,NULL);

--
-- Table structure for table `l829c_update_sites_extensions`
--

CREATE TABLE `l829c_update_sites_extensions` (
  `update_site_id` int(11) NOT NULL DEFAULT 0,
  `extension_id` int(11) NOT NULL DEFAULT 0,
  PRIMARY KEY (`update_site_id`,`extension_id`)
) ENGINE=InnoDB DEFAULT CHARSET=utf8mb4 COLLATE=utf8mb4_unicode_ci COMMENT='Links extensions to update sites';

--
-- Dumping data for table `l829c_update_sites_extensions`
--

INSERT INTO `l829c_update_sites_extensions` VALUES
(1,239),
(2,240),
(2,247),
(3,24),
(5,251),
(6,255);

--
-- Table structure for table `l829c_updates`
--

CREATE TABLE `l829c_updates` (
  `update_id` int(11) NOT NULL AUTO_INCREMENT,
  `update_site_id` int(11) DEFAULT 0,
  `extension_id` int(11) DEFAULT 0,
  `name` varchar(100) DEFAULT '',
  `description` text NOT NULL,
  `element` varchar(100) DEFAULT '',
  `type` varchar(20) DEFAULT '',
  `folder` varchar(20) DEFAULT '',
  `client_id` tinyint(4) DEFAULT 0,
  `version` varchar(32) DEFAULT '',
  `data` text NOT NULL,
  `detailsurl` text NOT NULL,
  `infourl` text NOT NULL,
  `changelogurl` text DEFAULT NULL,
  `extra_query` varchar(1000) DEFAULT '',
  PRIMARY KEY (`update_id`)
) ENGINE=InnoDB AUTO_INCREMENT=652 DEFAULT CHARSET=utf8mb4 COLLATE=utf8mb4_unicode_ci COMMENT='Available Updates';

--
-- Dumping data for table `l829c_updates`
--

INSERT INTO `l829c_updates` VALUES
(596,1,239,'Joomla! 5.3.1','Joomla! 5.3.1 Release','joomla','file','',0,'5.3.1','','https://update.joomla.org/cms/','https://www.joomla.org/announcements/release-news/5900-joomla-5-0-and-joomla-4-4-are-here',NULL,''),
(597,2,0,'Afrikaans','','pkg_af-ZA','package','',0,'5.0.2.1','','https://update.joomla.org/language/details5/af-ZA_details.xml','','',''),
(598,2,0,'Arabic Unitag','','pkg_ar-AA','package','',0,'5.3.1.1','','https://update.joomla.org/language/details5/ar-AA_details.xml','','',''),
(599,2,0,'Belarusian','','pkg_be-BY','package','',0,'5.3.0.1','','https://update.joomla.org/language/details5/be-BY_details.xml','','',''),
(600,2,0,'Bulgarian','','pkg_bg-BG','package','',0,'5.3.1.4','','https://update.joomla.org/language/details5/bg-BG_details.xml','','',''),
(601,2,0,'Catalan','','pkg_ca-ES','package','',0,'5.3.1.1','','https://update.joomla.org/language/details5/ca-ES_details.xml','','',''),
(602,2,0,'Chinese, Simplified','','pkg_zh-CN','package','',0,'5.1.2.1','','https://update.joomla.org/language/details5/zh-CN_details.xml','','',''),
(603,2,0,'Chinese, Traditional','','pkg_zh-TW','package','',0,'5.0.3.1','','https://update.joomla.org/language/details5/zh-TW_details.xml','','',''),
(604,2,0,'Croatian','','pkg_hr-HR','package','',0,'5.2.1.1','','https://update.joomla.org/language/details5/hr-HR_details.xml','','',''),
(605,2,0,'Czech','','pkg_cs-CZ','package','',0,'5.3.1.1','','https://update.joomla.org/language/details5/cs-CZ_details.xml','','',''),
(606,2,0,'Danish','','pkg_da-DK','package','',0,'5.3.0.1','','https://update.joomla.org/language/details5/da-DK_details.xml','','',''),
(607,2,0,'Dutch','','pkg_nl-NL','package','',0,'5.3.1.1','','https://update.joomla.org/language/details5/nl-NL_details.xml','','',''),
(608,2,0,'English, Australia','','pkg_en-AU','package','',0,'5.3.0.1','','https://update.joomla.org/language/details5/en-AU_details.xml','','',''),
(609,2,0,'English, Canada','','pkg_en-CA','package','',0,'5.3.0.1','','https://update.joomla.org/language/details5/en-CA_details.xml','','',''),
(610,2,0,'English, New Zealand','','pkg_en-NZ','package','',0,'5.3.0.1','','https://update.joomla.org/language/details5/en-NZ_details.xml','','',''),
(611,2,0,'English, USA','','pkg_en-US','package','',0,'5.3.0.1','','https://update.joomla.org/language/details5/en-US_details.xml','','',''),
(612,2,0,'Estonian','','pkg_et-EE','package','',0,'5.2.5.1','','https://update.joomla.org/language/details5/et-EE_details.xml','','',''),
(613,2,0,'Finnish','','pkg_fi-FI','package','',0,'5.3.0.1','','https://update.joomla.org/language/details5/fi-FI_details.xml','','',''),
(614,2,0,'Flemish','','pkg_nl-BE','package','',0,'5.3.1.1','','https://update.joomla.org/language/details5/nl-BE_details.xml','','',''),
(615,2,0,'French','','pkg_fr-FR','package','',0,'5.3.1.1','','https://update.joomla.org/language/details5/fr-FR_details.xml','','',''),
(616,2,0,'French, Canada','','pkg_fr-CA','package','',0,'5.3.1.1','','https://update.joomla.org/language/details5/fr-CA_details.xml','','',''),
(617,2,0,'Georgian','','pkg_ka-GE','package','',0,'5.3.1.1','','https://update.joomla.org/language/details5/ka-GE_details.xml','','',''),
(618,2,0,'German','','pkg_de-DE','package','',0,'5.3.1.2','','https://update.joomla.org/language/details5/de-DE_details.xml','','',''),
(619,2,0,'German, Austria','','pkg_de-AT','package','',0,'5.3.1.2','','https://update.joomla.org/language/details5/de-AT_details.xml','','',''),
(620,2,0,'German, Liechtenstein','','pkg_de-LI','package','',0,'5.3.1.2','','https://update.joomla.org/language/details5/de-LI_details.xml','','',''),
(621,2,0,'German, Luxembourg','','pkg_de-LU','package','',0,'5.3.1.2','','https://update.joomla.org/language/details5/de-LU_details.xml','','',''),
(622,2,0,'German, Switzerland','','pkg_de-CH','package','',0,'5.3.1.2','','https://update.joomla.org/language/details5/de-CH_details.xml','','',''),
(623,2,0,'Greek','','pkg_el-GR','package','',0,'5.3.1.1','','https://update.joomla.org/language/details5/el-GR_details.xml','','',''),
(624,2,0,'Hungarian','','pkg_hu-HU','package','',0,'5.2.4.1','','https://update.joomla.org/language/details5/hu-HU_details.xml','','',''),
(625,2,0,'Italian','','pkg_it-IT','package','',0,'5.3.1.1','','https://update.joomla.org/language/details5/it-IT_details.xml','','',''),
(626,2,0,'Japanese','','pkg_ja-JP','package','',0,'5.3.1.1','','https://update.joomla.org/language/details5/ja-JP_details.xml','','',''),
(627,2,0,'Kazakh','','pkg_kk-KZ','package','',0,'5.0.0.4','','https://update.joomla.org/language/details5/kk-KZ_details.xml','','',''),
(628,2,0,'Korean','','pkg_ko-KR','package','',0,'5.0.2.1','','https://update.joomla.org/language/details5/ko-KR_details.xml','','',''),
(629,2,0,'Latvian','','pkg_lv-LV','package','',0,'5.2.4.1','','https://update.joomla.org/language/details5/lv-LV_details.xml','','',''),
(630,2,0,'Lithuanian','','pkg_lt-LT','package','',0,'5.3.0.1','','https://update.joomla.org/language/details5/lt-LT_details.xml','','',''),
(631,2,0,'Norwegian Bokmål','','pkg_nb-NO','package','',0,'5.2.3.1','','https://update.joomla.org/language/details5/nb-NO_details.xml','','',''),
(632,2,0,'Pashto Afghanistan','','pkg_ps-AF','package','',0,'5.0.1.1','','https://update.joomla.org/language/details5/ps-AF_details.xml','','',''),
(633,2,0,'Persian Farsi','','pkg_fa-IR','package','',0,'5.3.1.1','','https://update.joomla.org/language/details5/fa-IR_details.xml','','',''),
(634,2,0,'Polish','','pkg_pl-PL','package','',0,'5.2.4.1','','https://update.joomla.org/language/details5/pl-PL_details.xml','','',''),
(635,2,0,'Portuguese, Brazil','','pkg_pt-BR','package','',0,'5.3.0.1','','https://update.joomla.org/language/details5/pt-BR_details.xml','','',''),
(636,2,0,'Portuguese, Portugal','','pkg_pt-PT','package','',0,'5.2.2.1','','https://update.joomla.org/language/details5/pt-PT_details.xml','','',''),
(637,2,0,'Romanian','','pkg_ro-RO','package','',0,'5.3.1.1','','https://update.joomla.org/language/details5/ro-RO_details.xml','','',''),
(638,2,0,'Russian','','pkg_ru-RU','package','',0,'5.3.0.1','','https://update.joomla.org/language/details5/ru-RU_details.xml','','',''),
(639,2,0,'Serbian, Cyrillic','','pkg_sr-RS','package','',0,'5.3.1.1','','https://update.joomla.org/language/details5/sr-RS_details.xml','','',''),
(640,2,0,'Serbian, Latin','','pkg_sr-YU','package','',0,'5.2.3.1','','https://update.joomla.org/language/details5/sr-YU_details.xml','','',''),
(641,2,0,'Slovak','','pkg_sk-SK','package','',0,'5.2.6.1','','https://update.joomla.org/language/details5/sk-SK_details.xml','','',''),
(642,2,0,'Slovenian','','pkg_sl-SI','package','',0,'5.3.1.1','','https://update.joomla.org/language/details5/sl-SI_details.xml','','',''),
(643,2,247,'Spanish','','pkg_es-ES','package','',0,'5.3.1.1','','https://update.joomla.org/language/details5/es-ES_details.xml','','',''),
(644,2,0,'Swedish','','pkg_sv-SE','package','',0,'5.3.0.2','','https://update.joomla.org/language/details5/sv-SE_details.xml','','',''),
(645,2,0,'Tamil, India','','pkg_ta-IN','package','',0,'5.3.1.1','','https://update.joomla.org/language/details5/ta-IN_details.xml','','',''),
(646,2,0,'Thai','','pkg_th-TH','package','',0,'5.3.1.1','','https://update.joomla.org/language/details5/th-TH_details.xml','','',''),
(647,2,0,'Turkish','','pkg_tr-TR','package','',0,'5.3.1.1','','https://update.joomla.org/language/details5/tr-TR_details.xml','','',''),
(648,2,0,'Ukrainian','','pkg_uk-UA','package','',0,'5.1.3.1','','https://update.joomla.org/language/details5/uk-UA_details.xml','','',''),
(649,2,0,'Urdu, Pakistan','','pkg_ur-PK','package','',0,'5.1.2.1','','https://update.joomla.org/language/details5/ur-PK_details.xml','','',''),
(650,2,0,'Welsh','','pkg_cy-GB','package','',0,'5.3.1.1','','https://update.joomla.org/language/details5/cy-GB_details.xml','','',''),
(651,5,251,'Chronoforms v8','Latest update of Chronoforms v8 for Joomla 1.6, 2.5, 3.x and J4.x','com_chronoforms8','component','',1,'8.0.47','','https://www.chronoengine.com/chrono_joomla_updates/chronoforms8.xml','http://www.chronoengine.com',NULL,'');

--
-- Table structure for table `l829c_user_mfa`
--

CREATE TABLE `l829c_user_mfa` (
  `id` int(11) NOT NULL AUTO_INCREMENT,
  `user_id` int(10) unsigned NOT NULL,
  `title` varchar(255) NOT NULL DEFAULT '',
  `method` varchar(100) NOT NULL,
  `default` tinyint(4) NOT NULL DEFAULT 0,
  `options` mediumtext NOT NULL,
  `created_on` datetime NOT NULL,
  `last_used` datetime DEFAULT NULL,
  `tries` int(11) NOT NULL DEFAULT 0,
  `last_try` datetime DEFAULT NULL,
  PRIMARY KEY (`id`),
  KEY `idx_user_id` (`user_id`)
) ENGINE=InnoDB DEFAULT CHARSET=utf8mb4 COLLATE=utf8mb4_unicode_ci COMMENT='Multi-factor Authentication settings';

--
-- Dumping data for table `l829c_user_mfa`
--


--
-- Table structure for table `l829c_user_notes`
--

CREATE TABLE `l829c_user_notes` (
  `id` int(10) unsigned NOT NULL AUTO_INCREMENT,
  `user_id` int(10) unsigned NOT NULL DEFAULT 0,
  `catid` int(10) unsigned NOT NULL DEFAULT 0,
  `subject` varchar(100) NOT NULL DEFAULT '',
  `body` text NOT NULL,
  `state` tinyint(4) NOT NULL DEFAULT 0,
  `checked_out` int(10) unsigned DEFAULT NULL,
  `checked_out_time` datetime DEFAULT NULL,
  `created_user_id` int(10) unsigned NOT NULL DEFAULT 0,
  `created_time` datetime NOT NULL,
  `modified_user_id` int(10) unsigned NOT NULL DEFAULT 0,
  `modified_time` datetime NOT NULL,
  `review_time` datetime DEFAULT NULL,
  `publish_up` datetime DEFAULT NULL,
  `publish_down` datetime DEFAULT NULL,
  PRIMARY KEY (`id`),
  KEY `idx_user_id` (`user_id`),
  KEY `idx_category_id` (`catid`)
) ENGINE=InnoDB DEFAULT CHARSET=utf8mb4 COLLATE=utf8mb4_unicode_ci;

--
-- Dumping data for table `l829c_user_notes`
--


--
-- Table structure for table `l829c_user_profiles`
--

CREATE TABLE `l829c_user_profiles` (
  `user_id` int(11) NOT NULL,
  `profile_key` varchar(100) NOT NULL,
  `profile_value` text NOT NULL,
  `ordering` int(11) NOT NULL DEFAULT 0,
  UNIQUE KEY `idx_user_id_profile_key` (`user_id`,`profile_key`)
) ENGINE=InnoDB DEFAULT CHARSET=utf8mb4 COLLATE=utf8mb4_unicode_ci COMMENT='Simple user profile storage table';

--
-- Dumping data for table `l829c_user_profiles`
--


--
-- Table structure for table `l829c_user_usergroup_map`
--

CREATE TABLE `l829c_user_usergroup_map` (
  `user_id` int(10) unsigned NOT NULL DEFAULT 0 COMMENT 'Foreign Key to #__users.id',
  `group_id` int(10) unsigned NOT NULL DEFAULT 0 COMMENT 'Foreign Key to #__usergroups.id',
  PRIMARY KEY (`user_id`,`group_id`)
) ENGINE=InnoDB DEFAULT CHARSET=utf8mb4 COLLATE=utf8mb4_unicode_ci;

--
-- Dumping data for table `l829c_user_usergroup_map`
--

INSERT INTO `l829c_user_usergroup_map` VALUES
(181,8);

--
-- Table structure for table `l829c_usergroups`
--

CREATE TABLE `l829c_usergroups` (
  `id` int(10) unsigned NOT NULL AUTO_INCREMENT COMMENT 'Primary Key',
  `parent_id` int(10) unsigned NOT NULL DEFAULT 0 COMMENT 'Adjacency List Reference Id',
  `lft` int(11) NOT NULL DEFAULT 0 COMMENT 'Nested set lft.',
  `rgt` int(11) NOT NULL DEFAULT 0 COMMENT 'Nested set rgt.',
  `title` varchar(100) NOT NULL DEFAULT '',
  PRIMARY KEY (`id`),
  UNIQUE KEY `idx_usergroup_parent_title_lookup` (`parent_id`,`title`),
  KEY `idx_usergroup_title_lookup` (`title`),
  KEY `idx_usergroup_adjacency_lookup` (`parent_id`),
  KEY `idx_usergroup_nested_set_lookup` (`lft`,`rgt`) USING BTREE
) ENGINE=InnoDB AUTO_INCREMENT=10 DEFAULT CHARSET=utf8mb4 COLLATE=utf8mb4_unicode_ci;

--
-- Dumping data for table `l829c_usergroups`
--

INSERT INTO `l829c_usergroups` VALUES
(1,0,1,18,'Public'),
(2,1,8,15,'Registered'),
(3,2,9,14,'Author'),
(4,3,10,13,'Editor'),
(5,4,11,12,'Publisher'),
(6,1,4,7,'Manager'),
(7,6,5,6,'Administrator'),
(8,1,16,17,'Super Users'),
(9,1,2,3,'Guest');

--
-- Table structure for table `l829c_viewlevels`
--

CREATE TABLE `l829c_viewlevels` (
  `id` int(10) unsigned NOT NULL AUTO_INCREMENT COMMENT 'Primary Key',
  `title` varchar(100) NOT NULL DEFAULT '',
  `ordering` int(11) NOT NULL DEFAULT 0,
  `rules` varchar(5120) NOT NULL COMMENT 'JSON encoded access control.',
  PRIMARY KEY (`id`),
  UNIQUE KEY `idx_assetgroup_title_lookup` (`title`)
) ENGINE=InnoDB AUTO_INCREMENT=7 DEFAULT CHARSET=utf8mb4 COLLATE=utf8mb4_unicode_ci;

--
-- Dumping data for table `l829c_viewlevels`
--

INSERT INTO `l829c_viewlevels` VALUES
(1,'Public',0,'[1]'),
(2,'Registered',2,'[6,2,8]'),
(3,'Special',3,'[6,3,8]'),
(5,'Guest',1,'[9]'),
(6,'Super Users',4,'[8]');

--
-- Table structure for table `l829c_workflow_associations`
--

CREATE TABLE `l829c_workflow_associations` (
  `item_id` int(11) NOT NULL DEFAULT 0 COMMENT 'Extension table id value',
  `stage_id` int(11) NOT NULL COMMENT 'Foreign Key to #__workflow_stages.id',
  `extension` varchar(50) NOT NULL,
  PRIMARY KEY (`item_id`,`extension`),
  KEY `idx_item_stage_extension` (`item_id`,`stage_id`,`extension`),
  KEY `idx_item_id` (`item_id`),
  KEY `idx_stage_id` (`stage_id`),
  KEY `idx_extension` (`extension`)
) ENGINE=InnoDB DEFAULT CHARSET=utf8mb4 COLLATE=utf8mb4_unicode_ci;

--
-- Dumping data for table `l829c_workflow_associations`
--

INSERT INTO `l829c_workflow_associations` VALUES
(1,1,'com_content.article'),
(2,1,'com_content.article'),
(3,1,'com_content.article'),
(4,1,'com_content.article'),
(5,1,'com_content.article'),
(6,1,'com_content.article'),
(7,1,'com_content.article'),
(8,1,'com_content.article'),
(9,1,'com_content.article'),
(10,1,'com_content.article'),
(11,1,'com_content.article'),
(12,1,'com_content.article'),
(13,1,'com_content.article'),
(14,1,'com_content.article'),
(15,1,'com_content.article'),
(16,1,'com_content.article'),
(17,1,'com_content.article'),
(18,1,'com_content.article'),
(19,1,'com_content.article'),
(20,1,'com_content.article'),
(21,1,'com_content.article'),
(22,1,'com_content.article'),
(23,1,'com_content.article'),
(24,1,'com_content.article'),
(25,1,'com_content.article'),
(26,1,'com_content.article'),
(27,1,'com_content.article'),
(28,1,'com_content.article'),
(29,1,'com_content.article'),
(30,1,'com_content.article'),
(31,1,'com_content.article'),
(32,1,'com_content.article');

--
-- Table structure for table `l829c_workflow_stages`
--

CREATE TABLE `l829c_workflow_stages` (
  `id` int(11) NOT NULL AUTO_INCREMENT,
  `asset_id` int(11) DEFAULT 0,
  `ordering` int(11) NOT NULL DEFAULT 0,
  `workflow_id` int(11) NOT NULL,
  `published` tinyint(4) NOT NULL DEFAULT 0,
  `title` varchar(255) NOT NULL,
  `description` text NOT NULL,
  `default` tinyint(4) NOT NULL DEFAULT 0,
  `checked_out_time` datetime DEFAULT NULL,
  `checked_out` int(10) unsigned DEFAULT NULL,
  PRIMARY KEY (`id`),
  KEY `idx_workflow_id` (`workflow_id`),
  KEY `idx_checked_out` (`checked_out`),
  KEY `idx_title` (`title`(191)),
  KEY `idx_asset_id` (`asset_id`),
  KEY `idx_default` (`default`)
) ENGINE=InnoDB AUTO_INCREMENT=2 DEFAULT CHARSET=utf8mb4 COLLATE=utf8mb4_unicode_ci;

--
-- Dumping data for table `l829c_workflow_stages`
--

INSERT INTO `l829c_workflow_stages` VALUES
(1,57,1,1,1,'COM_WORKFLOW_BASIC_STAGE','',1,NULL,NULL);

--
-- Table structure for table `l829c_workflow_transitions`
--

CREATE TABLE `l829c_workflow_transitions` (
  `id` int(11) NOT NULL AUTO_INCREMENT,
  `asset_id` int(11) DEFAULT 0,
  `ordering` int(11) NOT NULL DEFAULT 0,
  `workflow_id` int(11) NOT NULL,
  `published` tinyint(4) NOT NULL DEFAULT 0,
  `title` varchar(255) NOT NULL,
  `description` text NOT NULL,
  `from_stage_id` int(11) NOT NULL,
  `to_stage_id` int(11) NOT NULL,
  `options` text NOT NULL,
  `checked_out_time` datetime DEFAULT NULL,
  `checked_out` int(10) unsigned DEFAULT NULL,
  PRIMARY KEY (`id`),
  KEY `idx_title` (`title`(191)),
  KEY `idx_asset_id` (`asset_id`),
  KEY `idx_checked_out` (`checked_out`),
  KEY `idx_from_stage_id` (`from_stage_id`),
  KEY `idx_to_stage_id` (`to_stage_id`),
  KEY `idx_workflow_id` (`workflow_id`)
) ENGINE=InnoDB AUTO_INCREMENT=8 DEFAULT CHARSET=utf8mb4 COLLATE=utf8mb4_unicode_ci;

--
-- Dumping data for table `l829c_workflow_transitions`
--

INSERT INTO `l829c_workflow_transitions` VALUES
(1,58,1,1,1,'UNPUBLISH','',-1,1,'{\"publishing\":\"0\"}',NULL,NULL),
(2,59,2,1,1,'PUBLISH','',-1,1,'{\"publishing\":\"1\"}',NULL,NULL),
(3,60,3,1,1,'TRASH','',-1,1,'{\"publishing\":\"-2\"}',NULL,NULL),
(4,61,4,1,1,'ARCHIVE','',-1,1,'{\"publishing\":\"2\"}',NULL,NULL),
(5,62,5,1,1,'FEATURE','',-1,1,'{\"featuring\":\"1\"}',NULL,NULL),
(6,63,6,1,1,'UNFEATURE','',-1,1,'{\"featuring\":\"0\"}',NULL,NULL),
(7,64,7,1,1,'PUBLISH_AND_FEATURE','',-1,1,'{\"publishing\":\"1\",\"featuring\":\"1\"}',NULL,NULL);

--
-- Table structure for table `l829c_workflows`
--

CREATE TABLE `l829c_workflows` (
  `id` int(11) NOT NULL AUTO_INCREMENT,
  `asset_id` int(11) DEFAULT 0,
  `published` tinyint(4) NOT NULL DEFAULT 0,
  `title` varchar(255) NOT NULL,
  `description` text NOT NULL,
  `extension` varchar(50) NOT NULL,
  `default` tinyint(4) NOT NULL DEFAULT 0,
  `ordering` int(11) NOT NULL DEFAULT 0,
  `created` datetime NOT NULL,
  `created_by` int(11) NOT NULL DEFAULT 0,
  `modified` datetime NOT NULL,
  `modified_by` int(11) NOT NULL DEFAULT 0,
  `checked_out_time` datetime DEFAULT NULL,
  `checked_out` int(10) unsigned DEFAULT NULL,
  PRIMARY KEY (`id`),
  KEY `idx_asset_id` (`asset_id`),
  KEY `idx_title` (`title`(191)),
  KEY `idx_extension` (`extension`),
  KEY `idx_default` (`default`),
  KEY `idx_created` (`created`),
  KEY `idx_created_by` (`created_by`),
  KEY `idx_modified` (`modified`),
  KEY `idx_modified_by` (`modified_by`),
  KEY `idx_checked_out` (`checked_out`)
) ENGINE=InnoDB AUTO_INCREMENT=2 DEFAULT CHARSET=utf8mb4 COLLATE=utf8mb4_unicode_ci;

--
-- Dumping data for table `l829c_workflows`
--

INSERT INTO `l829c_workflows` VALUES
(1,56,1,'COM_WORKFLOW_BASIC_WORKFLOW','','com_content.article',1,1,'2025-05-26 17:45:23',181,'2025-05-26 17:45:23',181,NULL,NULL);


