-- Table structure for table `dq6l9_fields`
--

CREATE TABLE `dq6l9_fields` (
  `id` int(10) unsigned NOT NULL AUTO_INCREMENT,
  `asset_id` int(10) unsigned NOT NULL DEFAULT 0,
  `context` varchar(255) NOT NULL DEFAULT '',
  `group_id` int(10) unsigned NOT NULL DEFAULT 0,
  `title` varchar(255) NOT NULL DEFAULT '',
  `name` varchar(255) NOT NULL DEFAULT '',
  `label` varchar(255) NOT NULL DEFAULT '',
  `default_value` text DEFAULT NULL,
  `type` varchar(255) NOT NULL DEFAULT 'text',
  `note` varchar(255) NOT NULL DEFAULT '',
  `description` text NOT NULL,
  `state` tinyint(4) NOT NULL DEFAULT 0,
  `required` tinyint(4) NOT NULL DEFAULT 0,
  `only_use_in_subform` tinyint(4) NOT NULL DEFAULT 0,
  `checked_out` int(10) unsigned DEFAULT NULL,
  `checked_out_time` datetime DEFAULT NULL,
  `ordering` int(11) NOT NULL DEFAULT 0,
  `params` text NOT NULL,
  `fieldparams` text NOT NULL,
  `language` char(7) NOT NULL DEFAULT '',
  `created_time` datetime NOT NULL,
  `created_user_id` int(10) unsigned NOT NULL DEFAULT 0,
  `modified_time` datetime NOT NULL,
  `modified_by` int(10) unsigned NOT NULL DEFAULT 0,
  `access` int(11) NOT NULL DEFAULT 1,
  PRIMARY KEY (`id`),
  KEY `idx_checkout` (`checked_out`),
  KEY `idx_state` (`state`),
  KEY `idx_created_user_id` (`created_user_id`),
  KEY `idx_access` (`access`),
  KEY `idx_context` (`context`(191)),
  KEY `idx_language` (`language`)
) ENGINE=InnoDB AUTO_INCREMENT=7 DEFAULT CHARSET=utf8mb4 COLLATE=utf8mb4_unicode_ci;

--
-- Dumping data for table `dq6l9_fields`
--

INSERT INTO `dq6l9_fields` VALUES
(1,134,'com_content.article',0,'imagen ','imagen-agroturisticos','imagen ','','media','','',1,0,0,NULL,NULL,0,'{\"hint\":\"\",\"class\":\"\",\"label_class\":\"\",\"show_on\":\"\",\"showon\":\"\",\"render_class\":\"\",\"value_render_class\":\"\",\"showlabel\":\"1\",\"label_render_class\":\"\",\"display\":\"2\",\"prefix\":\"\",\"suffix\":\"\",\"layout\":\"\",\"display_readonly\":\"2\",\"searchindex\":\"0\"}','{\"directory\":\"\",\"preview\":\"\",\"image_class\":\"\"}','*','2025-05-15 23:02:29',672,'2025-05-15 23:02:29',672,1),
(2,139,'com_content.article',0,'Tipo','tipo','Tipo','','text','','',1,0,0,NULL,NULL,0,'{\"hint\":\"\",\"class\":\"\",\"label_class\":\"\",\"show_on\":\"\",\"showon\":\"\",\"render_class\":\"\",\"value_render_class\":\"\",\"showlabel\":\"1\",\"label_render_class\":\"\",\"display\":\"2\",\"prefix\":\"\",\"suffix\":\"\",\"layout\":\"\",\"display_readonly\":\"2\",\"searchindex\":\"0\"}','{\"filter\":\"\",\"maxlength\":\"\"}','*','2025-05-20 18:18:28',672,'2025-05-20 18:18:28',672,1),
(3,140,'com_content.article',0,'Fecha','fecha','Fecha','','text','','',1,0,0,NULL,NULL,0,'{\"hint\":\"\",\"class\":\"\",\"label_class\":\"\",\"show_on\":\"\",\"showon\":\"\",\"render_class\":\"\",\"value_render_class\":\"\",\"showlabel\":\"1\",\"label_render_class\":\"\",\"display\":\"2\",\"prefix\":\"\",\"suffix\":\"\",\"layout\":\"\",\"display_readonly\":\"2\",\"searchindex\":\"0\"}','{\"filter\":\"\",\"maxlength\":\"\"}','*','2025-05-20 18:18:51',672,'2025-05-20 18:18:51',672,1),
(4,141,'com_content.article',0,'Dirección','direccion','Dirección','','textarea','','',1,0,0,NULL,NULL,0,'{\"hint\":\"\",\"class\":\"\",\"label_class\":\"\",\"show_on\":\"\",\"showon\":\"\",\"render_class\":\"\",\"value_render_class\":\"\",\"showlabel\":\"1\",\"label_render_class\":\"\",\"display\":\"2\",\"prefix\":\"\",\"suffix\":\"\",\"layout\":\"\",\"display_readonly\":\"2\",\"searchindex\":\"0\"}','{\"rows\":\"\",\"cols\":\"\",\"maxlength\":\"\",\"filter\":\"\"}','*','2025-05-20 18:19:19',672,'2025-05-20 18:19:19',672,1),
(5,142,'com_content.article',0,'Formas de Contacto','contacto','Formas de Contacto','','textarea','','',1,0,0,NULL,NULL,0,'{\"hint\":\"\",\"class\":\"\",\"label_class\":\"\",\"show_on\":\"\",\"showon\":\"\",\"render_class\":\"\",\"value_render_class\":\"\",\"showlabel\":\"1\",\"label_render_class\":\"\",\"display\":\"2\",\"prefix\":\"\",\"suffix\":\"\",\"layout\":\"\",\"display_readonly\":\"2\",\"searchindex\":\"0\"}','{\"rows\":\"\",\"cols\":\"\",\"maxlength\":\"\",\"filter\":\"\"}','*','2025-05-20 18:19:40',672,'2025-05-20 20:52:33',672,1),
(6,143,'com_content.article',0,'Link','link','Link','','url','','',1,0,0,NULL,NULL,0,'{\"hint\":\"\",\"class\":\"\",\"label_class\":\"\",\"show_on\":\"\",\"showon\":\"\",\"render_class\":\"\",\"value_render_class\":\"\",\"showlabel\":\"1\",\"label_render_class\":\"\",\"display\":\"2\",\"prefix\":\"\",\"suffix\":\"\",\"layout\":\"\",\"display_readonly\":\"2\",\"searchindex\":\"0\"}','{\"relative\":\"\",\"show_url\":1}','*','2025-05-20 18:20:08',672,'2025-05-20 18:20:08',672,1);

--
-- Table structure for table `dq6l9_fields_categories`
--

CREATE TABLE `dq6l9_fields_categories` (
  `field_id` int(11) NOT NULL DEFAULT 0,
  `category_id` int(11) NOT NULL DEFAULT 0,
  PRIMARY KEY (`field_id`,`category_id`)
) ENGINE=InnoDB DEFAULT CHARSET=utf8mb4 COLLATE=utf8mb4_unicode_ci;

--
-- Dumping data for table `dq6l9_fields_categories`
--

INSERT INTO `dq6l9_fields_categories` VALUES
(1,10),
(2,9),
(3,9),
(4,9),
(5,9),
(6,9);

--
-- Table structure for table `dq6l9_fields_groups`
--

CREATE TABLE `dq6l9_fields_groups` (
  `id` int(10) unsigned NOT NULL AUTO_INCREMENT,
  `asset_id` int(10) unsigned NOT NULL DEFAULT 0,
  `context` varchar(255) NOT NULL DEFAULT '',
  `title` varchar(255) NOT NULL DEFAULT '',
  `note` varchar(255) NOT NULL DEFAULT '',
  `description` text NOT NULL,
  `state` tinyint(4) NOT NULL DEFAULT 0,
  `checked_out` int(10) unsigned DEFAULT NULL,
  `checked_out_time` datetime DEFAULT NULL,
  `ordering` int(11) NOT NULL DEFAULT 0,
  `params` text NOT NULL,
  `language` char(7) NOT NULL DEFAULT '',
  `created` datetime NOT NULL,
  `created_by` int(10) unsigned NOT NULL DEFAULT 0,
  `modified` datetime NOT NULL,
  `modified_by` int(10) unsigned NOT NULL DEFAULT 0,
  `access` int(11) NOT NULL DEFAULT 1,
  PRIMARY KEY (`id`),
  KEY `idx_checkout` (`checked_out`),
  KEY `idx_state` (`state`),
  KEY `idx_created_by` (`created_by`),
  KEY `idx_access` (`access`),
  KEY `idx_context` (`context`(191)),
  KEY `idx_language` (`language`)
) ENGINE=InnoDB AUTO_INCREMENT=3 DEFAULT CHARSET=utf8mb4 COLLATE=utf8mb4_unicode_ci;

--
-- Dumping data for table `dq6l9_fields_groups`
--

INSERT INTO `dq6l9_fields_groups` VALUES
(1,133,'com_content.article','Agroturísticos','','Municipios Agroturísticos',1,NULL,NULL,0,'{\"display_readonly\":\"1\"}','*','2025-05-15 23:00:51',672,'2025-05-15 23:00:51',672,1),
(2,135,'com_content.article','Convocatoria','','',1,NULL,NULL,0,'{\"display_readonly\":\"1\"}','*','2025-05-20 00:11:54',672,'2025-05-20 00:11:54',672,1);

--
-- Table structure for table `dq6l9_fields_values`
--

CREATE TABLE `dq6l9_fields_values` (
  `field_id` int(10) unsigned NOT NULL,
  `item_id` varchar(255) NOT NULL COMMENT 'Allow references to items which have strings as ids, eg. none db systems.',
  `value` mediumtext DEFAULT NULL,
  KEY `idx_field_id` (`field_id`),
  KEY `idx_item_id` (`item_id`(191))
) ENGINE=InnoDB DEFAULT CHARSET=utf8mb4 COLLATE=utf8mb4_unicode_ci;

--
-- Dumping data for table `dq6l9_fields_values`
--

INSERT INTO `dq6l9_fields_values` VALUES
(2,'9','CONVOCATORIA'),
(3,'9','DEL 25 DE MARZO DE 2025 AL 25 DE ABRIL DE 2025'),
(2,'8','CONVOCATORIA'),
(3,'8','DEL 25 DE MARZO DEL 2025 AL 25 DE ABRIL DE 2025'),
(2,'7','CONVOCATORIA'),
(3,'7','25 DE MARZO AL 25 DE ABRIL DE 2025'),
(2,'16','CONVOCATORIA'),
(3,'16','15 DE MAYO AL 15 DE JUNIO DE 2025'),
(4,'16','DIRECCIÓN DE FINANCIAMIENTO PARA EL DESARROLLO RURAL. SECRETARÍA DE AGRICULTURA Y DESARROLLO RURAL DEL GOBIERNO DEL ESTADO DE PUEBLA, CALLE 26 NORTE, No. 1202, TERCER PISO, EDIFICIO B, COLONIA HUMBOLT, C.P. 72370, PUEBLA, PUE.'),
(5,'16','(222) 234 4362 EXT. 6585'),
(6,'16','https://sdr.puebla.gob.mx/convocatorias?start=0'),
(1,'14','{\"imagefile\":\"\",\"alt_text\":\"\"}'),
(1,'13','{\"imagefile\":\"\",\"alt_text\":\"\"}'),
(1,'12','{\"imagefile\":\"\",\"alt_text\":\"\"}'),
(1,'11','{\"imagefile\":\"\",\"alt_text\":\"\"}');

--
-- Table structure for table `dq6l9_finder_filters`
--

CREATE TABLE `dq6l9_finder_filters` (
  `filter_id` int(10) unsigned NOT NULL AUTO_INCREMENT,
  `title` varchar(255) NOT NULL,
  `alias` varchar(255) NOT NULL,
  `state` tinyint(4) NOT NULL DEFAULT 1,
  `created` datetime NOT NULL,
  `created_by` int(10) unsigned NOT NULL DEFAULT 0,
  `created_by_alias` varchar(255) NOT NULL DEFAULT '',
  `modified` datetime NOT NULL,
  `modified_by` int(10) unsigned NOT NULL DEFAULT 0,
  `checked_out` int(10) unsigned DEFAULT NULL,
  `checked_out_time` datetime DEFAULT NULL,
  `map_count` int(10) unsigned NOT NULL DEFAULT 0,
  `data` text DEFAULT NULL,
  `params` mediumtext DEFAULT NULL,
  PRIMARY KEY (`filter_id`)
) ENGINE=InnoDB DEFAULT CHARSET=utf8mb4 COLLATE=utf8mb4_unicode_ci;

--
-- Dumping data for table `dq6l9_finder_filters`
--


--
-- Table structure for table `dq6l9_finder_links`
--

CREATE TABLE `dq6l9_finder_links` (
  `link_id` int(10) unsigned NOT NULL AUTO_INCREMENT,
  `url` varchar(255) NOT NULL,
  `route` varchar(400) NOT NULL,
  `title` varchar(400) DEFAULT NULL,
  `description` text DEFAULT NULL,
  `indexdate` datetime NOT NULL,
  `md5sum` varchar(32) DEFAULT NULL,
  `published` tinyint(4) NOT NULL DEFAULT 1,
  `state` int(11) NOT NULL DEFAULT 1,
  `access` int(11) NOT NULL DEFAULT 0,
  `language` char(7) NOT NULL DEFAULT '',
  `publish_start_date` datetime DEFAULT NULL,
  `publish_end_date` datetime DEFAULT NULL,
  `start_date` datetime DEFAULT NULL,
  `end_date` datetime DEFAULT NULL,
  `list_price` double unsigned NOT NULL DEFAULT 0,
  `sale_price` double unsigned NOT NULL DEFAULT 0,
  `type_id` int(11) NOT NULL,
  `object` mediumblob DEFAULT NULL,
  PRIMARY KEY (`link_id`),
  KEY `idx_type` (`type_id`),
  KEY `idx_title` (`title`(100)),
  KEY `idx_md5` (`md5sum`),
  KEY `idx_url` (`url`(75)),
  KEY `idx_language` (`language`),
  KEY `idx_published_list` (`published`,`state`,`access`,`publish_start_date`,`publish_end_date`,`list_price`),
  KEY `idx_published_sale` (`published`,`state`,`access`,`publish_start_date`,`publish_end_date`,`sale_price`)
) ENGINE=InnoDB AUTO_INCREMENT=20 DEFAULT CHARSET=utf8mb4 COLLATE=utf8mb4_unicode_ci;

--
-- Dumping data for table `dq6l9_finder_links`
--

INSERT INTO `dq6l9_finder_links` VALUES
(1,'index.php?option=com_content&view=article&id=1','index.php?option=com_content&view=article&id=1:mision-vision-y-objetivo&catid=2','Misión, Visión y Objetivo',' Misión Impulsar el desarrollo integral del medio rural de forma ordenada, organizada y articulada, con la finalidad de incrementar la productividad del sector agrícola, ganadero y acuícola con un enfoque sustentable, considerando el Desarrollo Rural de la Entidad. Visión Ser una dependencia que impulse e implemente políticas públicas acorde a las necesidades del medio rural, con la finalidad de fortalecer la productividad del campo con un enfoque sustentable que contribuya al Desarrollo Rural del Estado. Objetivo Mejorar la productividad del medio rural contribuyendo al bienestrar de las personas, potencializando al sector primario, con base en las vocaciones productivas regionales. ','2025-05-20 16:45:45','63ac46b4a4340a4bf1f32eed39ee8c34',1,1,1,'*','2025-04-25 17:54:18',NULL,'2025-04-25 17:54:18',NULL,0,0,3,'O:52:\"Joomla\\Component\\Finder\\Administrator\\Indexer\\Result\":19:{i:0;i:1;i:1;s:5:\"es-ES\";i:2;s:699:\" Misión Impulsar el desarrollo integral del medio rural de forma ordenada, organizada y articulada, con la finalidad de incrementar la productividad del sector agrícola, ganadero y acuícola con un enfoque sustentable, considerando el Desarrollo Rural de la Entidad. Visión Ser una dependencia que impulse e implemente políticas públicas acorde a las necesidades del medio rural, con la finalidad de fortalecer la productividad del campo con un enfoque sustentable que contribuya al Desarrollo Rural del Estado. Objetivo Mejorar la productividad del medio rural contribuyendo al bienestrar de las personas, potencializando al sector primario, con base en las vocaciones productivas regionales. \";i:3;a:25:{s:2:\"id\";i:1;s:5:\"alias\";s:24:\"mision vision y objetivo\";s:7:\"summary\";s:800:\"<div class=\"uk-container container\">\r\n<h3>Misión</h3>\r\n<p>Impulsar el desarrollo integral del medio rural de forma ordenada, organizada y articulada, con la finalidad de incrementar la productividad del sector agrícola, ganadero y acuícola con un enfoque sustentable, considerando el Desarrollo Rural de la Entidad.</p>\r\n\r\n<h3>Visión</h3>\r\n<p>Ser una dependencia que impulse e implemente políticas públicas acorde a las necesidades del medio rural, con la finalidad de fortalecer la productividad del campo con un enfoque sustentable que contribuya al Desarrollo Rural del Estado.</p>\r\n\r\n<h3>Objetivo</h3>\r\n<p>Mejorar la productividad del medio rural contribuyendo al bienestrar de las personas, potencializando al sector primario, con base en las vocaciones productivas regionales.</p>\r\n</div>\";s:4:\"body\";s:0:\"\";s:6:\"images\";s:173:\"{\"image_intro\":\"\",\"image_intro_alt\":\"\",\"float_intro\":\"\",\"image_intro_caption\":\"\",\"image_fulltext\":\"\",\"image_fulltext_alt\":\"\",\"float_fulltext\":\"\",\"image_fulltext_caption\":\"\"}\";s:5:\"catid\";i:2;s:10:\"created_by\";i:672;s:16:\"created_by_alias\";s:0:\"\";s:8:\"modified\";s:19:\"2025-05-20 16:45:45\";s:11:\"modified_by\";i:672;s:6:\"params\";O:24:\"Joomla\\Registry\\Registry\":3:{s:7:\"\0*\0data\";O:8:\"stdClass\":86:{s:14:\"article_layout\";s:9:\"_:default\";s:10:\"show_title\";s:1:\"1\";s:11:\"link_titles\";s:1:\"1\";s:10:\"show_intro\";s:1:\"1\";s:19:\"info_block_position\";s:1:\"0\";s:21:\"info_block_show_title\";s:1:\"1\";s:13:\"show_category\";s:1:\"1\";s:13:\"link_category\";s:1:\"1\";s:20:\"show_parent_category\";s:1:\"0\";s:20:\"link_parent_category\";s:1:\"0\";s:17:\"show_associations\";s:1:\"0\";s:5:\"flags\";s:1:\"1\";s:11:\"show_author\";s:1:\"1\";s:11:\"link_author\";s:1:\"0\";s:16:\"show_create_date\";s:1:\"0\";s:16:\"show_modify_date\";s:1:\"0\";s:17:\"show_publish_date\";s:1:\"1\";s:20:\"show_item_navigation\";s:1:\"1\";s:13:\"show_readmore\";s:1:\"1\";s:19:\"show_readmore_title\";s:1:\"1\";s:14:\"readmore_limit\";i:100;s:9:\"show_tags\";s:1:\"1\";s:11:\"record_hits\";s:1:\"1\";s:9:\"show_hits\";s:1:\"1\";s:11:\"show_noauth\";s:1:\"0\";s:13:\"urls_position\";i:0;s:7:\"captcha\";s:0:\"\";s:23:\"show_publishing_options\";s:1:\"1\";s:20:\"show_article_options\";s:1:\"1\";s:27:\"show_configure_edit_options\";s:1:\"1\";s:16:\"show_permissions\";s:1:\"1\";s:22:\"show_associations_edit\";s:1:\"1\";s:12:\"save_history\";s:1:\"1\";s:13:\"history_limit\";i:10;s:25:\"show_urls_images_frontend\";s:1:\"0\";s:24:\"show_urls_images_backend\";s:1:\"1\";s:7:\"targeta\";i:0;s:7:\"targetb\";i:0;s:7:\"targetc\";i:0;s:11:\"float_intro\";s:4:\"left\";s:14:\"float_fulltext\";s:4:\"left\";s:15:\"category_layout\";s:6:\"_:blog\";s:19:\"show_category_title\";s:1:\"0\";s:16:\"show_description\";s:1:\"0\";s:22:\"show_description_image\";s:1:\"0\";s:8:\"maxLevel\";s:1:\"1\";s:21:\"show_empty_categories\";s:1:\"0\";s:16:\"show_no_articles\";s:1:\"1\";s:32:\"show_category_heading_title_text\";s:1:\"1\";s:16:\"show_subcat_desc\";s:1:\"1\";s:21:\"show_cat_num_articles\";s:1:\"0\";s:13:\"show_cat_tags\";s:1:\"1\";s:21:\"show_base_description\";s:1:\"1\";s:11:\"maxLevelcat\";s:2:\"-1\";s:25:\"show_empty_categories_cat\";s:1:\"0\";s:20:\"show_subcat_desc_cat\";s:1:\"1\";s:25:\"show_cat_num_articles_cat\";s:1:\"1\";s:20:\"num_leading_articles\";i:1;s:18:\"blog_class_leading\";s:0:\"\";s:18:\"num_intro_articles\";i:4;s:10:\"blog_class\";s:0:\"\";s:11:\"num_columns\";i:1;s:18:\"multi_column_order\";s:1:\"0\";s:9:\"num_links\";i:4;s:24:\"show_subcategory_content\";s:1:\"0\";s:16:\"link_intro_image\";s:1:\"0\";s:21:\"show_pagination_limit\";s:1:\"1\";s:12:\"filter_field\";s:4:\"hide\";s:13:\"show_headings\";s:1:\"1\";s:14:\"list_show_date\";s:1:\"0\";s:11:\"date_format\";s:0:\"\";s:14:\"list_show_hits\";s:1:\"1\";s:16:\"list_show_author\";s:1:\"1\";s:11:\"display_num\";s:2:\"10\";s:11:\"orderby_pri\";s:5:\"order\";s:11:\"orderby_sec\";s:5:\"rdate\";s:10:\"order_date\";s:9:\"published\";s:15:\"show_pagination\";s:1:\"2\";s:23:\"show_pagination_results\";s:1:\"1\";s:13:\"show_featured\";s:4:\"show\";s:14:\"show_feed_link\";s:1:\"1\";s:12:\"feed_summary\";s:1:\"0\";s:18:\"feed_show_readmore\";s:1:\"0\";s:7:\"sef_ids\";i:1;s:20:\"custom_fields_enable\";s:1:\"1\";s:16:\"workflow_enabled\";s:1:\"0\";}s:14:\"\0*\0initialized\";b:1;s:12:\"\0*\0separator\";s:1:\".\";}s:7:\"metakey\";s:0:\"\";s:8:\"metadesc\";s:0:\"\";s:8:\"metadata\";O:24:\"Joomla\\Registry\\Registry\":3:{s:7:\"\0*\0data\";O:8:\"stdClass\":3:{s:6:\"robots\";s:0:\"\";s:6:\"author\";s:0:\"\";s:6:\"rights\";s:0:\"\";}s:14:\"\0*\0initialized\";b:1;s:12:\"\0*\0separator\";s:1:\".\";}s:7:\"version\";i:9;s:8:\"ordering\";i:5;s:8:\"category\";s:13:\"Uncategorised\";s:9:\"cat_state\";i:1;s:10:\"cat_access\";i:1;s:4:\"slug\";s:26:\"1:mision-vision-y-objetivo\";s:7:\"catslug\";s:15:\"2:uncategorised\";s:6:\"author\";s:3:\"SDR\";s:6:\"layout\";s:7:\"article\";s:7:\"context\";s:19:\"com_content.article\";s:10:\"metaauthor\";N;}i:4;N;i:5;a:5:{i:1;a:3:{i:0;s:5:\"title\";i:1;s:8:\"subtitle\";i:2;s:2:\"id\";}i:2;a:2:{i:0;s:7:\"summary\";i:1;s:4:\"body\";}i:3;a:8:{i:0;s:4:\"meta\";i:1;s:10:\"list_price\";i:2;s:10:\"sale_price\";i:3;s:7:\"metakey\";i:4;s:8:\"metadesc\";i:5;s:10:\"metaauthor\";i:6;s:6:\"author\";i:7;s:16:\"created_by_alias\";}i:4;a:2:{i:0;s:4:\"path\";i:1;s:5:\"alias\";}i:5;a:1:{i:0;s:8:\"comments\";}}i:6;s:1:\"*\";i:7;N;i:8;N;i:9;s:19:\"2025-04-25 17:54:18\";i:10;N;i:11;s:79:\"index.php?option=com_content&view=article&id=1:mision-vision-y-objetivo&catid=2\";i:12;N;i:13;s:19:\"2025-04-25 17:54:18\";i:14;i:1;i:15;a:4:{s:4:\"Type\";a:1:{i:0;O:8:\"stdClass\":6:{s:5:\"title\";s:7:\"Article\";s:5:\"state\";i:1;s:6:\"access\";i:1;s:8:\"language\";s:0:\"\";s:6:\"nested\";b:0;s:2:\"id\";i:3;}}s:6:\"Author\";a:1:{i:0;O:8:\"stdClass\":6:{s:5:\"title\";s:3:\"SDR\";s:5:\"state\";i:1;s:6:\"access\";i:1;s:8:\"language\";s:0:\"\";s:6:\"nested\";b:0;s:2:\"id\";i:5;}}s:8:\"Category\";a:1:{i:0;O:8:\"stdClass\":6:{s:5:\"title\";s:13:\"Uncategorised\";s:5:\"state\";i:1;s:6:\"access\";i:1;s:8:\"language\";s:1:\"*\";s:6:\"nested\";b:1;s:2:\"id\";i:7;}}s:8:\"Language\";a:1:{i:0;O:8:\"stdClass\":6:{s:5:\"title\";s:1:\"*\";s:5:\"state\";i:1;s:6:\"access\";i:1;s:8:\"language\";s:0:\"\";s:6:\"nested\";b:0;s:2:\"id\";i:9;}}}i:16;s:27:\"Misión, Visión y Objetivo\";i:17;i:3;i:18;s:46:\"index.php?option=com_content&view=article&id=1\";}'),
(2,'index.php?option=com_content&view=article&id=2','index.php?option=com_content&view=article&id=2:ventanilla&catid=2','Ventanilla ',' Download Solicitudes_DVM_Signo_Distintivo Solicitudes DVM Signo Distintivo Formato de Ingreso al Catálogo Productos Orgullo Puebla Solicitud de Trabajo de Diseño Solicitud de Asesoría para la Comercialización de Agroproductos ','2025-05-20 17:18:45','01dc6072907db6051829ba2b530b2aa3',1,1,1,'*','2025-04-25 18:04:26',NULL,'2025-04-25 18:04:26',NULL,0,0,3,'O:52:\"Joomla\\Component\\Finder\\Administrator\\Indexer\\Result\":19:{i:0;i:1;i:1;s:5:\"es-ES\";i:2;s:231:\" Download Solicitudes_DVM_Signo_Distintivo Solicitudes DVM Signo Distintivo Formato de Ingreso al Catálogo Productos Orgullo Puebla Solicitud de Trabajo de Diseño Solicitud de Asesoría para la Comercialización de Agroproductos \";i:3;a:25:{s:2:\"id\";i:2;s:5:\"alias\";s:10:\"ventanilla\";s:7:\"summary\";s:803:\"<div class=\"uk-container container uk-padding\">\r\n<ul class=\"uk-list uk-list-disc\">\r\n<li><a  href=\"images/site/documentos/ventanilla/Solicitudes_DVM_Signo_Distintivo.pdf\">Download Solicitudes_DVM_Signo_Distintivo</a></li>\r\n<li><a  href=\"images/site/documentos/ventanilla/Formato_ingreso_catálogosOrgPue.pdf\">Solicitudes DVM Signo Distintivo</a></li>\r\n<li><a  href=\"images/site/documentos/ventanilla/Solicitud_diseño_formato20192024.pdf\">Formato de Ingreso al Catálogo Productos Orgullo Puebla</a></li>\r\n<li><a  href=\"images/site/documentos/ventanilla/Solicitudes_DVM_Comercialización.pdf\">Solicitud de Trabajo de Diseño</a></li>\r\n<li><a  href=\"images/site/documentos/ventanilla/Formato_de_Atención_JLCPA.pdf\">Solicitud de Asesoría para la Comercialización de Agroproductos</a></li>\r\n</ul>\r\n</div>\";s:4:\"body\";s:0:\"\";s:6:\"images\";s:173:\"{\"image_intro\":\"\",\"image_intro_alt\":\"\",\"float_intro\":\"\",\"image_intro_caption\":\"\",\"image_fulltext\":\"\",\"image_fulltext_alt\":\"\",\"float_fulltext\":\"\",\"image_fulltext_caption\":\"\"}\";s:5:\"catid\";i:2;s:10:\"created_by\";i:672;s:16:\"created_by_alias\";s:0:\"\";s:8:\"modified\";s:19:\"2025-05-20 17:18:45\";s:11:\"modified_by\";i:672;s:6:\"params\";O:24:\"Joomla\\Registry\\Registry\":3:{s:7:\"\0*\0data\";O:8:\"stdClass\":86:{s:14:\"article_layout\";s:9:\"_:default\";s:10:\"show_title\";s:1:\"1\";s:11:\"link_titles\";s:1:\"1\";s:10:\"show_intro\";s:1:\"1\";s:19:\"info_block_position\";s:1:\"0\";s:21:\"info_block_show_title\";s:1:\"1\";s:13:\"show_category\";s:1:\"1\";s:13:\"link_category\";s:1:\"1\";s:20:\"show_parent_category\";s:1:\"0\";s:20:\"link_parent_category\";s:1:\"0\";s:17:\"show_associations\";s:1:\"0\";s:5:\"flags\";s:1:\"1\";s:11:\"show_author\";s:1:\"1\";s:11:\"link_author\";s:1:\"0\";s:16:\"show_create_date\";s:1:\"0\";s:16:\"show_modify_date\";s:1:\"0\";s:17:\"show_publish_date\";s:1:\"1\";s:20:\"show_item_navigation\";s:1:\"1\";s:13:\"show_readmore\";s:1:\"1\";s:19:\"show_readmore_title\";s:1:\"1\";s:14:\"readmore_limit\";i:100;s:9:\"show_tags\";s:1:\"1\";s:11:\"record_hits\";s:1:\"1\";s:9:\"show_hits\";s:1:\"1\";s:11:\"show_noauth\";s:1:\"0\";s:13:\"urls_position\";i:0;s:7:\"captcha\";s:0:\"\";s:23:\"show_publishing_options\";s:1:\"1\";s:20:\"show_article_options\";s:1:\"1\";s:27:\"show_configure_edit_options\";s:1:\"1\";s:16:\"show_permissions\";s:1:\"1\";s:22:\"show_associations_edit\";s:1:\"1\";s:12:\"save_history\";s:1:\"1\";s:13:\"history_limit\";i:10;s:25:\"show_urls_images_frontend\";s:1:\"0\";s:24:\"show_urls_images_backend\";s:1:\"1\";s:7:\"targeta\";i:0;s:7:\"targetb\";i:0;s:7:\"targetc\";i:0;s:11:\"float_intro\";s:4:\"left\";s:14:\"float_fulltext\";s:4:\"left\";s:15:\"category_layout\";s:6:\"_:blog\";s:19:\"show_category_title\";s:1:\"0\";s:16:\"show_description\";s:1:\"0\";s:22:\"show_description_image\";s:1:\"0\";s:8:\"maxLevel\";s:1:\"1\";s:21:\"show_empty_categories\";s:1:\"0\";s:16:\"show_no_articles\";s:1:\"1\";s:32:\"show_category_heading_title_text\";s:1:\"1\";s:16:\"show_subcat_desc\";s:1:\"1\";s:21:\"show_cat_num_articles\";s:1:\"0\";s:13:\"show_cat_tags\";s:1:\"1\";s:21:\"show_base_description\";s:1:\"1\";s:11:\"maxLevelcat\";s:2:\"-1\";s:25:\"show_empty_categories_cat\";s:1:\"0\";s:20:\"show_subcat_desc_cat\";s:1:\"1\";s:25:\"show_cat_num_articles_cat\";s:1:\"1\";s:20:\"num_leading_articles\";i:1;s:18:\"blog_class_leading\";s:0:\"\";s:18:\"num_intro_articles\";i:4;s:10:\"blog_class\";s:0:\"\";s:11:\"num_columns\";i:1;s:18:\"multi_column_order\";s:1:\"0\";s:9:\"num_links\";i:4;s:24:\"show_subcategory_content\";s:1:\"0\";s:16:\"link_intro_image\";s:1:\"0\";s:21:\"show_pagination_limit\";s:1:\"1\";s:12:\"filter_field\";s:4:\"hide\";s:13:\"show_headings\";s:1:\"1\";s:14:\"list_show_date\";s:1:\"0\";s:11:\"date_format\";s:0:\"\";s:14:\"list_show_hits\";s:1:\"1\";s:16:\"list_show_author\";s:1:\"1\";s:11:\"display_num\";s:2:\"10\";s:11:\"orderby_pri\";s:5:\"order\";s:11:\"orderby_sec\";s:5:\"rdate\";s:10:\"order_date\";s:9:\"published\";s:15:\"show_pagination\";s:1:\"2\";s:23:\"show_pagination_results\";s:1:\"1\";s:13:\"show_featured\";s:4:\"show\";s:14:\"show_feed_link\";s:1:\"1\";s:12:\"feed_summary\";s:1:\"0\";s:18:\"feed_show_readmore\";s:1:\"0\";s:7:\"sef_ids\";i:1;s:20:\"custom_fields_enable\";s:1:\"1\";s:16:\"workflow_enabled\";s:1:\"0\";}s:14:\"\0*\0initialized\";b:1;s:12:\"\0*\0separator\";s:1:\".\";}s:7:\"metakey\";s:0:\"\";s:8:\"metadesc\";s:0:\"\";s:8:\"metadata\";O:24:\"Joomla\\Registry\\Registry\":3:{s:7:\"\0*\0data\";O:8:\"stdClass\":3:{s:6:\"robots\";s:0:\"\";s:6:\"author\";s:0:\"\";s:6:\"rights\";s:0:\"\";}s:14:\"\0*\0initialized\";b:1;s:12:\"\0*\0separator\";s:1:\".\";}s:7:\"version\";i:18;s:8:\"ordering\";i:4;s:8:\"category\";s:13:\"Uncategorised\";s:9:\"cat_state\";i:1;s:10:\"cat_access\";i:1;s:4:\"slug\";s:12:\"2:ventanilla\";s:7:\"catslug\";s:15:\"2:uncategorised\";s:6:\"author\";s:3:\"SDR\";s:6:\"layout\";s:7:\"article\";s:7:\"context\";s:19:\"com_content.article\";s:10:\"metaauthor\";N;}i:4;N;i:5;a:5:{i:1;a:3:{i:0;s:5:\"title\";i:1;s:8:\"subtitle\";i:2;s:2:\"id\";}i:2;a:2:{i:0;s:7:\"summary\";i:1;s:4:\"body\";}i:3;a:8:{i:0;s:4:\"meta\";i:1;s:10:\"list_price\";i:2;s:10:\"sale_price\";i:3;s:7:\"metakey\";i:4;s:8:\"metadesc\";i:5;s:10:\"metaauthor\";i:6;s:6:\"author\";i:7;s:16:\"created_by_alias\";}i:4;a:2:{i:0;s:4:\"path\";i:1;s:5:\"alias\";}i:5;a:1:{i:0;s:8:\"comments\";}}i:6;s:1:\"*\";i:7;N;i:8;N;i:9;s:19:\"2025-04-25 18:04:26\";i:10;N;i:11;s:65:\"index.php?option=com_content&view=article&id=2:ventanilla&catid=2\";i:12;N;i:13;s:19:\"2025-04-25 18:04:26\";i:14;i:1;i:15;a:4:{s:4:\"Type\";a:1:{i:0;O:8:\"stdClass\":6:{s:5:\"title\";s:7:\"Article\";s:5:\"state\";i:1;s:6:\"access\";i:1;s:8:\"language\";s:0:\"\";s:6:\"nested\";b:0;s:2:\"id\";i:3;}}s:6:\"Author\";a:1:{i:0;O:8:\"stdClass\":6:{s:5:\"title\";s:3:\"SDR\";s:5:\"state\";i:1;s:6:\"access\";i:1;s:8:\"language\";s:0:\"\";s:6:\"nested\";b:0;s:2:\"id\";i:5;}}s:8:\"Category\";a:1:{i:0;O:8:\"stdClass\":6:{s:5:\"title\";s:13:\"Uncategorised\";s:5:\"state\";i:1;s:6:\"access\";i:1;s:8:\"language\";s:1:\"*\";s:6:\"nested\";b:1;s:2:\"id\";i:7;}}s:8:\"Language\";a:1:{i:0;O:8:\"stdClass\":6:{s:5:\"title\";s:1:\"*\";s:5:\"state\";i:1;s:6:\"access\";i:1;s:8:\"language\";s:0:\"\";s:6:\"nested\";b:0;s:2:\"id\";i:9;}}}i:16;s:11:\"Ventanilla \";i:17;i:3;i:18;s:46:\"index.php?option=com_content&view=article&id=2\";}'),
(3,'index.php?option=com_content&view=article&id=3','index.php?option=com_content&view=article&id=3:programas-estatales&catid=2','Programas Estatales',' REGLAS DE OPERACIÓN DEL PROGRAMA RECUPERACIÓN DEL CAMPO POBLANO. COMPONENTE DESARROLLO DEL SECTOR PECUARIO Y ACUÍCOLA. REGLAS DE OPERACIÓN DEL PROGRAMA RECUPERACIÓN DEL CAMPO POBLANO. COMPONENTE FOMENTO E INNOVACIÓN DE LA APICULTURA. REGLAS DE OPERACIÓN DEL PROGRAMA RECUPERACIÓN DEL CAMPO POBLANO. COMPONENTE INNOVACIÓN Y SOSTENIBILIDAD DE LA CAFETICULTURA. REGLAS DE OPERACIÓN DEL PROGRAMA DESARROLLO RURAL, PRODUCTIVIDAD DE LOS PEQUEÑOS PRODUCTORES. COMPONENTE MODERNIZACIÓN Y EQUIPAMIENTO DEL CAMPO. REGLAS DE OPERACIÓN DEL PROGRAMA DE DESARROLLO RURAL, PRODUCTIVIDAD DE LOS PEQUEÑOS PRODUCTORES. COMPONENTE INSUMOS ESTRATÉGICOS PARA LA PRODUCCIÓN. ','2025-05-20 17:19:17','b910a15aef76cbe0ced882906487c06c',1,1,1,'*','2025-04-25 19:42:01',NULL,'2025-04-25 19:42:01',NULL,0,0,3,'O:52:\"Joomla\\Component\\Finder\\Administrator\\Indexer\\Result\":19:{i:0;i:1;i:1;s:5:\"es-ES\";i:2;s:670:\" REGLAS DE OPERACIÓN DEL PROGRAMA RECUPERACIÓN DEL CAMPO POBLANO. COMPONENTE DESARROLLO DEL SECTOR PECUARIO Y ACUÍCOLA. REGLAS DE OPERACIÓN DEL PROGRAMA RECUPERACIÓN DEL CAMPO POBLANO. COMPONENTE FOMENTO E INNOVACIÓN DE LA APICULTURA. REGLAS DE OPERACIÓN DEL PROGRAMA RECUPERACIÓN DEL CAMPO POBLANO. COMPONENTE INNOVACIÓN Y SOSTENIBILIDAD DE LA CAFETICULTURA. REGLAS DE OPERACIÓN DEL PROGRAMA DESARROLLO RURAL, PRODUCTIVIDAD DE LOS PEQUEÑOS PRODUCTORES. COMPONENTE MODERNIZACIÓN Y EQUIPAMIENTO DEL CAMPO. REGLAS DE OPERACIÓN DEL PROGRAMA DE DESARROLLO RURAL, PRODUCTIVIDAD DE LOS PEQUEÑOS PRODUCTORES. COMPONENTE INSUMOS ESTRATÉGICOS PARA LA PRODUCCIÓN. \";i:3;a:25:{s:2:\"id\";i:3;s:5:\"alias\";s:19:\"programas estatales\";s:7:\"summary\";s:1392:\"<div class=\"uk-container container uk-padding\">\r\n<ul class=\"uk-list uk-list-disc\">\r\n  <li><a href=\"images/site/documentos/programas/estatales/DESARROLLO_DEL_SECTOR_PECUARIO_Y_ACUICOLA.pdf\">\r\n    REGLAS DE OPERACIÓN DEL PROGRAMA RECUPERACIÓN DEL CAMPO POBLANO. COMPONENTE DESARROLLO DEL SECTOR PECUARIO Y ACUÍCOLA.\r\n  </a></li>\r\n  <li><a href=\"images/site/documentos/programas/estatales/FOMENTO_E_INNOVACION_DE_LA_APLICULTURA.pdf\"> \r\n    REGLAS DE OPERACIÓN DEL PROGRAMA RECUPERACIÓN DEL CAMPO POBLANO. COMPONENTE FOMENTO E INNOVACIÓN DE LA APICULTURA.\r\n  </a></li>\r\n  <li><a href=\"images/site/documentos/programas/estatales/INNOVACION_Y_SOSTENIBILIDAD_DE_LA_CAFETICULTURA.pdf\"> \r\n    REGLAS DE OPERACIÓN DEL PROGRAMA RECUPERACIÓN DEL CAMPO POBLANO. COMPONENTE INNOVACIÓN Y SOSTENIBILIDAD DE LA CAFETICULTURA.\r\n  </a></li>\r\n  <li><a href=\"images/site/documentos/programas/estatales/MODERNIZACION_Y_EQUIPAMIENTO_DEL_CAMPO.pdf\"> \r\n    REGLAS DE OPERACIÓN DEL PROGRAMA DESARROLLO RURAL, PRODUCTIVIDAD DE LOS PEQUEÑOS PRODUCTORES. COMPONENTE MODERNIZACIÓN Y EQUIPAMIENTO DEL CAMPO.\r\n  </a></li>\r\n  <li><a href=\"images/site/documentos/programas/estatales/INSUMOS_ESTRATEGICOS_PARA_LA_PRODUCCION.pdf\"> \r\n   REGLAS DE OPERACIÓN DEL PROGRAMA DE DESARROLLO RURAL, PRODUCTIVIDAD DE LOS PEQUEÑOS PRODUCTORES. COMPONENTE INSUMOS ESTRATÉGICOS PARA LA PRODUCCIÓN.\r\n  </a></li>\r\n</ul>\r\n</div>\";s:4:\"body\";s:0:\"\";s:6:\"images\";s:173:\"{\"image_intro\":\"\",\"image_intro_alt\":\"\",\"float_intro\":\"\",\"image_intro_caption\":\"\",\"image_fulltext\":\"\",\"image_fulltext_alt\":\"\",\"float_fulltext\":\"\",\"image_fulltext_caption\":\"\"}\";s:5:\"catid\";i:2;s:10:\"created_by\";i:672;s:16:\"created_by_alias\";s:0:\"\";s:8:\"modified\";s:19:\"2025-05-20 17:19:17\";s:11:\"modified_by\";i:672;s:6:\"params\";O:24:\"Joomla\\Registry\\Registry\":3:{s:7:\"\0*\0data\";O:8:\"stdClass\":86:{s:14:\"article_layout\";s:9:\"_:default\";s:10:\"show_title\";s:1:\"1\";s:11:\"link_titles\";s:1:\"1\";s:10:\"show_intro\";s:1:\"1\";s:19:\"info_block_position\";s:1:\"0\";s:21:\"info_block_show_title\";s:1:\"1\";s:13:\"show_category\";s:1:\"1\";s:13:\"link_category\";s:1:\"1\";s:20:\"show_parent_category\";s:1:\"0\";s:20:\"link_parent_category\";s:1:\"0\";s:17:\"show_associations\";s:1:\"0\";s:5:\"flags\";s:1:\"1\";s:11:\"show_author\";s:1:\"1\";s:11:\"link_author\";s:1:\"0\";s:16:\"show_create_date\";s:1:\"0\";s:16:\"show_modify_date\";s:1:\"0\";s:17:\"show_publish_date\";s:1:\"1\";s:20:\"show_item_navigation\";s:1:\"1\";s:13:\"show_readmore\";s:1:\"1\";s:19:\"show_readmore_title\";s:1:\"1\";s:14:\"readmore_limit\";i:100;s:9:\"show_tags\";s:1:\"1\";s:11:\"record_hits\";s:1:\"1\";s:9:\"show_hits\";s:1:\"1\";s:11:\"show_noauth\";s:1:\"0\";s:13:\"urls_position\";i:0;s:7:\"captcha\";s:0:\"\";s:23:\"show_publishing_options\";s:1:\"1\";s:20:\"show_article_options\";s:1:\"1\";s:27:\"show_configure_edit_options\";s:1:\"1\";s:16:\"show_permissions\";s:1:\"1\";s:22:\"show_associations_edit\";s:1:\"1\";s:12:\"save_history\";s:1:\"1\";s:13:\"history_limit\";i:10;s:25:\"show_urls_images_frontend\";s:1:\"0\";s:24:\"show_urls_images_backend\";s:1:\"1\";s:7:\"targeta\";i:0;s:7:\"targetb\";i:0;s:7:\"targetc\";i:0;s:11:\"float_intro\";s:4:\"left\";s:14:\"float_fulltext\";s:4:\"left\";s:15:\"category_layout\";s:6:\"_:blog\";s:19:\"show_category_title\";s:1:\"0\";s:16:\"show_description\";s:1:\"0\";s:22:\"show_description_image\";s:1:\"0\";s:8:\"maxLevel\";s:1:\"1\";s:21:\"show_empty_categories\";s:1:\"0\";s:16:\"show_no_articles\";s:1:\"1\";s:32:\"show_category_heading_title_text\";s:1:\"1\";s:16:\"show_subcat_desc\";s:1:\"1\";s:21:\"show_cat_num_articles\";s:1:\"0\";s:13:\"show_cat_tags\";s:1:\"1\";s:21:\"show_base_description\";s:1:\"1\";s:11:\"maxLevelcat\";s:2:\"-1\";s:25:\"show_empty_categories_cat\";s:1:\"0\";s:20:\"show_subcat_desc_cat\";s:1:\"1\";s:25:\"show_cat_num_articles_cat\";s:1:\"1\";s:20:\"num_leading_articles\";i:1;s:18:\"blog_class_leading\";s:0:\"\";s:18:\"num_intro_articles\";i:4;s:10:\"blog_class\";s:0:\"\";s:11:\"num_columns\";i:1;s:18:\"multi_column_order\";s:1:\"0\";s:9:\"num_links\";i:4;s:24:\"show_subcategory_content\";s:1:\"0\";s:16:\"link_intro_image\";s:1:\"0\";s:21:\"show_pagination_limit\";s:1:\"1\";s:12:\"filter_field\";s:4:\"hide\";s:13:\"show_headings\";s:1:\"1\";s:14:\"list_show_date\";s:1:\"0\";s:11:\"date_format\";s:0:\"\";s:14:\"list_show_hits\";s:1:\"1\";s:16:\"list_show_author\";s:1:\"1\";s:11:\"display_num\";s:2:\"10\";s:11:\"orderby_pri\";s:5:\"order\";s:11:\"orderby_sec\";s:5:\"rdate\";s:10:\"order_date\";s:9:\"published\";s:15:\"show_pagination\";s:1:\"2\";s:23:\"show_pagination_results\";s:1:\"1\";s:13:\"show_featured\";s:4:\"show\";s:14:\"show_feed_link\";s:1:\"1\";s:12:\"feed_summary\";s:1:\"0\";s:18:\"feed_show_readmore\";s:1:\"0\";s:7:\"sef_ids\";i:1;s:20:\"custom_fields_enable\";s:1:\"1\";s:16:\"workflow_enabled\";s:1:\"0\";}s:14:\"\0*\0initialized\";b:1;s:12:\"\0*\0separator\";s:1:\".\";}s:7:\"metakey\";s:0:\"\";s:8:\"metadesc\";s:0:\"\";s:8:\"metadata\";O:24:\"Joomla\\Registry\\Registry\":3:{s:7:\"\0*\0data\";O:8:\"stdClass\":3:{s:6:\"robots\";s:0:\"\";s:6:\"author\";s:0:\"\";s:6:\"rights\";s:0:\"\";}s:14:\"\0*\0initialized\";b:1;s:12:\"\0*\0separator\";s:1:\".\";}s:7:\"version\";i:2;s:8:\"ordering\";i:3;s:8:\"category\";s:13:\"Uncategorised\";s:9:\"cat_state\";i:1;s:10:\"cat_access\";i:1;s:4:\"slug\";s:21:\"3:programas-estatales\";s:7:\"catslug\";s:15:\"2:uncategorised\";s:6:\"author\";s:3:\"SDR\";s:6:\"layout\";s:7:\"article\";s:7:\"context\";s:19:\"com_content.article\";s:10:\"metaauthor\";N;}i:4;N;i:5;a:5:{i:1;a:3:{i:0;s:5:\"title\";i:1;s:8:\"subtitle\";i:2;s:2:\"id\";}i:2;a:2:{i:0;s:7:\"summary\";i:1;s:4:\"body\";}i:3;a:8:{i:0;s:4:\"meta\";i:1;s:10:\"list_price\";i:2;s:10:\"sale_price\";i:3;s:7:\"metakey\";i:4;s:8:\"metadesc\";i:5;s:10:\"metaauthor\";i:6;s:6:\"author\";i:7;s:16:\"created_by_alias\";}i:4;a:2:{i:0;s:4:\"path\";i:1;s:5:\"alias\";}i:5;a:1:{i:0;s:8:\"comments\";}}i:6;s:1:\"*\";i:7;N;i:8;N;i:9;s:19:\"2025-04-25 19:42:01\";i:10;N;i:11;s:74:\"index.php?option=com_content&view=article&id=3:programas-estatales&catid=2\";i:12;N;i:13;s:19:\"2025-04-25 19:42:01\";i:14;i:1;i:15;a:4:{s:4:\"Type\";a:1:{i:0;O:8:\"stdClass\":6:{s:5:\"title\";s:7:\"Article\";s:5:\"state\";i:1;s:6:\"access\";i:1;s:8:\"language\";s:0:\"\";s:6:\"nested\";b:0;s:2:\"id\";i:3;}}s:6:\"Author\";a:1:{i:0;O:8:\"stdClass\":6:{s:5:\"title\";s:3:\"SDR\";s:5:\"state\";i:1;s:6:\"access\";i:1;s:8:\"language\";s:0:\"\";s:6:\"nested\";b:0;s:2:\"id\";i:5;}}s:8:\"Category\";a:1:{i:0;O:8:\"stdClass\":6:{s:5:\"title\";s:13:\"Uncategorised\";s:5:\"state\";i:1;s:6:\"access\";i:1;s:8:\"language\";s:1:\"*\";s:6:\"nested\";b:1;s:2:\"id\";i:7;}}s:8:\"Language\";a:1:{i:0;O:8:\"stdClass\":6:{s:5:\"title\";s:1:\"*\";s:5:\"state\";i:1;s:6:\"access\";i:1;s:8:\"language\";s:0:\"\";s:6:\"nested\";b:0;s:2:\"id\";i:9;}}}i:16;s:19:\"Programas Estatales\";i:17;i:3;i:18;s:46:\"index.php?option=com_content&view=article&id=3\";}'),
(4,'index.php?option=com_content&view=article&id=4','index.php?option=com_content&view=article&id=4:programas-federales&catid=2','Programas en concurrencia (federales)',' ROP Programa de Sanidad e Inocuidad Agroalimentaria 2019 Programa de Concurrencia con las entidades federativas 2019 Lineamientos Técnicos Específicos para la Ejecución y Operación del Programa de Sanidad e Inocuidad Agroalimentaria 2019 Lineamiento de Operación del Programa de Desarrollo Rural de la Secretaría de Desarrollo Rural para el ejercicio fiscal 2019 ','2025-05-20 17:19:51','f210693c1e98cf8f3a250417702ec27b',1,1,1,'*','2025-04-25 19:52:13',NULL,'2025-04-25 19:52:13',NULL,0,0,3,'O:52:\"Joomla\\Component\\Finder\\Administrator\\Indexer\\Result\":19:{i:0;i:1;i:1;s:5:\"es-ES\";i:2;s:370:\" ROP Programa de Sanidad e Inocuidad Agroalimentaria 2019 Programa de Concurrencia con las entidades federativas 2019 Lineamientos Técnicos Específicos para la Ejecución y Operación del Programa de Sanidad e Inocuidad Agroalimentaria 2019 Lineamiento de Operación del Programa de Desarrollo Rural de la Secretaría de Desarrollo Rural para el ejercicio fiscal 2019 \";i:3;a:25:{s:2:\"id\";i:4;s:5:\"alias\";s:19:\"programas federales\";s:7:\"summary\";s:1165:\"<div class=\"uk-container container uk-padding\">\r\n<ul class=\"uk-list uk-list-disc\">\r\n   <li><a href=\"images/site/documentos/programas/federales/rop-programa-de-sanidad-e-inocuidad-agroalimentaria-2019.pdf\">\r\n    ROP Programa de Sanidad e Inocuidad Agroalimentaria 2019\r\n  </a></li>\r\n    <li><a href=\"images/site/documentos/programas/federales/programa-de-concurrencia-con-las-entidades-federativas-2019.pdf\">\r\n    Programa de Concurrencia con las entidades federativas 2019\r\n  </a></li>\r\n   <li><a href=\"images/site/documentos/programas/federales/lineamientos-tecnicos-especificos-para-la-ejecucion-y-operacion-del-programa-de-sanidad-e-inocuidad-agroalimentaria-2019.pdf\">\r\n    Lineamientos Técnicos Específicos para la Ejecución y Operación del Programa de Sanidad e Inocuidad Agroalimentaria 2019\r\n  </a></li>\r\n  <li><a href=\"images/site/documentos/programas/federales/lineamiento-de-operacion-del-programa-de-desarrollo-rural-de-la-secretaria-de-desarrollo-rural-para-el-ejercicio-fiscal-2019.pdf\">\r\n    Lineamiento de Operación del Programa de Desarrollo Rural de la Secretaría de Desarrollo Rural para el ejercicio fiscal 2019\r\n  </a></li>\r\n</ul>\r\n</div>\";s:4:\"body\";s:0:\"\";s:6:\"images\";s:173:\"{\"image_intro\":\"\",\"image_intro_alt\":\"\",\"float_intro\":\"\",\"image_intro_caption\":\"\",\"image_fulltext\":\"\",\"image_fulltext_alt\":\"\",\"float_fulltext\":\"\",\"image_fulltext_caption\":\"\"}\";s:5:\"catid\";i:2;s:10:\"created_by\";i:672;s:16:\"created_by_alias\";s:0:\"\";s:8:\"modified\";s:19:\"2025-05-20 17:19:51\";s:11:\"modified_by\";i:672;s:6:\"params\";O:24:\"Joomla\\Registry\\Registry\":3:{s:7:\"\0*\0data\";O:8:\"stdClass\":86:{s:14:\"article_layout\";s:9:\"_:default\";s:10:\"show_title\";s:1:\"1\";s:11:\"link_titles\";s:1:\"1\";s:10:\"show_intro\";s:1:\"1\";s:19:\"info_block_position\";s:1:\"0\";s:21:\"info_block_show_title\";s:1:\"1\";s:13:\"show_category\";s:1:\"1\";s:13:\"link_category\";s:1:\"1\";s:20:\"show_parent_category\";s:1:\"0\";s:20:\"link_parent_category\";s:1:\"0\";s:17:\"show_associations\";s:1:\"0\";s:5:\"flags\";s:1:\"1\";s:11:\"show_author\";s:1:\"1\";s:11:\"link_author\";s:1:\"0\";s:16:\"show_create_date\";s:1:\"0\";s:16:\"show_modify_date\";s:1:\"0\";s:17:\"show_publish_date\";s:1:\"1\";s:20:\"show_item_navigation\";s:1:\"1\";s:13:\"show_readmore\";s:1:\"1\";s:19:\"show_readmore_title\";s:1:\"1\";s:14:\"readmore_limit\";i:100;s:9:\"show_tags\";s:1:\"1\";s:11:\"record_hits\";s:1:\"1\";s:9:\"show_hits\";s:1:\"1\";s:11:\"show_noauth\";s:1:\"0\";s:13:\"urls_position\";i:0;s:7:\"captcha\";s:0:\"\";s:23:\"show_publishing_options\";s:1:\"1\";s:20:\"show_article_options\";s:1:\"1\";s:27:\"show_configure_edit_options\";s:1:\"1\";s:16:\"show_permissions\";s:1:\"1\";s:22:\"show_associations_edit\";s:1:\"1\";s:12:\"save_history\";s:1:\"1\";s:13:\"history_limit\";i:10;s:25:\"show_urls_images_frontend\";s:1:\"0\";s:24:\"show_urls_images_backend\";s:1:\"1\";s:7:\"targeta\";i:0;s:7:\"targetb\";i:0;s:7:\"targetc\";i:0;s:11:\"float_intro\";s:4:\"left\";s:14:\"float_fulltext\";s:4:\"left\";s:15:\"category_layout\";s:6:\"_:blog\";s:19:\"show_category_title\";s:1:\"0\";s:16:\"show_description\";s:1:\"0\";s:22:\"show_description_image\";s:1:\"0\";s:8:\"maxLevel\";s:1:\"1\";s:21:\"show_empty_categories\";s:1:\"0\";s:16:\"show_no_articles\";s:1:\"1\";s:32:\"show_category_heading_title_text\";s:1:\"1\";s:16:\"show_subcat_desc\";s:1:\"1\";s:21:\"show_cat_num_articles\";s:1:\"0\";s:13:\"show_cat_tags\";s:1:\"1\";s:21:\"show_base_description\";s:1:\"1\";s:11:\"maxLevelcat\";s:2:\"-1\";s:25:\"show_empty_categories_cat\";s:1:\"0\";s:20:\"show_subcat_desc_cat\";s:1:\"1\";s:25:\"show_cat_num_articles_cat\";s:1:\"1\";s:20:\"num_leading_articles\";i:1;s:18:\"blog_class_leading\";s:0:\"\";s:18:\"num_intro_articles\";i:4;s:10:\"blog_class\";s:0:\"\";s:11:\"num_columns\";i:1;s:18:\"multi_column_order\";s:1:\"0\";s:9:\"num_links\";i:4;s:24:\"show_subcategory_content\";s:1:\"0\";s:16:\"link_intro_image\";s:1:\"0\";s:21:\"show_pagination_limit\";s:1:\"1\";s:12:\"filter_field\";s:4:\"hide\";s:13:\"show_headings\";s:1:\"1\";s:14:\"list_show_date\";s:1:\"0\";s:11:\"date_format\";s:0:\"\";s:14:\"list_show_hits\";s:1:\"1\";s:16:\"list_show_author\";s:1:\"1\";s:11:\"display_num\";s:2:\"10\";s:11:\"orderby_pri\";s:5:\"order\";s:11:\"orderby_sec\";s:5:\"rdate\";s:10:\"order_date\";s:9:\"published\";s:15:\"show_pagination\";s:1:\"2\";s:23:\"show_pagination_results\";s:1:\"1\";s:13:\"show_featured\";s:4:\"show\";s:14:\"show_feed_link\";s:1:\"1\";s:12:\"feed_summary\";s:1:\"0\";s:18:\"feed_show_readmore\";s:1:\"0\";s:7:\"sef_ids\";i:1;s:20:\"custom_fields_enable\";s:1:\"1\";s:16:\"workflow_enabled\";s:1:\"0\";}s:14:\"\0*\0initialized\";b:1;s:12:\"\0*\0separator\";s:1:\".\";}s:7:\"metakey\";s:0:\"\";s:8:\"metadesc\";s:0:\"\";s:8:\"metadata\";O:24:\"Joomla\\Registry\\Registry\":3:{s:7:\"\0*\0data\";O:8:\"stdClass\":3:{s:6:\"robots\";s:0:\"\";s:6:\"author\";s:0:\"\";s:6:\"rights\";s:0:\"\";}s:14:\"\0*\0initialized\";b:1;s:12:\"\0*\0separator\";s:1:\".\";}s:7:\"version\";i:4;s:8:\"ordering\";i:2;s:8:\"category\";s:13:\"Uncategorised\";s:9:\"cat_state\";i:1;s:10:\"cat_access\";i:1;s:4:\"slug\";s:21:\"4:programas-federales\";s:7:\"catslug\";s:15:\"2:uncategorised\";s:6:\"author\";s:3:\"SDR\";s:6:\"layout\";s:7:\"article\";s:7:\"context\";s:19:\"com_content.article\";s:10:\"metaauthor\";N;}i:4;N;i:5;a:5:{i:1;a:3:{i:0;s:5:\"title\";i:1;s:8:\"subtitle\";i:2;s:2:\"id\";}i:2;a:2:{i:0;s:7:\"summary\";i:1;s:4:\"body\";}i:3;a:8:{i:0;s:4:\"meta\";i:1;s:10:\"list_price\";i:2;s:10:\"sale_price\";i:3;s:7:\"metakey\";i:4;s:8:\"metadesc\";i:5;s:10:\"metaauthor\";i:6;s:6:\"author\";i:7;s:16:\"created_by_alias\";}i:4;a:2:{i:0;s:4:\"path\";i:1;s:5:\"alias\";}i:5;a:1:{i:0;s:8:\"comments\";}}i:6;s:1:\"*\";i:7;N;i:8;N;i:9;s:19:\"2025-04-25 19:52:13\";i:10;N;i:11;s:74:\"index.php?option=com_content&view=article&id=4:programas-federales&catid=2\";i:12;N;i:13;s:19:\"2025-04-25 19:52:13\";i:14;i:1;i:15;a:4:{s:4:\"Type\";a:1:{i:0;O:8:\"stdClass\":6:{s:5:\"title\";s:7:\"Article\";s:5:\"state\";i:1;s:6:\"access\";i:1;s:8:\"language\";s:0:\"\";s:6:\"nested\";b:0;s:2:\"id\";i:3;}}s:6:\"Author\";a:1:{i:0;O:8:\"stdClass\":6:{s:5:\"title\";s:3:\"SDR\";s:5:\"state\";i:1;s:6:\"access\";i:1;s:8:\"language\";s:0:\"\";s:6:\"nested\";b:0;s:2:\"id\";i:5;}}s:8:\"Category\";a:1:{i:0;O:8:\"stdClass\":6:{s:5:\"title\";s:13:\"Uncategorised\";s:5:\"state\";i:1;s:6:\"access\";i:1;s:8:\"language\";s:1:\"*\";s:6:\"nested\";b:1;s:2:\"id\";i:7;}}s:8:\"Language\";a:1:{i:0;O:8:\"stdClass\":6:{s:5:\"title\";s:1:\"*\";s:5:\"state\";i:1;s:6:\"access\";i:1;s:8:\"language\";s:0:\"\";s:6:\"nested\";b:0;s:2:\"id\";i:9;}}}i:16;s:37:\"Programas en concurrencia (federales)\";i:17;i:3;i:18;s:46:\"index.php?option=com_content&view=article&id=4\";}'),
(5,'index.php?option=com_content&view=category&id=8','index.php?option=com_content&view=category&id=8','Slider','','2025-05-02 23:34:30','dcaadd306ae9ef5e1e28916cae527421',1,1,1,'*',NULL,NULL,'2025-05-02 23:34:30',NULL,0,0,1,'O:52:\"Joomla\\Component\\Finder\\Administrator\\Indexer\\Result\":19:{i:0;i:1;i:1;s:5:\"es-ES\";i:2;s:0:\"\";i:3;a:17:{s:2:\"id\";i:8;s:5:\"alias\";s:6:\"slider\";s:9:\"extension\";s:11:\"com_content\";s:7:\"metakey\";s:0:\"\";s:8:\"metadesc\";s:0:\"\";s:8:\"metadata\";O:24:\"Joomla\\Registry\\Registry\":3:{s:7:\"\0*\0data\";O:8:\"stdClass\":2:{s:6:\"author\";s:0:\"\";s:6:\"robots\";s:0:\"\";}s:14:\"\0*\0initialized\";b:1;s:12:\"\0*\0separator\";s:1:\".\";}s:3:\"lft\";i:11;s:9:\"parent_id\";i:1;s:5:\"level\";i:1;s:6:\"params\";O:24:\"Joomla\\Registry\\Registry\":3:{s:7:\"\0*\0data\";O:8:\"stdClass\":3:{s:15:\"category_layout\";s:0:\"\";s:5:\"image\";s:0:\"\";s:9:\"image_alt\";s:0:\"\";}s:14:\"\0*\0initialized\";b:1;s:12:\"\0*\0separator\";s:1:\".\";}s:7:\"summary\";s:0:\"\";s:10:\"created_by\";i:672;s:8:\"modified\";s:19:\"2025-05-02 23:34:30\";s:11:\"modified_by\";i:672;s:4:\"slug\";s:8:\"8:slider\";s:6:\"layout\";s:8:\"category\";s:10:\"metaauthor\";N;}i:4;N;i:5;a:5:{i:1;a:3:{i:0;s:5:\"title\";i:1;s:8:\"subtitle\";i:2;s:2:\"id\";}i:2;a:2:{i:0;s:7:\"summary\";i:1;s:4:\"body\";}i:3;a:8:{i:0;s:4:\"meta\";i:1;s:10:\"list_price\";i:2;s:10:\"sale_price\";i:3;s:4:\"link\";i:4;s:7:\"metakey\";i:5;s:8:\"metadesc\";i:6;s:10:\"metaauthor\";i:7;s:6:\"author\";}i:4;a:2:{i:0;s:4:\"path\";i:1;s:5:\"alias\";}i:5;a:1:{i:0;s:8:\"comments\";}}i:6;s:1:\"*\";i:7;N;i:8;N;i:9;N;i:10;N;i:11;s:47:\"index.php?option=com_content&view=category&id=8\";i:12;N;i:13;s:19:\"2025-05-02 23:34:30\";i:14;i:1;i:15;a:2:{s:4:\"Type\";a:1:{i:0;O:8:\"stdClass\":6:{s:5:\"title\";s:8:\"Category\";s:5:\"state\";i:1;s:6:\"access\";i:1;s:8:\"language\";s:0:\"\";s:6:\"nested\";b:0;s:2:\"id\";i:10;}}s:8:\"Language\";a:1:{i:0;O:8:\"stdClass\":6:{s:5:\"title\";s:1:\"*\";s:5:\"state\";i:1;s:6:\"access\";i:1;s:8:\"language\";s:0:\"\";s:6:\"nested\";b:0;s:2:\"id\";i:9;}}}i:16;s:6:\"Slider\";i:17;i:1;i:18;s:47:\"index.php?option=com_content&view=category&id=8\";}'),
(6,'index.php?option=com_content&view=article&id=5','index.php?option=com_content&view=article&id=5:slider-ceniza&catid=8','Slider Ceniza ','','2025-05-06 18:21:55','cafb64616148e98e20af88f603ab7fdb',1,0,1,'*','2025-05-06 18:21:55',NULL,'2025-05-06 18:21:55',NULL,0,0,3,'O:52:\"Joomla\\Component\\Finder\\Administrator\\Indexer\\Result\":19:{i:0;i:1;i:1;s:5:\"es-ES\";i:2;s:0:\"\";i:3;a:27:{s:2:\"id\";i:5;s:5:\"alias\";s:13:\"slider ceniza\";s:7:\"summary\";s:0:\"\";s:4:\"body\";s:0:\"\";s:6:\"images\";s:300:\"{\"image_intro\":\"images\\/site\\/slider\\/CenizaVolcanica.jpg#joomlaImage:\\/\\/local-images\\/site\\/slider\\/CenizaVolcanica.jpg?width=1600&height=449\",\"image_intro_alt\":\"\",\"float_intro\":\"\",\"image_intro_caption\":\"\",\"image_fulltext\":\"\",\"image_fulltext_alt\":\"\",\"float_fulltext\":\"\",\"image_fulltext_caption\":\"\"}\";s:5:\"catid\";i:8;s:10:\"created_by\";i:672;s:16:\"created_by_alias\";s:0:\"\";s:8:\"modified\";s:19:\"2025-05-06 18:21:55\";s:11:\"modified_by\";i:672;s:6:\"params\";O:24:\"Joomla\\Registry\\Registry\":3:{s:7:\"\0*\0data\";O:8:\"stdClass\":86:{s:14:\"article_layout\";s:9:\"_:default\";s:10:\"show_title\";s:1:\"1\";s:11:\"link_titles\";s:1:\"1\";s:10:\"show_intro\";s:1:\"1\";s:19:\"info_block_position\";s:1:\"0\";s:21:\"info_block_show_title\";s:1:\"1\";s:13:\"show_category\";s:1:\"1\";s:13:\"link_category\";s:1:\"1\";s:20:\"show_parent_category\";s:1:\"0\";s:20:\"link_parent_category\";s:1:\"0\";s:17:\"show_associations\";s:1:\"0\";s:5:\"flags\";s:1:\"1\";s:11:\"show_author\";s:1:\"1\";s:11:\"link_author\";s:1:\"0\";s:16:\"show_create_date\";s:1:\"0\";s:16:\"show_modify_date\";s:1:\"0\";s:17:\"show_publish_date\";s:1:\"1\";s:20:\"show_item_navigation\";s:1:\"1\";s:13:\"show_readmore\";s:1:\"1\";s:19:\"show_readmore_title\";s:1:\"1\";s:14:\"readmore_limit\";i:100;s:9:\"show_tags\";s:1:\"1\";s:11:\"record_hits\";s:1:\"1\";s:9:\"show_hits\";s:1:\"1\";s:11:\"show_noauth\";s:1:\"0\";s:13:\"urls_position\";i:0;s:7:\"captcha\";s:0:\"\";s:23:\"show_publishing_options\";s:1:\"1\";s:20:\"show_article_options\";s:1:\"1\";s:27:\"show_configure_edit_options\";s:1:\"1\";s:16:\"show_permissions\";s:1:\"1\";s:22:\"show_associations_edit\";s:1:\"1\";s:12:\"save_history\";s:1:\"1\";s:13:\"history_limit\";i:10;s:25:\"show_urls_images_frontend\";s:1:\"0\";s:24:\"show_urls_images_backend\";s:1:\"1\";s:7:\"targeta\";i:0;s:7:\"targetb\";i:0;s:7:\"targetc\";i:0;s:11:\"float_intro\";s:4:\"left\";s:14:\"float_fulltext\";s:4:\"left\";s:15:\"category_layout\";s:6:\"_:blog\";s:19:\"show_category_title\";s:1:\"0\";s:16:\"show_description\";s:1:\"0\";s:22:\"show_description_image\";s:1:\"0\";s:8:\"maxLevel\";s:1:\"1\";s:21:\"show_empty_categories\";s:1:\"0\";s:16:\"show_no_articles\";s:1:\"1\";s:32:\"show_category_heading_title_text\";s:1:\"1\";s:16:\"show_subcat_desc\";s:1:\"1\";s:21:\"show_cat_num_articles\";s:1:\"0\";s:13:\"show_cat_tags\";s:1:\"1\";s:21:\"show_base_description\";s:1:\"1\";s:11:\"maxLevelcat\";s:2:\"-1\";s:25:\"show_empty_categories_cat\";s:1:\"0\";s:20:\"show_subcat_desc_cat\";s:1:\"1\";s:25:\"show_cat_num_articles_cat\";s:1:\"1\";s:20:\"num_leading_articles\";i:1;s:18:\"blog_class_leading\";s:0:\"\";s:18:\"num_intro_articles\";i:4;s:10:\"blog_class\";s:0:\"\";s:11:\"num_columns\";i:1;s:18:\"multi_column_order\";s:1:\"0\";s:9:\"num_links\";i:4;s:24:\"show_subcategory_content\";s:1:\"0\";s:16:\"link_intro_image\";s:1:\"0\";s:21:\"show_pagination_limit\";s:1:\"1\";s:12:\"filter_field\";s:4:\"hide\";s:13:\"show_headings\";s:1:\"1\";s:14:\"list_show_date\";s:1:\"0\";s:11:\"date_format\";s:0:\"\";s:14:\"list_show_hits\";s:1:\"1\";s:16:\"list_show_author\";s:1:\"1\";s:11:\"display_num\";s:2:\"10\";s:11:\"orderby_pri\";s:5:\"order\";s:11:\"orderby_sec\";s:5:\"rdate\";s:10:\"order_date\";s:9:\"published\";s:15:\"show_pagination\";s:1:\"2\";s:23:\"show_pagination_results\";s:1:\"1\";s:13:\"show_featured\";s:4:\"show\";s:14:\"show_feed_link\";s:1:\"1\";s:12:\"feed_summary\";s:1:\"0\";s:18:\"feed_show_readmore\";s:1:\"0\";s:7:\"sef_ids\";i:1;s:20:\"custom_fields_enable\";s:1:\"1\";s:16:\"workflow_enabled\";s:1:\"0\";}s:14:\"\0*\0initialized\";b:1;s:12:\"\0*\0separator\";s:1:\".\";}s:7:\"metakey\";s:0:\"\";s:8:\"metadesc\";s:0:\"\";s:8:\"metadata\";O:24:\"Joomla\\Registry\\Registry\":3:{s:7:\"\0*\0data\";O:8:\"stdClass\":3:{s:6:\"robots\";s:0:\"\";s:6:\"author\";s:0:\"\";s:6:\"rights\";s:0:\"\";}s:14:\"\0*\0initialized\";b:1;s:12:\"\0*\0separator\";s:1:\".\";}s:7:\"version\";i:1;s:8:\"ordering\";i:0;s:8:\"category\";s:6:\"Slider\";s:9:\"cat_state\";i:1;s:10:\"cat_access\";i:1;s:4:\"slug\";s:15:\"5:slider-ceniza\";s:7:\"catslug\";s:8:\"8:slider\";s:6:\"author\";s:3:\"SDR\";s:6:\"layout\";s:7:\"article\";s:7:\"context\";s:19:\"com_content.article\";s:8:\"imageUrl\";s:119:\"images/site/slider/CenizaVolcanica.jpg#joomlaImage://local-images/site/slider/CenizaVolcanica.jpg?width=1600&height=449\";s:8:\"imageAlt\";s:0:\"\";s:10:\"metaauthor\";N;}i:4;N;i:5;a:5:{i:1;a:3:{i:0;s:5:\"title\";i:1;s:8:\"subtitle\";i:2;s:2:\"id\";}i:2;a:2:{i:0;s:7:\"summary\";i:1;s:4:\"body\";}i:3;a:8:{i:0;s:4:\"meta\";i:1;s:10:\"list_price\";i:2;s:10:\"sale_price\";i:3;s:7:\"metakey\";i:4;s:8:\"metadesc\";i:5;s:10:\"metaauthor\";i:6;s:6:\"author\";i:7;s:16:\"created_by_alias\";}i:4;a:2:{i:0;s:4:\"path\";i:1;s:5:\"alias\";}i:5;a:1:{i:0;s:8:\"comments\";}}i:6;s:1:\"*\";i:7;N;i:8;N;i:9;s:19:\"2025-05-06 18:21:55\";i:10;N;i:11;s:68:\"index.php?option=com_content&view=article&id=5:slider-ceniza&catid=8\";i:12;N;i:13;s:19:\"2025-05-06 18:21:55\";i:14;i:1;i:15;a:4:{s:4:\"Type\";a:1:{i:0;O:8:\"stdClass\":6:{s:5:\"title\";s:7:\"Article\";s:5:\"state\";i:1;s:6:\"access\";i:1;s:8:\"language\";s:0:\"\";s:6:\"nested\";b:0;s:2:\"id\";i:3;}}s:6:\"Author\";a:1:{i:0;O:8:\"stdClass\":6:{s:5:\"title\";s:3:\"SDR\";s:5:\"state\";i:1;s:6:\"access\";i:1;s:8:\"language\";s:0:\"\";s:6:\"nested\";b:0;s:2:\"id\";i:5;}}s:8:\"Category\";a:1:{i:0;O:8:\"stdClass\":6:{s:5:\"title\";s:6:\"Slider\";s:5:\"state\";i:1;s:6:\"access\";i:1;s:8:\"language\";s:1:\"*\";s:6:\"nested\";b:1;s:2:\"id\";i:11;}}s:8:\"Language\";a:1:{i:0;O:8:\"stdClass\":6:{s:5:\"title\";s:1:\"*\";s:5:\"state\";i:1;s:6:\"access\";i:1;s:8:\"language\";s:0:\"\";s:6:\"nested\";b:0;s:2:\"id\";i:9;}}}i:16;s:14:\"Slider Ceniza \";i:17;i:3;i:18;s:46:\"index.php?option=com_content&view=article&id=5\";}'),
(7,'index.php?option=com_content&view=article&id=6','index.php?option=com_content&view=article&id=6:slider-ingresos-y-egresos&catid=8','Slider Ingresos Y Egresos ','','2025-05-20 15:53:28','9cc227fca9e581d937f761d25c99ba94',1,1,1,'*','2025-05-06 18:28:53',NULL,'2025-05-06 18:28:53',NULL,0,0,3,'O:52:\"Joomla\\Component\\Finder\\Administrator\\Indexer\\Result\":19:{i:0;i:1;i:1;s:5:\"es-ES\";i:2;s:0:\"\";i:3;a:27:{s:2:\"id\";i:6;s:5:\"alias\";s:25:\"slider ingresos y egresos\";s:7:\"summary\";s:0:\"\";s:4:\"body\";s:0:\"\";s:6:\"images\";s:288:\"{\"image_intro\":\"images\\/site\\/slider\\/banner___.jpg#joomlaImage:\\/\\/local-images\\/site\\/slider\\/banner___.jpg?width=1400&height=600\",\"image_intro_alt\":\"\",\"float_intro\":\"\",\"image_intro_caption\":\"\",\"image_fulltext\":\"\",\"image_fulltext_alt\":\"\",\"float_fulltext\":\"\",\"image_fulltext_caption\":\"\"}\";s:5:\"catid\";i:8;s:10:\"created_by\";i:672;s:16:\"created_by_alias\";s:0:\"\";s:8:\"modified\";s:19:\"2025-05-20 15:53:28\";s:11:\"modified_by\";i:672;s:6:\"params\";O:24:\"Joomla\\Registry\\Registry\":3:{s:7:\"\0*\0data\";O:8:\"stdClass\":86:{s:14:\"article_layout\";s:9:\"_:default\";s:10:\"show_title\";s:1:\"1\";s:11:\"link_titles\";s:1:\"1\";s:10:\"show_intro\";s:1:\"1\";s:19:\"info_block_position\";s:1:\"0\";s:21:\"info_block_show_title\";s:1:\"1\";s:13:\"show_category\";s:1:\"1\";s:13:\"link_category\";s:1:\"1\";s:20:\"show_parent_category\";s:1:\"0\";s:20:\"link_parent_category\";s:1:\"0\";s:17:\"show_associations\";s:1:\"0\";s:5:\"flags\";s:1:\"1\";s:11:\"show_author\";s:1:\"1\";s:11:\"link_author\";s:1:\"0\";s:16:\"show_create_date\";s:1:\"0\";s:16:\"show_modify_date\";s:1:\"0\";s:17:\"show_publish_date\";s:1:\"1\";s:20:\"show_item_navigation\";s:1:\"1\";s:13:\"show_readmore\";s:1:\"1\";s:19:\"show_readmore_title\";s:1:\"1\";s:14:\"readmore_limit\";i:100;s:9:\"show_tags\";s:1:\"1\";s:11:\"record_hits\";s:1:\"1\";s:9:\"show_hits\";s:1:\"1\";s:11:\"show_noauth\";s:1:\"0\";s:13:\"urls_position\";i:0;s:7:\"captcha\";s:0:\"\";s:23:\"show_publishing_options\";s:1:\"1\";s:20:\"show_article_options\";s:1:\"1\";s:27:\"show_configure_edit_options\";s:1:\"1\";s:16:\"show_permissions\";s:1:\"1\";s:22:\"show_associations_edit\";s:1:\"1\";s:12:\"save_history\";s:1:\"1\";s:13:\"history_limit\";i:10;s:25:\"show_urls_images_frontend\";s:1:\"0\";s:24:\"show_urls_images_backend\";s:1:\"1\";s:7:\"targeta\";i:0;s:7:\"targetb\";i:0;s:7:\"targetc\";i:0;s:11:\"float_intro\";s:4:\"left\";s:14:\"float_fulltext\";s:4:\"left\";s:15:\"category_layout\";s:6:\"_:blog\";s:19:\"show_category_title\";s:1:\"0\";s:16:\"show_description\";s:1:\"0\";s:22:\"show_description_image\";s:1:\"0\";s:8:\"maxLevel\";s:1:\"1\";s:21:\"show_empty_categories\";s:1:\"0\";s:16:\"show_no_articles\";s:1:\"1\";s:32:\"show_category_heading_title_text\";s:1:\"1\";s:16:\"show_subcat_desc\";s:1:\"1\";s:21:\"show_cat_num_articles\";s:1:\"0\";s:13:\"show_cat_tags\";s:1:\"1\";s:21:\"show_base_description\";s:1:\"1\";s:11:\"maxLevelcat\";s:2:\"-1\";s:25:\"show_empty_categories_cat\";s:1:\"0\";s:20:\"show_subcat_desc_cat\";s:1:\"1\";s:25:\"show_cat_num_articles_cat\";s:1:\"1\";s:20:\"num_leading_articles\";i:1;s:18:\"blog_class_leading\";s:0:\"\";s:18:\"num_intro_articles\";i:4;s:10:\"blog_class\";s:0:\"\";s:11:\"num_columns\";i:1;s:18:\"multi_column_order\";s:1:\"0\";s:9:\"num_links\";i:4;s:24:\"show_subcategory_content\";s:1:\"0\";s:16:\"link_intro_image\";s:1:\"0\";s:21:\"show_pagination_limit\";s:1:\"1\";s:12:\"filter_field\";s:4:\"hide\";s:13:\"show_headings\";s:1:\"1\";s:14:\"list_show_date\";s:1:\"0\";s:11:\"date_format\";s:0:\"\";s:14:\"list_show_hits\";s:1:\"1\";s:16:\"list_show_author\";s:1:\"1\";s:11:\"display_num\";s:2:\"10\";s:11:\"orderby_pri\";s:5:\"order\";s:11:\"orderby_sec\";s:5:\"rdate\";s:10:\"order_date\";s:9:\"published\";s:15:\"show_pagination\";s:1:\"2\";s:23:\"show_pagination_results\";s:1:\"1\";s:13:\"show_featured\";s:4:\"show\";s:14:\"show_feed_link\";s:1:\"1\";s:12:\"feed_summary\";s:1:\"0\";s:18:\"feed_show_readmore\";s:1:\"0\";s:7:\"sef_ids\";i:1;s:20:\"custom_fields_enable\";s:1:\"1\";s:16:\"workflow_enabled\";s:1:\"0\";}s:14:\"\0*\0initialized\";b:1;s:12:\"\0*\0separator\";s:1:\".\";}s:7:\"metakey\";s:0:\"\";s:8:\"metadesc\";s:0:\"\";s:8:\"metadata\";O:24:\"Joomla\\Registry\\Registry\":3:{s:7:\"\0*\0data\";O:8:\"stdClass\":3:{s:6:\"robots\";s:0:\"\";s:6:\"author\";s:0:\"\";s:6:\"rights\";s:0:\"\";}s:14:\"\0*\0initialized\";b:1;s:12:\"\0*\0separator\";s:1:\".\";}s:7:\"version\";i:10;s:8:\"ordering\";i:0;s:8:\"category\";s:6:\"Slider\";s:9:\"cat_state\";i:1;s:10:\"cat_access\";i:1;s:4:\"slug\";s:27:\"6:slider-ingresos-y-egresos\";s:7:\"catslug\";s:8:\"8:slider\";s:6:\"author\";s:3:\"SDR\";s:6:\"layout\";s:7:\"article\";s:7:\"context\";s:19:\"com_content.article\";s:8:\"imageUrl\";s:107:\"images/site/slider/banner___.jpg#joomlaImage://local-images/site/slider/banner___.jpg?width=1400&height=600\";s:8:\"imageAlt\";s:0:\"\";s:10:\"metaauthor\";N;}i:4;N;i:5;a:5:{i:1;a:3:{i:0;s:5:\"title\";i:1;s:8:\"subtitle\";i:2;s:2:\"id\";}i:2;a:2:{i:0;s:7:\"summary\";i:1;s:4:\"body\";}i:3;a:8:{i:0;s:4:\"meta\";i:1;s:10:\"list_price\";i:2;s:10:\"sale_price\";i:3;s:7:\"metakey\";i:4;s:8:\"metadesc\";i:5;s:10:\"metaauthor\";i:6;s:6:\"author\";i:7;s:16:\"created_by_alias\";}i:4;a:2:{i:0;s:4:\"path\";i:1;s:5:\"alias\";}i:5;a:1:{i:0;s:8:\"comments\";}}i:6;s:1:\"*\";i:7;N;i:8;N;i:9;s:19:\"2025-05-06 18:28:53\";i:10;N;i:11;s:80:\"index.php?option=com_content&view=article&id=6:slider-ingresos-y-egresos&catid=8\";i:12;N;i:13;s:19:\"2025-05-06 18:28:53\";i:14;i:1;i:15;a:4:{s:4:\"Type\";a:1:{i:0;O:8:\"stdClass\":6:{s:5:\"title\";s:7:\"Article\";s:5:\"state\";i:1;s:6:\"access\";i:1;s:8:\"language\";s:0:\"\";s:6:\"nested\";b:0;s:2:\"id\";i:3;}}s:6:\"Author\";a:1:{i:0;O:8:\"stdClass\":6:{s:5:\"title\";s:3:\"SDR\";s:5:\"state\";i:1;s:6:\"access\";i:1;s:8:\"language\";s:0:\"\";s:6:\"nested\";b:0;s:2:\"id\";i:5;}}s:8:\"Category\";a:1:{i:0;O:8:\"stdClass\":6:{s:5:\"title\";s:6:\"Slider\";s:5:\"state\";i:1;s:6:\"access\";i:1;s:8:\"language\";s:1:\"*\";s:6:\"nested\";b:1;s:2:\"id\";i:11;}}s:8:\"Language\";a:1:{i:0;O:8:\"stdClass\":6:{s:5:\"title\";s:1:\"*\";s:5:\"state\";i:1;s:6:\"access\";i:1;s:8:\"language\";s:0:\"\";s:6:\"nested\";b:0;s:2:\"id\";i:9;}}}i:16;s:26:\"Slider Ingresos Y Egresos \";i:17;i:3;i:18;s:46:\"index.php?option=com_content&view=article&id=6\";}'),
(8,'index.php?option=com_content&view=category&id=9','index.php?option=com_content&view=category&id=9','Convocatorias','','2025-05-15 19:44:28','0bf7109d4e753ffdbb443f636752ccf1',1,1,1,'*',NULL,NULL,'2025-05-15 19:44:28',NULL,0,0,1,'O:52:\"Joomla\\Component\\Finder\\Administrator\\Indexer\\Result\":19:{i:0;i:1;i:1;s:5:\"es-ES\";i:2;s:0:\"\";i:3;a:17:{s:2:\"id\";i:9;s:5:\"alias\";s:13:\"convocatorias\";s:9:\"extension\";s:11:\"com_content\";s:7:\"metakey\";s:0:\"\";s:8:\"metadesc\";s:0:\"\";s:8:\"metadata\";O:24:\"Joomla\\Registry\\Registry\":3:{s:7:\"\0*\0data\";O:8:\"stdClass\":2:{s:6:\"author\";s:0:\"\";s:6:\"robots\";s:0:\"\";}s:14:\"\0*\0initialized\";b:1;s:12:\"\0*\0separator\";s:1:\".\";}s:3:\"lft\";i:13;s:9:\"parent_id\";i:1;s:5:\"level\";i:1;s:6:\"params\";O:24:\"Joomla\\Registry\\Registry\":3:{s:7:\"\0*\0data\";O:8:\"stdClass\":3:{s:15:\"category_layout\";s:0:\"\";s:5:\"image\";s:0:\"\";s:9:\"image_alt\";s:0:\"\";}s:14:\"\0*\0initialized\";b:1;s:12:\"\0*\0separator\";s:1:\".\";}s:7:\"summary\";s:0:\"\";s:10:\"created_by\";i:672;s:8:\"modified\";s:19:\"2025-05-15 19:44:28\";s:11:\"modified_by\";i:672;s:4:\"slug\";s:15:\"9:convocatorias\";s:6:\"layout\";s:8:\"category\";s:10:\"metaauthor\";N;}i:4;N;i:5;a:5:{i:1;a:3:{i:0;s:5:\"title\";i:1;s:8:\"subtitle\";i:2;s:2:\"id\";}i:2;a:2:{i:0;s:7:\"summary\";i:1;s:4:\"body\";}i:3;a:8:{i:0;s:4:\"meta\";i:1;s:10:\"list_price\";i:2;s:10:\"sale_price\";i:3;s:4:\"link\";i:4;s:7:\"metakey\";i:5;s:8:\"metadesc\";i:6;s:10:\"metaauthor\";i:7;s:6:\"author\";}i:4;a:2:{i:0;s:4:\"path\";i:1;s:5:\"alias\";}i:5;a:1:{i:0;s:8:\"comments\";}}i:6;s:1:\"*\";i:7;N;i:8;N;i:9;N;i:10;N;i:11;s:47:\"index.php?option=com_content&view=category&id=9\";i:12;N;i:13;s:19:\"2025-05-15 19:44:28\";i:14;i:1;i:15;a:2:{s:4:\"Type\";a:1:{i:0;O:8:\"stdClass\":6:{s:5:\"title\";s:8:\"Category\";s:5:\"state\";i:1;s:6:\"access\";i:1;s:8:\"language\";s:0:\"\";s:6:\"nested\";b:0;s:2:\"id\";i:10;}}s:8:\"Language\";a:1:{i:0;O:8:\"stdClass\":6:{s:5:\"title\";s:1:\"*\";s:5:\"state\";i:1;s:6:\"access\";i:1;s:8:\"language\";s:0:\"\";s:6:\"nested\";b:0;s:2:\"id\";i:9;}}}i:16;s:13:\"Convocatorias\";i:17;i:1;i:18;s:47:\"index.php?option=com_content&view=category&id=9\";}'),
(9,'index.php?option=com_content&view=article&id=7','index.php?option=com_content&view=article&id=7:componente-insumos-estrategicos-para-la-produccion&catid=9','COMPONENTE: INSUMOS ESTRATÉGICOS PARA LA PRODUCCIÓN.','','2025-05-20 18:21:23','dc9c1d7f898c4763010f8ffa2f64218e',1,1,1,'*','2025-05-15 19:44:35',NULL,'2025-05-15 19:44:35',NULL,0,0,3,'O:52:\"Joomla\\Component\\Finder\\Administrator\\Indexer\\Result\":19:{i:0;i:1;i:1;s:5:\"es-ES\";i:2;s:0:\"\";i:3;a:27:{s:2:\"id\";i:7;s:5:\"alias\";s:50:\"componente insumos estrategicos para la produccion\";s:7:\"summary\";s:0:\"\";s:4:\"body\";s:0:\"\";s:6:\"images\";s:307:\"{\"image_intro\":\"images\\/site\\/convocatoria\\/convocatoria1.jpg#joomlaImage:\\/\\/local-images\\/site\\/convocatoria\\/convocatoria1.jpg?width=900&height=987\",\"image_intro_alt\":\"\",\"float_intro\":\"\",\"image_intro_caption\":\"\",\"image_fulltext\":\"\",\"image_fulltext_alt\":\"\",\"float_fulltext\":\"\",\"image_fulltext_caption\":\"\"}\";s:5:\"catid\";i:9;s:10:\"created_by\";i:672;s:16:\"created_by_alias\";s:0:\"\";s:8:\"modified\";s:19:\"2025-05-20 18:21:23\";s:11:\"modified_by\";i:672;s:6:\"params\";O:24:\"Joomla\\Registry\\Registry\":3:{s:7:\"\0*\0data\";O:8:\"stdClass\":86:{s:14:\"article_layout\";s:9:\"_:default\";s:10:\"show_title\";s:1:\"1\";s:11:\"link_titles\";s:1:\"1\";s:10:\"show_intro\";s:1:\"1\";s:19:\"info_block_position\";s:1:\"0\";s:21:\"info_block_show_title\";s:1:\"1\";s:13:\"show_category\";s:1:\"1\";s:13:\"link_category\";s:1:\"1\";s:20:\"show_parent_category\";s:1:\"0\";s:20:\"link_parent_category\";s:1:\"0\";s:17:\"show_associations\";s:1:\"0\";s:5:\"flags\";s:1:\"1\";s:11:\"show_author\";s:1:\"1\";s:11:\"link_author\";s:1:\"0\";s:16:\"show_create_date\";s:1:\"0\";s:16:\"show_modify_date\";s:1:\"0\";s:17:\"show_publish_date\";s:1:\"1\";s:20:\"show_item_navigation\";s:1:\"1\";s:13:\"show_readmore\";s:1:\"1\";s:19:\"show_readmore_title\";s:1:\"1\";s:14:\"readmore_limit\";i:100;s:9:\"show_tags\";s:1:\"1\";s:11:\"record_hits\";s:1:\"1\";s:9:\"show_hits\";s:1:\"1\";s:11:\"show_noauth\";s:1:\"0\";s:13:\"urls_position\";i:0;s:7:\"captcha\";s:0:\"\";s:23:\"show_publishing_options\";s:1:\"1\";s:20:\"show_article_options\";s:1:\"1\";s:27:\"show_configure_edit_options\";s:1:\"1\";s:16:\"show_permissions\";s:1:\"1\";s:22:\"show_associations_edit\";s:1:\"1\";s:12:\"save_history\";s:1:\"1\";s:13:\"history_limit\";i:10;s:25:\"show_urls_images_frontend\";s:1:\"0\";s:24:\"show_urls_images_backend\";s:1:\"1\";s:7:\"targeta\";i:0;s:7:\"targetb\";i:0;s:7:\"targetc\";i:0;s:11:\"float_intro\";s:4:\"left\";s:14:\"float_fulltext\";s:4:\"left\";s:15:\"category_layout\";s:6:\"_:blog\";s:19:\"show_category_title\";s:1:\"0\";s:16:\"show_description\";s:1:\"0\";s:22:\"show_description_image\";s:1:\"0\";s:8:\"maxLevel\";s:1:\"1\";s:21:\"show_empty_categories\";s:1:\"0\";s:16:\"show_no_articles\";s:1:\"1\";s:32:\"show_category_heading_title_text\";s:1:\"1\";s:16:\"show_subcat_desc\";s:1:\"1\";s:21:\"show_cat_num_articles\";s:1:\"0\";s:13:\"show_cat_tags\";s:1:\"1\";s:21:\"show_base_description\";s:1:\"1\";s:11:\"maxLevelcat\";s:2:\"-1\";s:25:\"show_empty_categories_cat\";s:1:\"0\";s:20:\"show_subcat_desc_cat\";s:1:\"1\";s:25:\"show_cat_num_articles_cat\";s:1:\"1\";s:20:\"num_leading_articles\";i:1;s:18:\"blog_class_leading\";s:0:\"\";s:18:\"num_intro_articles\";i:4;s:10:\"blog_class\";s:0:\"\";s:11:\"num_columns\";i:1;s:18:\"multi_column_order\";s:1:\"0\";s:9:\"num_links\";i:4;s:24:\"show_subcategory_content\";s:1:\"0\";s:16:\"link_intro_image\";s:1:\"0\";s:21:\"show_pagination_limit\";s:1:\"1\";s:12:\"filter_field\";s:4:\"hide\";s:13:\"show_headings\";s:1:\"1\";s:14:\"list_show_date\";s:1:\"0\";s:11:\"date_format\";s:0:\"\";s:14:\"list_show_hits\";s:1:\"1\";s:16:\"list_show_author\";s:1:\"1\";s:11:\"display_num\";s:2:\"10\";s:11:\"orderby_pri\";s:5:\"order\";s:11:\"orderby_sec\";s:5:\"rdate\";s:10:\"order_date\";s:9:\"published\";s:15:\"show_pagination\";s:1:\"2\";s:23:\"show_pagination_results\";s:1:\"1\";s:13:\"show_featured\";s:4:\"show\";s:14:\"show_feed_link\";s:1:\"1\";s:12:\"feed_summary\";s:1:\"0\";s:18:\"feed_show_readmore\";s:1:\"0\";s:7:\"sef_ids\";i:1;s:20:\"custom_fields_enable\";s:1:\"1\";s:16:\"workflow_enabled\";s:1:\"0\";}s:14:\"\0*\0initialized\";b:1;s:12:\"\0*\0separator\";s:1:\".\";}s:7:\"metakey\";s:0:\"\";s:8:\"metadesc\";s:0:\"\";s:8:\"metadata\";O:24:\"Joomla\\Registry\\Registry\":3:{s:7:\"\0*\0data\";O:8:\"stdClass\":3:{s:6:\"robots\";s:0:\"\";s:6:\"author\";s:0:\"\";s:6:\"rights\";s:0:\"\";}s:14:\"\0*\0initialized\";b:1;s:12:\"\0*\0separator\";s:1:\".\";}s:7:\"version\";i:7;s:8:\"ordering\";i:1;s:8:\"category\";s:13:\"Convocatorias\";s:9:\"cat_state\";i:1;s:10:\"cat_access\";i:1;s:4:\"slug\";s:52:\"7:componente-insumos-estrategicos-para-la-produccion\";s:7:\"catslug\";s:15:\"9:convocatorias\";s:6:\"author\";s:3:\"SDR\";s:6:\"layout\";s:7:\"article\";s:7:\"context\";s:19:\"com_content.article\";s:8:\"imageUrl\";s:126:\"images/site/convocatoria/convocatoria1.jpg#joomlaImage://local-images/site/convocatoria/convocatoria1.jpg?width=900&height=987\";s:8:\"imageAlt\";s:0:\"\";s:10:\"metaauthor\";N;}i:4;N;i:5;a:5:{i:1;a:3:{i:0;s:5:\"title\";i:1;s:8:\"subtitle\";i:2;s:2:\"id\";}i:2;a:2:{i:0;s:7:\"summary\";i:1;s:4:\"body\";}i:3;a:8:{i:0;s:4:\"meta\";i:1;s:10:\"list_price\";i:2;s:10:\"sale_price\";i:3;s:7:\"metakey\";i:4;s:8:\"metadesc\";i:5;s:10:\"metaauthor\";i:6;s:6:\"author\";i:7;s:16:\"created_by_alias\";}i:4;a:2:{i:0;s:4:\"path\";i:1;s:5:\"alias\";}i:5;a:1:{i:0;s:8:\"comments\";}}i:6;s:1:\"*\";i:7;N;i:8;N;i:9;s:19:\"2025-05-15 19:44:35\";i:10;N;i:11;s:105:\"index.php?option=com_content&view=article&id=7:componente-insumos-estrategicos-para-la-produccion&catid=9\";i:12;N;i:13;s:19:\"2025-05-15 19:44:35\";i:14;i:1;i:15;a:4:{s:4:\"Type\";a:1:{i:0;O:8:\"stdClass\":6:{s:5:\"title\";s:7:\"Article\";s:5:\"state\";i:1;s:6:\"access\";i:1;s:8:\"language\";s:0:\"\";s:6:\"nested\";b:0;s:2:\"id\";i:3;}}s:6:\"Author\";a:1:{i:0;O:8:\"stdClass\":6:{s:5:\"title\";s:3:\"SDR\";s:5:\"state\";i:1;s:6:\"access\";i:1;s:8:\"language\";s:0:\"\";s:6:\"nested\";b:0;s:2:\"id\";i:5;}}s:8:\"Category\";a:1:{i:0;O:8:\"stdClass\":6:{s:5:\"title\";s:13:\"Convocatorias\";s:5:\"state\";i:1;s:6:\"access\";i:1;s:8:\"language\";s:1:\"*\";s:6:\"nested\";b:1;s:2:\"id\";i:12;}}s:8:\"Language\";a:1:{i:0;O:8:\"stdClass\":6:{s:5:\"title\";s:1:\"*\";s:5:\"state\";i:1;s:6:\"access\";i:1;s:8:\"language\";s:0:\"\";s:6:\"nested\";b:0;s:2:\"id\";i:9;}}}i:16;s:54:\"COMPONENTE: INSUMOS ESTRATÉGICOS PARA LA PRODUCCIÓN.\";i:17;i:3;i:18;s:46:\"index.php?option=com_content&view=article&id=7\";}'),
(10,'index.php?option=com_content&view=article&id=8','index.php?option=com_content&view=article&id=8:componente-modernizacion-y-equipamiento-del-campo&catid=9','COMPONENTE: MODERNIZACIÓN Y EQUIPAMIENTO DEL CAMPO.','','2025-05-20 18:21:08','2200fd6240928dea4ad720d2a6de0bb2',1,1,1,'*','2025-05-15 21:45:39',NULL,'2025-05-15 21:45:39',NULL,0,0,3,'O:52:\"Joomla\\Component\\Finder\\Administrator\\Indexer\\Result\":19:{i:0;i:1;i:1;s:5:\"es-ES\";i:2;s:0:\"\";i:3;a:27:{s:2:\"id\";i:8;s:5:\"alias\";s:49:\"componente modernizacion y equipamiento del campo\";s:7:\"summary\";s:0:\"\";s:4:\"body\";s:0:\"\";s:6:\"images\";s:307:\"{\"image_intro\":\"images\\/site\\/convocatoria\\/convocatoria2.jpg#joomlaImage:\\/\\/local-images\\/site\\/convocatoria\\/convocatoria2.jpg?width=900&height=987\",\"image_intro_alt\":\"\",\"float_intro\":\"\",\"image_intro_caption\":\"\",\"image_fulltext\":\"\",\"image_fulltext_alt\":\"\",\"float_fulltext\":\"\",\"image_fulltext_caption\":\"\"}\";s:5:\"catid\";i:9;s:10:\"created_by\";i:672;s:16:\"created_by_alias\";s:0:\"\";s:8:\"modified\";s:19:\"2025-05-20 18:21:08\";s:11:\"modified_by\";i:672;s:6:\"params\";O:24:\"Joomla\\Registry\\Registry\":3:{s:7:\"\0*\0data\";O:8:\"stdClass\":86:{s:14:\"article_layout\";s:9:\"_:default\";s:10:\"show_title\";s:1:\"1\";s:11:\"link_titles\";s:1:\"1\";s:10:\"show_intro\";s:1:\"1\";s:19:\"info_block_position\";s:1:\"0\";s:21:\"info_block_show_title\";s:1:\"1\";s:13:\"show_category\";s:1:\"1\";s:13:\"link_category\";s:1:\"1\";s:20:\"show_parent_category\";s:1:\"0\";s:20:\"link_parent_category\";s:1:\"0\";s:17:\"show_associations\";s:1:\"0\";s:5:\"flags\";s:1:\"1\";s:11:\"show_author\";s:1:\"1\";s:11:\"link_author\";s:1:\"0\";s:16:\"show_create_date\";s:1:\"0\";s:16:\"show_modify_date\";s:1:\"0\";s:17:\"show_publish_date\";s:1:\"1\";s:20:\"show_item_navigation\";s:1:\"1\";s:13:\"show_readmore\";s:1:\"1\";s:19:\"show_readmore_title\";s:1:\"1\";s:14:\"readmore_limit\";i:100;s:9:\"show_tags\";s:1:\"1\";s:11:\"record_hits\";s:1:\"1\";s:9:\"show_hits\";s:1:\"1\";s:11:\"show_noauth\";s:1:\"0\";s:13:\"urls_position\";i:0;s:7:\"captcha\";s:0:\"\";s:23:\"show_publishing_options\";s:1:\"1\";s:20:\"show_article_options\";s:1:\"1\";s:27:\"show_configure_edit_options\";s:1:\"1\";s:16:\"show_permissions\";s:1:\"1\";s:22:\"show_associations_edit\";s:1:\"1\";s:12:\"save_history\";s:1:\"1\";s:13:\"history_limit\";i:10;s:25:\"show_urls_images_frontend\";s:1:\"0\";s:24:\"show_urls_images_backend\";s:1:\"1\";s:7:\"targeta\";i:0;s:7:\"targetb\";i:0;s:7:\"targetc\";i:0;s:11:\"float_intro\";s:4:\"left\";s:14:\"float_fulltext\";s:4:\"left\";s:15:\"category_layout\";s:6:\"_:blog\";s:19:\"show_category_title\";s:1:\"0\";s:16:\"show_description\";s:1:\"0\";s:22:\"show_description_image\";s:1:\"0\";s:8:\"maxLevel\";s:1:\"1\";s:21:\"show_empty_categories\";s:1:\"0\";s:16:\"show_no_articles\";s:1:\"1\";s:32:\"show_category_heading_title_text\";s:1:\"1\";s:16:\"show_subcat_desc\";s:1:\"1\";s:21:\"show_cat_num_articles\";s:1:\"0\";s:13:\"show_cat_tags\";s:1:\"1\";s:21:\"show_base_description\";s:1:\"1\";s:11:\"maxLevelcat\";s:2:\"-1\";s:25:\"show_empty_categories_cat\";s:1:\"0\";s:20:\"show_subcat_desc_cat\";s:1:\"1\";s:25:\"show_cat_num_articles_cat\";s:1:\"1\";s:20:\"num_leading_articles\";i:1;s:18:\"blog_class_leading\";s:0:\"\";s:18:\"num_intro_articles\";i:4;s:10:\"blog_class\";s:0:\"\";s:11:\"num_columns\";i:1;s:18:\"multi_column_order\";s:1:\"0\";s:9:\"num_links\";i:4;s:24:\"show_subcategory_content\";s:1:\"0\";s:16:\"link_intro_image\";s:1:\"0\";s:21:\"show_pagination_limit\";s:1:\"1\";s:12:\"filter_field\";s:4:\"hide\";s:13:\"show_headings\";s:1:\"1\";s:14:\"list_show_date\";s:1:\"0\";s:11:\"date_format\";s:0:\"\";s:14:\"list_show_hits\";s:1:\"1\";s:16:\"list_show_author\";s:1:\"1\";s:11:\"display_num\";s:2:\"10\";s:11:\"orderby_pri\";s:5:\"order\";s:11:\"orderby_sec\";s:5:\"rdate\";s:10:\"order_date\";s:9:\"published\";s:15:\"show_pagination\";s:1:\"2\";s:23:\"show_pagination_results\";s:1:\"1\";s:13:\"show_featured\";s:4:\"show\";s:14:\"show_feed_link\";s:1:\"1\";s:12:\"feed_summary\";s:1:\"0\";s:18:\"feed_show_readmore\";s:1:\"0\";s:7:\"sef_ids\";i:1;s:20:\"custom_fields_enable\";s:1:\"1\";s:16:\"workflow_enabled\";s:1:\"0\";}s:14:\"\0*\0initialized\";b:1;s:12:\"\0*\0separator\";s:1:\".\";}s:7:\"metakey\";s:0:\"\";s:8:\"metadesc\";s:0:\"\";s:8:\"metadata\";O:24:\"Joomla\\Registry\\Registry\":3:{s:7:\"\0*\0data\";O:8:\"stdClass\":3:{s:6:\"robots\";s:0:\"\";s:6:\"author\";s:0:\"\";s:6:\"rights\";s:0:\"\";}s:14:\"\0*\0initialized\";b:1;s:12:\"\0*\0separator\";s:1:\".\";}s:7:\"version\";i:4;s:8:\"ordering\";i:0;s:8:\"category\";s:13:\"Convocatorias\";s:9:\"cat_state\";i:1;s:10:\"cat_access\";i:1;s:4:\"slug\";s:51:\"8:componente-modernizacion-y-equipamiento-del-campo\";s:7:\"catslug\";s:15:\"9:convocatorias\";s:6:\"author\";s:3:\"SDR\";s:6:\"layout\";s:7:\"article\";s:7:\"context\";s:19:\"com_content.article\";s:8:\"imageUrl\";s:126:\"images/site/convocatoria/convocatoria2.jpg#joomlaImage://local-images/site/convocatoria/convocatoria2.jpg?width=900&height=987\";s:8:\"imageAlt\";s:0:\"\";s:10:\"metaauthor\";N;}i:4;N;i:5;a:5:{i:1;a:3:{i:0;s:5:\"title\";i:1;s:8:\"subtitle\";i:2;s:2:\"id\";}i:2;a:2:{i:0;s:7:\"summary\";i:1;s:4:\"body\";}i:3;a:8:{i:0;s:4:\"meta\";i:1;s:10:\"list_price\";i:2;s:10:\"sale_price\";i:3;s:7:\"metakey\";i:4;s:8:\"metadesc\";i:5;s:10:\"metaauthor\";i:6;s:6:\"author\";i:7;s:16:\"created_by_alias\";}i:4;a:2:{i:0;s:4:\"path\";i:1;s:5:\"alias\";}i:5;a:1:{i:0;s:8:\"comments\";}}i:6;s:1:\"*\";i:7;N;i:8;N;i:9;s:19:\"2025-05-15 21:45:39\";i:10;N;i:11;s:104:\"index.php?option=com_content&view=article&id=8:componente-modernizacion-y-equipamiento-del-campo&catid=9\";i:12;N;i:13;s:19:\"2025-05-15 21:45:39\";i:14;i:1;i:15;a:4:{s:4:\"Type\";a:1:{i:0;O:8:\"stdClass\":6:{s:5:\"title\";s:7:\"Article\";s:5:\"state\";i:1;s:6:\"access\";i:1;s:8:\"language\";s:0:\"\";s:6:\"nested\";b:0;s:2:\"id\";i:3;}}s:6:\"Author\";a:1:{i:0;O:8:\"stdClass\":6:{s:5:\"title\";s:3:\"SDR\";s:5:\"state\";i:1;s:6:\"access\";i:1;s:8:\"language\";s:0:\"\";s:6:\"nested\";b:0;s:2:\"id\";i:5;}}s:8:\"Category\";a:1:{i:0;O:8:\"stdClass\":6:{s:5:\"title\";s:13:\"Convocatorias\";s:5:\"state\";i:1;s:6:\"access\";i:1;s:8:\"language\";s:1:\"*\";s:6:\"nested\";b:1;s:2:\"id\";i:12;}}s:8:\"Language\";a:1:{i:0;O:8:\"stdClass\":6:{s:5:\"title\";s:1:\"*\";s:5:\"state\";i:1;s:6:\"access\";i:1;s:8:\"language\";s:0:\"\";s:6:\"nested\";b:0;s:2:\"id\";i:9;}}}i:16;s:52:\"COMPONENTE: MODERNIZACIÓN Y EQUIPAMIENTO DEL CAMPO.\";i:17;i:3;i:18;s:46:\"index.php?option=com_content&view=article&id=8\";}'),
(11,'index.php?option=com_content&view=article&id=9','index.php?option=com_content&view=article&id=9:componente-desarrollo-del-sector-pecuario-y-acuicola&catid=9','COMPONENTE: DESARROLLO DEL SECTOR PECUARIO Y ACUÍCOLA.','','2025-05-20 18:20:50','b3ac878ee77b30d1b3da17a7a7a5423e',1,1,1,'*','2025-05-15 21:47:59',NULL,'2025-05-15 21:47:59',NULL,0,0,3,'O:52:\"Joomla\\Component\\Finder\\Administrator\\Indexer\\Result\":19:{i:0;i:1;i:1;s:5:\"es-ES\";i:2;s:0:\"\";i:3;a:27:{s:2:\"id\";i:9;s:5:\"alias\";s:52:\"componente desarrollo del sector pecuario y acuicola\";s:7:\"summary\";s:0:\"\";s:4:\"body\";s:0:\"\";s:6:\"images\";s:307:\"{\"image_intro\":\"images\\/site\\/convocatoria\\/convocatoria3.jpg#joomlaImage:\\/\\/local-images\\/site\\/convocatoria\\/convocatoria3.jpg?width=900&height=987\",\"image_intro_alt\":\"\",\"float_intro\":\"\",\"image_intro_caption\":\"\",\"image_fulltext\":\"\",\"image_fulltext_alt\":\"\",\"float_fulltext\":\"\",\"image_fulltext_caption\":\"\"}\";s:5:\"catid\";i:9;s:10:\"created_by\";i:672;s:16:\"created_by_alias\";s:0:\"\";s:8:\"modified\";s:19:\"2025-05-20 18:20:50\";s:11:\"modified_by\";i:672;s:6:\"params\";O:24:\"Joomla\\Registry\\Registry\":3:{s:7:\"\0*\0data\";O:8:\"stdClass\":86:{s:14:\"article_layout\";s:9:\"_:default\";s:10:\"show_title\";s:1:\"1\";s:11:\"link_titles\";s:1:\"1\";s:10:\"show_intro\";s:1:\"1\";s:19:\"info_block_position\";s:1:\"0\";s:21:\"info_block_show_title\";s:1:\"1\";s:13:\"show_category\";s:1:\"1\";s:13:\"link_category\";s:1:\"1\";s:20:\"show_parent_category\";s:1:\"0\";s:20:\"link_parent_category\";s:1:\"0\";s:17:\"show_associations\";s:1:\"0\";s:5:\"flags\";s:1:\"1\";s:11:\"show_author\";s:1:\"1\";s:11:\"link_author\";s:1:\"0\";s:16:\"show_create_date\";s:1:\"0\";s:16:\"show_modify_date\";s:1:\"0\";s:17:\"show_publish_date\";s:1:\"1\";s:20:\"show_item_navigation\";s:1:\"1\";s:13:\"show_readmore\";s:1:\"1\";s:19:\"show_readmore_title\";s:1:\"1\";s:14:\"readmore_limit\";i:100;s:9:\"show_tags\";s:1:\"1\";s:11:\"record_hits\";s:1:\"1\";s:9:\"show_hits\";s:1:\"1\";s:11:\"show_noauth\";s:1:\"0\";s:13:\"urls_position\";i:0;s:7:\"captcha\";s:0:\"\";s:23:\"show_publishing_options\";s:1:\"1\";s:20:\"show_article_options\";s:1:\"1\";s:27:\"show_configure_edit_options\";s:1:\"1\";s:16:\"show_permissions\";s:1:\"1\";s:22:\"show_associations_edit\";s:1:\"1\";s:12:\"save_history\";s:1:\"1\";s:13:\"history_limit\";i:10;s:25:\"show_urls_images_frontend\";s:1:\"0\";s:24:\"show_urls_images_backend\";s:1:\"1\";s:7:\"targeta\";i:0;s:7:\"targetb\";i:0;s:7:\"targetc\";i:0;s:11:\"float_intro\";s:4:\"left\";s:14:\"float_fulltext\";s:4:\"left\";s:15:\"category_layout\";s:6:\"_:blog\";s:19:\"show_category_title\";s:1:\"0\";s:16:\"show_description\";s:1:\"0\";s:22:\"show_description_image\";s:1:\"0\";s:8:\"maxLevel\";s:1:\"1\";s:21:\"show_empty_categories\";s:1:\"0\";s:16:\"show_no_articles\";s:1:\"1\";s:32:\"show_category_heading_title_text\";s:1:\"1\";s:16:\"show_subcat_desc\";s:1:\"1\";s:21:\"show_cat_num_articles\";s:1:\"0\";s:13:\"show_cat_tags\";s:1:\"1\";s:21:\"show_base_description\";s:1:\"1\";s:11:\"maxLevelcat\";s:2:\"-1\";s:25:\"show_empty_categories_cat\";s:1:\"0\";s:20:\"show_subcat_desc_cat\";s:1:\"1\";s:25:\"show_cat_num_articles_cat\";s:1:\"1\";s:20:\"num_leading_articles\";i:1;s:18:\"blog_class_leading\";s:0:\"\";s:18:\"num_intro_articles\";i:4;s:10:\"blog_class\";s:0:\"\";s:11:\"num_columns\";i:1;s:18:\"multi_column_order\";s:1:\"0\";s:9:\"num_links\";i:4;s:24:\"show_subcategory_content\";s:1:\"0\";s:16:\"link_intro_image\";s:1:\"0\";s:21:\"show_pagination_limit\";s:1:\"1\";s:12:\"filter_field\";s:4:\"hide\";s:13:\"show_headings\";s:1:\"1\";s:14:\"list_show_date\";s:1:\"0\";s:11:\"date_format\";s:0:\"\";s:14:\"list_show_hits\";s:1:\"1\";s:16:\"list_show_author\";s:1:\"1\";s:11:\"display_num\";s:2:\"10\";s:11:\"orderby_pri\";s:5:\"order\";s:11:\"orderby_sec\";s:5:\"rdate\";s:10:\"order_date\";s:9:\"published\";s:15:\"show_pagination\";s:1:\"2\";s:23:\"show_pagination_results\";s:1:\"1\";s:13:\"show_featured\";s:4:\"show\";s:14:\"show_feed_link\";s:1:\"1\";s:12:\"feed_summary\";s:1:\"0\";s:18:\"feed_show_readmore\";s:1:\"0\";s:7:\"sef_ids\";i:1;s:20:\"custom_fields_enable\";s:1:\"1\";s:16:\"workflow_enabled\";s:1:\"0\";}s:14:\"\0*\0initialized\";b:1;s:12:\"\0*\0separator\";s:1:\".\";}s:7:\"metakey\";s:0:\"\";s:8:\"metadesc\";s:0:\"\";s:8:\"metadata\";O:24:\"Joomla\\Registry\\Registry\":3:{s:7:\"\0*\0data\";O:8:\"stdClass\":3:{s:6:\"robots\";s:0:\"\";s:6:\"author\";s:0:\"\";s:6:\"rights\";s:0:\"\";}s:14:\"\0*\0initialized\";b:1;s:12:\"\0*\0separator\";s:1:\".\";}s:7:\"version\";i:5;s:8:\"ordering\";i:0;s:8:\"category\";s:13:\"Convocatorias\";s:9:\"cat_state\";i:1;s:10:\"cat_access\";i:1;s:4:\"slug\";s:54:\"9:componente-desarrollo-del-sector-pecuario-y-acuicola\";s:7:\"catslug\";s:15:\"9:convocatorias\";s:6:\"author\";s:3:\"SDR\";s:6:\"layout\";s:7:\"article\";s:7:\"context\";s:19:\"com_content.article\";s:8:\"imageUrl\";s:126:\"images/site/convocatoria/convocatoria3.jpg#joomlaImage://local-images/site/convocatoria/convocatoria3.jpg?width=900&height=987\";s:8:\"imageAlt\";s:0:\"\";s:10:\"metaauthor\";N;}i:4;N;i:5;a:5:{i:1;a:3:{i:0;s:5:\"title\";i:1;s:8:\"subtitle\";i:2;s:2:\"id\";}i:2;a:2:{i:0;s:7:\"summary\";i:1;s:4:\"body\";}i:3;a:8:{i:0;s:4:\"meta\";i:1;s:10:\"list_price\";i:2;s:10:\"sale_price\";i:3;s:7:\"metakey\";i:4;s:8:\"metadesc\";i:5;s:10:\"metaauthor\";i:6;s:6:\"author\";i:7;s:16:\"created_by_alias\";}i:4;a:2:{i:0;s:4:\"path\";i:1;s:5:\"alias\";}i:5;a:1:{i:0;s:8:\"comments\";}}i:6;s:1:\"*\";i:7;N;i:8;N;i:9;s:19:\"2025-05-15 21:47:59\";i:10;N;i:11;s:107:\"index.php?option=com_content&view=article&id=9:componente-desarrollo-del-sector-pecuario-y-acuicola&catid=9\";i:12;N;i:13;s:19:\"2025-05-15 21:47:59\";i:14;i:1;i:15;a:4:{s:4:\"Type\";a:1:{i:0;O:8:\"stdClass\":6:{s:5:\"title\";s:7:\"Article\";s:5:\"state\";i:1;s:6:\"access\";i:1;s:8:\"language\";s:0:\"\";s:6:\"nested\";b:0;s:2:\"id\";i:3;}}s:6:\"Author\";a:1:{i:0;O:8:\"stdClass\":6:{s:5:\"title\";s:3:\"SDR\";s:5:\"state\";i:1;s:6:\"access\";i:1;s:8:\"language\";s:0:\"\";s:6:\"nested\";b:0;s:2:\"id\";i:5;}}s:8:\"Category\";a:1:{i:0;O:8:\"stdClass\":6:{s:5:\"title\";s:13:\"Convocatorias\";s:5:\"state\";i:1;s:6:\"access\";i:1;s:8:\"language\";s:1:\"*\";s:6:\"nested\";b:1;s:2:\"id\";i:12;}}s:8:\"Language\";a:1:{i:0;O:8:\"stdClass\":6:{s:5:\"title\";s:1:\"*\";s:5:\"state\";i:1;s:6:\"access\";i:1;s:8:\"language\";s:0:\"\";s:6:\"nested\";b:0;s:2:\"id\";i:9;}}}i:16;s:55:\"COMPONENTE: DESARROLLO DEL SECTOR PECUARIO Y ACUÍCOLA.\";i:17;i:3;i:18;s:46:\"index.php?option=com_content&view=article&id=9\";}'),
(12,'index.php?option=com_content&view=article&id=10','index.php?option=com_content&view=article&id=10:resultados&catid=2','Resultados',' COMPONENTE III. IMPULSO COMERCIAL DE LOS MAICES NATIVOS 2024. SOLICITUDES NEGATIVAS. ','2025-05-15 22:27:55','0a8755efd6a9188164b89bd037d7fe25',1,1,1,'*','2025-05-15 22:07:14',NULL,'2025-05-15 22:07:14',NULL,0,0,3,'O:52:\"Joomla\\Component\\Finder\\Administrator\\Indexer\\Result\":19:{i:0;i:1;i:1;s:5:\"es-ES\";i:2;s:86:\" COMPONENTE III. IMPULSO COMERCIAL DE LOS MAICES NATIVOS 2024. SOLICITUDES NEGATIVAS. \";i:3;a:25:{s:2:\"id\";i:10;s:5:\"alias\";s:10:\"resultados\";s:7:\"summary\";s:311:\"<div class=\"uk-container uk-margin\">\r\n<ul class=\"uk-list uk-list-disc\">\r\n  <li><a href=\"images/site/documentos/resultados/3._LISTADO_DE_NEGATIVOS._IMPULSO_COMERCIAL_DE_LOS_MAICES_NATIVOS_2024.pdf\">\r\nCOMPONENTE III. IMPULSO COMERCIAL DE LOS MAICES NATIVOS 2024. SOLICITUDES NEGATIVAS.\r\n  </a></li>\r\n</ul>\r\n</div>\";s:4:\"body\";s:0:\"\";s:6:\"images\";s:173:\"{\"image_intro\":\"\",\"image_intro_alt\":\"\",\"float_intro\":\"\",\"image_intro_caption\":\"\",\"image_fulltext\":\"\",\"image_fulltext_alt\":\"\",\"float_fulltext\":\"\",\"image_fulltext_caption\":\"\"}\";s:5:\"catid\";i:2;s:10:\"created_by\";i:672;s:16:\"created_by_alias\";s:0:\"\";s:8:\"modified\";s:19:\"2025-05-15 22:27:55\";s:11:\"modified_by\";i:672;s:6:\"params\";O:24:\"Joomla\\Registry\\Registry\":3:{s:7:\"\0*\0data\";O:8:\"stdClass\":86:{s:14:\"article_layout\";s:9:\"_:default\";s:10:\"show_title\";s:1:\"1\";s:11:\"link_titles\";s:1:\"1\";s:10:\"show_intro\";s:1:\"1\";s:19:\"info_block_position\";s:1:\"0\";s:21:\"info_block_show_title\";s:1:\"1\";s:13:\"show_category\";s:1:\"1\";s:13:\"link_category\";s:1:\"1\";s:20:\"show_parent_category\";s:1:\"0\";s:20:\"link_parent_category\";s:1:\"0\";s:17:\"show_associations\";s:1:\"0\";s:5:\"flags\";s:1:\"1\";s:11:\"show_author\";s:1:\"1\";s:11:\"link_author\";s:1:\"0\";s:16:\"show_create_date\";s:1:\"0\";s:16:\"show_modify_date\";s:1:\"0\";s:17:\"show_publish_date\";s:1:\"1\";s:20:\"show_item_navigation\";s:1:\"1\";s:13:\"show_readmore\";s:1:\"1\";s:19:\"show_readmore_title\";s:1:\"1\";s:14:\"readmore_limit\";i:100;s:9:\"show_tags\";s:1:\"1\";s:11:\"record_hits\";s:1:\"1\";s:9:\"show_hits\";s:1:\"1\";s:11:\"show_noauth\";s:1:\"0\";s:13:\"urls_position\";i:0;s:7:\"captcha\";s:0:\"\";s:23:\"show_publishing_options\";s:1:\"1\";s:20:\"show_article_options\";s:1:\"1\";s:27:\"show_configure_edit_options\";s:1:\"1\";s:16:\"show_permissions\";s:1:\"1\";s:22:\"show_associations_edit\";s:1:\"1\";s:12:\"save_history\";s:1:\"1\";s:13:\"history_limit\";i:10;s:25:\"show_urls_images_frontend\";s:1:\"0\";s:24:\"show_urls_images_backend\";s:1:\"1\";s:7:\"targeta\";i:0;s:7:\"targetb\";i:0;s:7:\"targetc\";i:0;s:11:\"float_intro\";s:4:\"left\";s:14:\"float_fulltext\";s:4:\"left\";s:15:\"category_layout\";s:6:\"_:blog\";s:19:\"show_category_title\";s:1:\"0\";s:16:\"show_description\";s:1:\"0\";s:22:\"show_description_image\";s:1:\"0\";s:8:\"maxLevel\";s:1:\"1\";s:21:\"show_empty_categories\";s:1:\"0\";s:16:\"show_no_articles\";s:1:\"1\";s:32:\"show_category_heading_title_text\";s:1:\"1\";s:16:\"show_subcat_desc\";s:1:\"1\";s:21:\"show_cat_num_articles\";s:1:\"0\";s:13:\"show_cat_tags\";s:1:\"1\";s:21:\"show_base_description\";s:1:\"1\";s:11:\"maxLevelcat\";s:2:\"-1\";s:25:\"show_empty_categories_cat\";s:1:\"0\";s:20:\"show_subcat_desc_cat\";s:1:\"1\";s:25:\"show_cat_num_articles_cat\";s:1:\"1\";s:20:\"num_leading_articles\";i:1;s:18:\"blog_class_leading\";s:0:\"\";s:18:\"num_intro_articles\";i:4;s:10:\"blog_class\";s:0:\"\";s:11:\"num_columns\";i:1;s:18:\"multi_column_order\";s:1:\"0\";s:9:\"num_links\";i:4;s:24:\"show_subcategory_content\";s:1:\"0\";s:16:\"link_intro_image\";s:1:\"0\";s:21:\"show_pagination_limit\";s:1:\"1\";s:12:\"filter_field\";s:4:\"hide\";s:13:\"show_headings\";s:1:\"1\";s:14:\"list_show_date\";s:1:\"0\";s:11:\"date_format\";s:0:\"\";s:14:\"list_show_hits\";s:1:\"1\";s:16:\"list_show_author\";s:1:\"1\";s:11:\"display_num\";s:2:\"10\";s:11:\"orderby_pri\";s:5:\"order\";s:11:\"orderby_sec\";s:5:\"rdate\";s:10:\"order_date\";s:9:\"published\";s:15:\"show_pagination\";s:1:\"2\";s:23:\"show_pagination_results\";s:1:\"1\";s:13:\"show_featured\";s:4:\"show\";s:14:\"show_feed_link\";s:1:\"1\";s:12:\"feed_summary\";s:1:\"0\";s:18:\"feed_show_readmore\";s:1:\"0\";s:7:\"sef_ids\";i:1;s:20:\"custom_fields_enable\";s:1:\"1\";s:16:\"workflow_enabled\";s:1:\"0\";}s:14:\"\0*\0initialized\";b:1;s:12:\"\0*\0separator\";s:1:\".\";}s:7:\"metakey\";s:0:\"\";s:8:\"metadesc\";s:0:\"\";s:8:\"metadata\";O:24:\"Joomla\\Registry\\Registry\":3:{s:7:\"\0*\0data\";O:8:\"stdClass\":3:{s:6:\"robots\";s:0:\"\";s:6:\"author\";s:0:\"\";s:6:\"rights\";s:0:\"\";}s:14:\"\0*\0initialized\";b:1;s:12:\"\0*\0separator\";s:1:\".\";}s:7:\"version\";i:2;s:8:\"ordering\";i:0;s:8:\"category\";s:13:\"Uncategorised\";s:9:\"cat_state\";i:1;s:10:\"cat_access\";i:1;s:4:\"slug\";s:13:\"10:resultados\";s:7:\"catslug\";s:15:\"2:uncategorised\";s:6:\"author\";s:3:\"SDR\";s:6:\"layout\";s:7:\"article\";s:7:\"context\";s:19:\"com_content.article\";s:10:\"metaauthor\";N;}i:4;N;i:5;a:5:{i:1;a:3:{i:0;s:5:\"title\";i:1;s:8:\"subtitle\";i:2;s:2:\"id\";}i:2;a:2:{i:0;s:7:\"summary\";i:1;s:4:\"body\";}i:3;a:8:{i:0;s:4:\"meta\";i:1;s:10:\"list_price\";i:2;s:10:\"sale_price\";i:3;s:7:\"metakey\";i:4;s:8:\"metadesc\";i:5;s:10:\"metaauthor\";i:6;s:6:\"author\";i:7;s:16:\"created_by_alias\";}i:4;a:2:{i:0;s:4:\"path\";i:1;s:5:\"alias\";}i:5;a:1:{i:0;s:8:\"comments\";}}i:6;s:1:\"*\";i:7;N;i:8;N;i:9;s:19:\"2025-05-15 22:07:14\";i:10;N;i:11;s:66:\"index.php?option=com_content&view=article&id=10:resultados&catid=2\";i:12;N;i:13;s:19:\"2025-05-15 22:07:14\";i:14;i:1;i:15;a:4:{s:4:\"Type\";a:1:{i:0;O:8:\"stdClass\":6:{s:5:\"title\";s:7:\"Article\";s:5:\"state\";i:1;s:6:\"access\";i:1;s:8:\"language\";s:0:\"\";s:6:\"nested\";b:0;s:2:\"id\";i:3;}}s:6:\"Author\";a:1:{i:0;O:8:\"stdClass\":6:{s:5:\"title\";s:3:\"SDR\";s:5:\"state\";i:1;s:6:\"access\";i:1;s:8:\"language\";s:0:\"\";s:6:\"nested\";b:0;s:2:\"id\";i:5;}}s:8:\"Category\";a:1:{i:0;O:8:\"stdClass\":6:{s:5:\"title\";s:13:\"Uncategorised\";s:5:\"state\";i:1;s:6:\"access\";i:1;s:8:\"language\";s:1:\"*\";s:6:\"nested\";b:1;s:2:\"id\";i:7;}}s:8:\"Language\";a:1:{i:0;O:8:\"stdClass\":6:{s:5:\"title\";s:1:\"*\";s:5:\"state\";i:1;s:6:\"access\";i:1;s:8:\"language\";s:0:\"\";s:6:\"nested\";b:0;s:2:\"id\";i:9;}}}i:16;s:10:\"Resultados\";i:17;i:3;i:18;s:47:\"index.php?option=com_content&view=article&id=10\";}'),
(13,'index.php?option=com_content&view=category&id=10','index.php?option=com_content&view=category&id=10','MunicipiosAgroturísticos','','2025-05-15 22:47:43','a334ad6af8ad333d48e1bf6d204c248e',1,1,1,'*',NULL,NULL,'2025-05-15 22:47:43',NULL,0,0,1,'O:52:\"Joomla\\Component\\Finder\\Administrator\\Indexer\\Result\":19:{i:0;i:1;i:1;s:5:\"es-ES\";i:2;s:0:\"\";i:3;a:17:{s:2:\"id\";i:10;s:5:\"alias\";s:24:\"municipiosagroturisticos\";s:9:\"extension\";s:11:\"com_content\";s:7:\"metakey\";s:0:\"\";s:8:\"metadesc\";s:0:\"\";s:8:\"metadata\";O:24:\"Joomla\\Registry\\Registry\":3:{s:7:\"\0*\0data\";O:8:\"stdClass\":2:{s:6:\"author\";s:0:\"\";s:6:\"robots\";s:0:\"\";}s:14:\"\0*\0initialized\";b:1;s:12:\"\0*\0separator\";s:1:\".\";}s:3:\"lft\";i:15;s:9:\"parent_id\";i:1;s:5:\"level\";i:1;s:6:\"params\";O:24:\"Joomla\\Registry\\Registry\":3:{s:7:\"\0*\0data\";O:8:\"stdClass\":3:{s:15:\"category_layout\";s:0:\"\";s:5:\"image\";s:0:\"\";s:9:\"image_alt\";s:0:\"\";}s:14:\"\0*\0initialized\";b:1;s:12:\"\0*\0separator\";s:1:\".\";}s:7:\"summary\";s:0:\"\";s:10:\"created_by\";i:672;s:8:\"modified\";s:19:\"2025-05-15 22:47:43\";s:11:\"modified_by\";i:672;s:4:\"slug\";s:27:\"10:municipiosagroturisticos\";s:6:\"layout\";s:8:\"category\";s:10:\"metaauthor\";N;}i:4;N;i:5;a:5:{i:1;a:3:{i:0;s:5:\"title\";i:1;s:8:\"subtitle\";i:2;s:2:\"id\";}i:2;a:2:{i:0;s:7:\"summary\";i:1;s:4:\"body\";}i:3;a:8:{i:0;s:4:\"meta\";i:1;s:10:\"list_price\";i:2;s:10:\"sale_price\";i:3;s:4:\"link\";i:4;s:7:\"metakey\";i:5;s:8:\"metadesc\";i:6;s:10:\"metaauthor\";i:7;s:6:\"author\";}i:4;a:2:{i:0;s:4:\"path\";i:1;s:5:\"alias\";}i:5;a:1:{i:0;s:8:\"comments\";}}i:6;s:1:\"*\";i:7;N;i:8;N;i:9;N;i:10;N;i:11;s:48:\"index.php?option=com_content&view=category&id=10\";i:12;N;i:13;s:19:\"2025-05-15 22:47:43\";i:14;i:1;i:15;a:2:{s:4:\"Type\";a:1:{i:0;O:8:\"stdClass\":6:{s:5:\"title\";s:8:\"Category\";s:5:\"state\";i:1;s:6:\"access\";i:1;s:8:\"language\";s:0:\"\";s:6:\"nested\";b:0;s:2:\"id\";i:10;}}s:8:\"Language\";a:1:{i:0;O:8:\"stdClass\":6:{s:5:\"title\";s:1:\"*\";s:5:\"state\";i:1;s:6:\"access\";i:1;s:8:\"language\";s:0:\"\";s:6:\"nested\";b:0;s:2:\"id\";i:9;}}}i:16;s:25:\"MunicipiosAgroturísticos\";i:17;i:1;i:18;s:48:\"index.php?option=com_content&view=category&id=10\";}'),
(14,'index.php?option=com_content&view=article&id=11','index.php?option=com_content&view=article&id=11:ruta-de-la-vainilla&catid=10','Ruta de la Vainilla',' Municipios Zacapoaxtla Cuetzalan del Progreso Ayotoxco de Guerrero Hueytamalco Teziutlán Atractivos Naturales, Arqueológicos, Arquitectónicos, Culturales Zacapoaxtla: cabañas, cascada Apulco, miradores. Cuetzalan del Progreso: grutas, zona arqueológica Yohualichan, arquitectura. Ayotoxco de Guerrero: senderismo en río Agua Bonita. Hueytamalco: cascadas y ríos. Puntos Agroturísticos Cuetzalan del Progreso: cabañas de bambú, restaurantes de mujeres con comida típica. Ayotoxco de Guerrero: CICET, edificio de bambú (mujeres productoras de vainilla aromática), restaurante con platillos a base de vainilla, recorrido por invernaderos y producción de abeja melipona. Hueytamalco: Plan de Guinea deportes extremos. Venustiano Carranza: viveros de vainilla. Establecimientos de hospedaje registrados según tipo de alojamiento (Hoteles, Moteles, Cabañas, Etc.) Zacapoaxtla: 15 Cuetzalan del Progreso: 55 Ayotoxco de Guerrero: 5 Hueytamalco: 3 Teziutlán: 23 Establecimientos de servicio de alimentos y de bebidas con categoría turística (Restaurantes, Cafeterías, Bares, Etc.) Zacapoaxtla: 77 Cuetzalan del Progreso: 100 Ayotoxco de Guerrero: 0 Hueytamalco: 0 Teziutlán: 80  ','2025-05-20 23:23:40','80ab1464f3921efd9083220f0b81ee51',1,1,1,'*','2025-05-15 22:48:14',NULL,'2025-05-15 22:48:14',NULL,0,0,3,'O:52:\"Joomla\\Component\\Finder\\Administrator\\Indexer\\Result\":19:{i:0;i:1;i:1;s:5:\"es-ES\";i:2;s:1193:\" Municipios Zacapoaxtla Cuetzalan del Progreso Ayotoxco de Guerrero Hueytamalco Teziutlán Atractivos Naturales, Arqueológicos, Arquitectónicos, Culturales Zacapoaxtla: cabañas, cascada Apulco, miradores. Cuetzalan del Progreso: grutas, zona arqueológica Yohualichan, arquitectura. Ayotoxco de Guerrero: senderismo en río Agua Bonita. Hueytamalco: cascadas y ríos. Puntos Agroturísticos Cuetzalan del Progreso: cabañas de bambú, restaurantes de mujeres con comida típica. Ayotoxco de Guerrero: CICET, edificio de bambú (mujeres productoras de vainilla aromática), restaurante con platillos a base de vainilla, recorrido por invernaderos y producción de abeja melipona. Hueytamalco: Plan de Guinea deportes extremos. Venustiano Carranza: viveros de vainilla. Establecimientos de hospedaje registrados según tipo de alojamiento (Hoteles, Moteles, Cabañas, Etc.) Zacapoaxtla: 15 Cuetzalan del Progreso: 55 Ayotoxco de Guerrero: 5 Hueytamalco: 3 Teziutlán: 23 Establecimientos de servicio de alimentos y de bebidas con categoría turística (Restaurantes, Cafeterías, Bares, Etc.) Zacapoaxtla: 77 Cuetzalan del Progreso: 100 Ayotoxco de Guerrero: 0 Hueytamalco: 0 Teziutlán: 80  \";i:3;a:25:{s:2:\"id\";i:11;s:5:\"alias\";s:19:\"ruta de la vainilla\";s:7:\"summary\";s:5938:\"<div class=\"uk-grid uk-child-width-1-2@s uk-padding\" uk-grid>\r\n    <div class=\"uk-grid-item-match\">\r\n        <div class=\"uk-card uk-card-default uk-margin-bottom\">\r\n            <iframe src=\"https://www.google.com/maps/d/embed?mid=1ajTjTPNSPYCa1jVbwFr60ZLi3wVh-8HX\" width=\"100%\" height=\"320\"></iframe>\r\n        </div>\r\n        <div class=\"uk-panel uk-margin-bottom\">\r\n            <h3>Municipios</h3>\r\n            <ul>\r\n                <li>Zacapoaxtla</li>\r\n                <li>Cuetzalan del Progreso</li>\r\n                <li>Ayotoxco de Guerrero</li>\r\n                <li>Hueytamalco</li>\r\n                <li>Teziutlán</li>\r\n            </ul>\r\n        </div>\r\n        <div class=\"uk-panel uk-margin-bottom\">\r\n            <h3>Atractivos Naturales, Arqueológicos, Arquitectónicos, Culturales</h3>\r\n            <ul>\r\n                <li>Zacapoaxtla: cabañas, cascada Apulco, miradores.</li>\r\n                <li>Cuetzalan del Progreso: grutas, zona arqueológica Yohualichan, arquitectura.</li>\r\n                <li>Ayotoxco de Guerrero: senderismo en río Agua Bonita. </li>\r\n                <li>Hueytamalco: cascadas y ríos.</li>\r\n            </ul>\r\n        </div>\r\n    </div>\r\n\r\n    <div class=\"uk-grid-item-match\">\r\n        <div class=\"uk-panel uk-margin-bottom\">\r\n            <h3>Puntos Agroturísticos</h3>\r\n            <ul>\r\n                <li>Cuetzalan del Progreso: cabañas de bambú, restaurantes de mujeres con comida típica.</li>\r\n                <li>Ayotoxco de Guerrero: CICET, edificio de bambú (mujeres productoras de vainilla aromática), restaurante con platillos a base de vainilla, recorrido por invernaderos y  producción de abeja melipona. </li>\r\n                <li>Hueytamalco: Plan de Guinea deportes extremos. </li>\r\n                <li>Venustiano Carranza: viveros de vainilla.</li>\r\n            </ul>\r\n        </div>\r\n\r\n        <div class=\"uk-panel uk-margin-bottom\">\r\n            <h3>Establecimientos de hospedaje registrados según tipo de alojamiento (Hoteles, Moteles, Cabañas, Etc.)</h3>\r\n            <ul>\r\n                <li>Zacapoaxtla: 15</li>\r\n                <li>Cuetzalan del Progreso: 55</li>\r\n                <li>Ayotoxco de Guerrero: 5</li>\r\n                <li>Hueytamalco: 3</li>\r\n                <li>Teziutlán: 23</li>\r\n            </ul>\r\n        </div>\r\n\r\n        <div class=\"uk-panel uk-margin-bottom\">\r\n            <h3>Establecimientos de servicio de alimentos y de bebidas con categoría turística (Restaurantes, Cafeterías, Bares, Etc.)</h3>\r\n            <ul>\r\n                <li>Zacapoaxtla: 77</li>\r\n                <li>Cuetzalan del Progreso: 100</li>\r\n                <li>Ayotoxco de Guerrero: 0</li>\r\n                <li>Hueytamalco: 0</li>\r\n                <li>Teziutlán: 80</li>\r\n            </ul>\r\n        </div>\r\n    </div>\r\n</div>\r\n\r\n\r\n\r\n\r\n<div class=\"container uk-padding\">\r\n    <div class=\"uk-position-relative uk-visible-toggle uk-slider\" tabindex=\"-1\" uk-slider=\"finite: true; center: false; sets: true\">\r\n\r\n        <ul class=\"uk-slider-items uk-child-width-1-2@s uk-child-width-1-4@m uk-grid-small\">\r\n            <li>\r\n                <div class=\"uk-card uk-overflow-hidden\">\r\n                    <div class=\"uk-cover-container boder\">\r\n                        <img src=\"images/site/agroturiticos/VainillaSlider/vainilla-1.jpg\" loading=\"lazy\" alt=\"vainilla 1\" uk-cover>\r\n                        <canvas width=\"585\" height=\"390\"></canvas>\r\n                    </div>\r\n                </div>\r\n            </li>\r\n            <li>\r\n                <div class=\"uk-card uk-overflow-hidden\">\r\n                    <div class=\"uk-cover-container boder\">\r\n                        <img src=\"images/site/agroturiticos/VainillaSlider/vainilla-2.jpg\" loading=\"lazy\" alt=\"vainilla 2\" uk-cover>\r\n                        <canvas width=\"585\" height=\"390\"></canvas>\r\n                    </div>\r\n                </div>\r\n            </li>\r\n                <li>\r\n                <div class=\"uk-card uk-overflow-hidden\">\r\n                    <div class=\"uk-cover-container boder\">\r\n                        <img src=\"images/site/agroturiticos/VainillaSlider/vainilla-3.jpg\" loading=\"lazy\" alt=\"vainilla 1\" uk-cover>\r\n                        <canvas width=\"585\" height=\"390\"></canvas>\r\n                    </div>\r\n                </div>\r\n            </li>\r\n            <li>\r\n                <div class=\"uk-card uk-overflow-hidden\">\r\n                    <div class=\"uk-cover-container boder\">\r\n                        <img src=\"images/site/agroturiticos/VainillaSlider/vainilla-4.jpg\" loading=\"lazy\" alt=\"vainilla 2\" uk-cover>\r\n                        <canvas width=\"585\" height=\"390\"></canvas>\r\n                    </div>\r\n                </div>\r\n            </li>\r\n                <li>\r\n                <div class=\"uk-card uk-overflow-hidden\">\r\n                    <div class=\"uk-cover-container boder\">\r\n                        <img src=\"images/site/agroturiticos/VainillaSlider/vainilla-5.jpg\" loading=\"lazy\" alt=\"vainilla 1\" uk-cover>\r\n                        <canvas width=\"585\" height=\"390\"></canvas>\r\n                    </div>\r\n                </div>\r\n            </li>\r\n            <li>\r\n                <div class=\"uk-card uk-overflow-hidden\">\r\n                    <div class=\"uk-cover-container boder\">\r\n                        <img src=\"images/site/agroturiticos/VainillaSlider/vainilla-7.jpg\" loading=\"lazy\" alt=\"vainilla 2\" uk-cover>\r\n                        <canvas width=\"585\" height=\"390\"></canvas>\r\n                    </div>\r\n                </div>\r\n            </li>\r\n            <!-- Agrega más items igual -->\r\n        </ul>\r\n\r\n        <!-- Flechas de navegación -->\r\n        <a class=\"uk-position-center-left uk-position-small uk-hidden-hover\" href=\"#\" uk-slidenav-previous uk-slider-item=\"previous\"></a>\r\n        <a class=\"uk-position-center-right uk-position-small uk-hidden-hover\" href=\"#\" uk-slidenav-next uk-slider-item=\"next\"></a>\r\n    </div>\r\n</div>\r\n\";s:4:\"body\";s:0:\"\";s:6:\"images\";s:173:\"{\"image_intro\":\"\",\"image_intro_alt\":\"\",\"float_intro\":\"\",\"image_intro_caption\":\"\",\"image_fulltext\":\"\",\"image_fulltext_alt\":\"\",\"float_fulltext\":\"\",\"image_fulltext_caption\":\"\"}\";s:5:\"catid\";i:10;s:10:\"created_by\";i:672;s:16:\"created_by_alias\";s:0:\"\";s:8:\"modified\";s:19:\"2025-05-20 23:23:40\";s:11:\"modified_by\";i:672;s:6:\"params\";O:24:\"Joomla\\Registry\\Registry\":3:{s:7:\"\0*\0data\";O:8:\"stdClass\":86:{s:14:\"article_layout\";s:9:\"_:default\";s:10:\"show_title\";s:1:\"1\";s:11:\"link_titles\";s:1:\"1\";s:10:\"show_intro\";s:1:\"1\";s:19:\"info_block_position\";s:1:\"0\";s:21:\"info_block_show_title\";s:1:\"1\";s:13:\"show_category\";s:1:\"1\";s:13:\"link_category\";s:1:\"1\";s:20:\"show_parent_category\";s:1:\"0\";s:20:\"link_parent_category\";s:1:\"0\";s:17:\"show_associations\";s:1:\"0\";s:5:\"flags\";s:1:\"1\";s:11:\"show_author\";s:1:\"1\";s:11:\"link_author\";s:1:\"0\";s:16:\"show_create_date\";s:1:\"0\";s:16:\"show_modify_date\";s:1:\"0\";s:17:\"show_publish_date\";s:1:\"1\";s:20:\"show_item_navigation\";s:1:\"1\";s:13:\"show_readmore\";s:1:\"1\";s:19:\"show_readmore_title\";s:1:\"1\";s:14:\"readmore_limit\";i:100;s:9:\"show_tags\";s:1:\"1\";s:11:\"record_hits\";s:1:\"1\";s:9:\"show_hits\";s:1:\"1\";s:11:\"show_noauth\";s:1:\"0\";s:13:\"urls_position\";i:0;s:7:\"captcha\";s:0:\"\";s:23:\"show_publishing_options\";s:1:\"1\";s:20:\"show_article_options\";s:1:\"1\";s:27:\"show_configure_edit_options\";s:1:\"1\";s:16:\"show_permissions\";s:1:\"1\";s:22:\"show_associations_edit\";s:1:\"1\";s:12:\"save_history\";s:1:\"1\";s:13:\"history_limit\";i:10;s:25:\"show_urls_images_frontend\";s:1:\"0\";s:24:\"show_urls_images_backend\";s:1:\"1\";s:7:\"targeta\";i:0;s:7:\"targetb\";i:0;s:7:\"targetc\";i:0;s:11:\"float_intro\";s:4:\"left\";s:14:\"float_fulltext\";s:4:\"left\";s:15:\"category_layout\";s:6:\"_:blog\";s:19:\"show_category_title\";s:1:\"0\";s:16:\"show_description\";s:1:\"0\";s:22:\"show_description_image\";s:1:\"0\";s:8:\"maxLevel\";s:1:\"1\";s:21:\"show_empty_categories\";s:1:\"0\";s:16:\"show_no_articles\";s:1:\"1\";s:32:\"show_category_heading_title_text\";s:1:\"1\";s:16:\"show_subcat_desc\";s:1:\"1\";s:21:\"show_cat_num_articles\";s:1:\"0\";s:13:\"show_cat_tags\";s:1:\"1\";s:21:\"show_base_description\";s:1:\"1\";s:11:\"maxLevelcat\";s:2:\"-1\";s:25:\"show_empty_categories_cat\";s:1:\"0\";s:20:\"show_subcat_desc_cat\";s:1:\"1\";s:25:\"show_cat_num_articles_cat\";s:1:\"1\";s:20:\"num_leading_articles\";i:1;s:18:\"blog_class_leading\";s:0:\"\";s:18:\"num_intro_articles\";i:4;s:10:\"blog_class\";s:0:\"\";s:11:\"num_columns\";i:1;s:18:\"multi_column_order\";s:1:\"0\";s:9:\"num_links\";i:4;s:24:\"show_subcategory_content\";s:1:\"0\";s:16:\"link_intro_image\";s:1:\"0\";s:21:\"show_pagination_limit\";s:1:\"1\";s:12:\"filter_field\";s:4:\"hide\";s:13:\"show_headings\";s:1:\"1\";s:14:\"list_show_date\";s:1:\"0\";s:11:\"date_format\";s:0:\"\";s:14:\"list_show_hits\";s:1:\"1\";s:16:\"list_show_author\";s:1:\"1\";s:11:\"display_num\";s:2:\"10\";s:11:\"orderby_pri\";s:5:\"order\";s:11:\"orderby_sec\";s:5:\"rdate\";s:10:\"order_date\";s:9:\"published\";s:15:\"show_pagination\";s:1:\"2\";s:23:\"show_pagination_results\";s:1:\"1\";s:13:\"show_featured\";s:4:\"show\";s:14:\"show_feed_link\";s:1:\"1\";s:12:\"feed_summary\";s:1:\"0\";s:18:\"feed_show_readmore\";s:1:\"0\";s:7:\"sef_ids\";i:1;s:20:\"custom_fields_enable\";s:1:\"1\";s:16:\"workflow_enabled\";s:1:\"0\";}s:14:\"\0*\0initialized\";b:1;s:12:\"\0*\0separator\";s:1:\".\";}s:7:\"metakey\";s:0:\"\";s:8:\"metadesc\";s:0:\"\";s:8:\"metadata\";O:24:\"Joomla\\Registry\\Registry\":3:{s:7:\"\0*\0data\";O:8:\"stdClass\":3:{s:6:\"robots\";s:0:\"\";s:6:\"author\";s:0:\"\";s:6:\"rights\";s:0:\"\";}s:14:\"\0*\0initialized\";b:1;s:12:\"\0*\0separator\";s:1:\".\";}s:7:\"version\";i:14;s:8:\"ordering\";i:3;s:8:\"category\";s:25:\"MunicipiosAgroturísticos\";s:9:\"cat_state\";i:1;s:10:\"cat_access\";i:1;s:4:\"slug\";s:22:\"11:ruta-de-la-vainilla\";s:7:\"catslug\";s:27:\"10:municipiosagroturisticos\";s:6:\"author\";s:3:\"SDR\";s:6:\"layout\";s:7:\"article\";s:7:\"context\";s:19:\"com_content.article\";s:10:\"metaauthor\";N;}i:4;N;i:5;a:5:{i:1;a:3:{i:0;s:5:\"title\";i:1;s:8:\"subtitle\";i:2;s:2:\"id\";}i:2;a:2:{i:0;s:7:\"summary\";i:1;s:4:\"body\";}i:3;a:8:{i:0;s:4:\"meta\";i:1;s:10:\"list_price\";i:2;s:10:\"sale_price\";i:3;s:7:\"metakey\";i:4;s:8:\"metadesc\";i:5;s:10:\"metaauthor\";i:6;s:6:\"author\";i:7;s:16:\"created_by_alias\";}i:4;a:2:{i:0;s:4:\"path\";i:1;s:5:\"alias\";}i:5;a:1:{i:0;s:8:\"comments\";}}i:6;s:1:\"*\";i:7;N;i:8;N;i:9;s:19:\"2025-05-15 22:48:14\";i:10;N;i:11;s:76:\"index.php?option=com_content&view=article&id=11:ruta-de-la-vainilla&catid=10\";i:12;N;i:13;s:19:\"2025-05-15 22:48:14\";i:14;i:1;i:15;a:4:{s:4:\"Type\";a:1:{i:0;O:8:\"stdClass\":6:{s:5:\"title\";s:7:\"Article\";s:5:\"state\";i:1;s:6:\"access\";i:1;s:8:\"language\";s:0:\"\";s:6:\"nested\";b:0;s:2:\"id\";i:3;}}s:6:\"Author\";a:1:{i:0;O:8:\"stdClass\":6:{s:5:\"title\";s:3:\"SDR\";s:5:\"state\";i:1;s:6:\"access\";i:1;s:8:\"language\";s:0:\"\";s:6:\"nested\";b:0;s:2:\"id\";i:5;}}s:8:\"Category\";a:1:{i:0;O:8:\"stdClass\":6:{s:5:\"title\";s:25:\"MunicipiosAgroturísticos\";s:5:\"state\";i:1;s:6:\"access\";i:1;s:8:\"language\";s:1:\"*\";s:6:\"nested\";b:1;s:2:\"id\";i:13;}}s:8:\"Language\";a:1:{i:0;O:8:\"stdClass\":6:{s:5:\"title\";s:1:\"*\";s:5:\"state\";i:1;s:6:\"access\";i:1;s:8:\"language\";s:0:\"\";s:6:\"nested\";b:0;s:2:\"id\";i:9;}}}i:16;s:19:\"Ruta de la Vainilla\";i:17;i:3;i:18;s:47:\"index.php?option=com_content&view=article&id=11\";}'),
(15,'index.php?option=com_content&view=article&id=12','index.php?option=com_content&view=article&id=12:ruta-del-cafe&catid=10','Ruta del Café',' Municipios Zacatlán Xicotepec Atractivos Naturales, Arqueológicos, Arquitectónicos, Culturales Zacatlán: Cascada de Quetzalapa, planta hidroeléctrica, valle de Piedras Encimadas. Xicotepec: Cueva azul, cascadas , virgen monumental ,La Xochipila. Puntos Agroturísticos Zacatlán: Fábrica de pan artesanal Pimentel, tirolesa, puente colgante. Xicotepec: Orquideario, finca cafetalera, recorrido a caballo, senderismo, restaurante de platillos típicos. Establecimientos de hospedaje registrados según tipo de alojamiento (Hoteles, Moteles, Cabañas, Etc.) Zacatlán: 75 Xicotepec: 19 Establecimientos de servicio de alimentos y de bebidas con categoría turística (Restaurantes, Cafeterías, Bares, Etc.) Zacatlán: 123 Xicotepec: 196  ','2025-05-20 23:13:07','acde567fdeb0bdadbed177acff82378d',1,1,1,'*','2025-05-15 22:50:59',NULL,'2025-05-15 22:50:59',NULL,0,0,3,'O:52:\"Joomla\\Component\\Finder\\Administrator\\Indexer\\Result\":19:{i:0;i:1;i:1;s:5:\"es-ES\";i:2;s:744:\" Municipios Zacatlán Xicotepec Atractivos Naturales, Arqueológicos, Arquitectónicos, Culturales Zacatlán: Cascada de Quetzalapa, planta hidroeléctrica, valle de Piedras Encimadas. Xicotepec: Cueva azul, cascadas , virgen monumental ,La Xochipila. Puntos Agroturísticos Zacatlán: Fábrica de pan artesanal Pimentel, tirolesa, puente colgante. Xicotepec: Orquideario, finca cafetalera, recorrido a caballo, senderismo, restaurante de platillos típicos. Establecimientos de hospedaje registrados según tipo de alojamiento (Hoteles, Moteles, Cabañas, Etc.) Zacatlán: 75 Xicotepec: 19 Establecimientos de servicio de alimentos y de bebidas con categoría turística (Restaurantes, Cafeterías, Bares, Etc.) Zacatlán: 123 Xicotepec: 196  \";i:3;a:25:{s:2:\"id\";i:12;s:5:\"alias\";s:13:\"ruta del cafe\";s:7:\"summary\";s:4292:\"<div class=\"uk-grid uk-child-width-1-2@s uk-padding\" uk-grid>\r\n    <div class=\"uk-grid-item-match\">\r\n        <div class=\"uk-card uk-card-default uk-margin-bottom\">\r\n            <iframe src=\"https://www.google.com/maps/d/embed?mid=1jFumofbo_mookCgKt4BjHY_SiPtv-E5r\" width=\"100%\" height=\"320\"></iframe>\r\n        </div>\r\n        <div class=\"uk-panel uk-margin-bottom\">\r\n            <h3>Municipios</h3>\r\n            <ul>\r\n                <li>Zacatlán</li>\r\n                <li>Xicotepec</li>\r\n            </ul>\r\n        </div>\r\n        <div class=\"uk-panel uk-margin-bottom\">\r\n            <h3>Atractivos Naturales, Arqueológicos, Arquitectónicos, Culturales</h3>\r\n            <ul>\r\n                <li>Zacatlán: Cascada de Quetzalapa, planta hidroeléctrica, valle de Piedras Encimadas.</li>\r\n                <li>Xicotepec: Cueva azul, cascadas , virgen monumental ,La Xochipila.</li>\r\n            </ul>\r\n        </div>\r\n    </div>\r\n\r\n    <div class=\"uk-grid-item-match\">\r\n        <div class=\"uk-panel uk-margin-bottom\">\r\n            <h3>Puntos Agroturísticos</h3>\r\n            <ul>\r\n                <li>Zacatlán: Fábrica de pan artesanal Pimentel, tirolesa, puente colgante.</li>\r\n                <li>Xicotepec: Orquideario, finca cafetalera, recorrido a caballo, senderismo, restaurante de platillos típicos.</li>\r\n            </ul>\r\n        </div>\r\n\r\n        <div class=\"uk-panel uk-margin-bottom\">\r\n            <h3>Establecimientos de hospedaje registrados según tipo de alojamiento (Hoteles, Moteles, Cabañas, Etc.)</h3>\r\n            <ul>\r\n                <li>Zacatlán: 75</li>\r\n                <li>Xicotepec: 19</li>\r\n            </ul>\r\n        </div>\r\n\r\n        <div class=\"uk-panel uk-margin-bottom\">\r\n            <h3>Establecimientos de servicio de alimentos y de bebidas con categoría turística (Restaurantes, Cafeterías, Bares, Etc.)</h3>\r\n            <ul>\r\n                <li>Zacatlán: 123</li>\r\n                <li>Xicotepec: 196</li>\r\n            </ul>\r\n        </div>\r\n    </div>\r\n</div>\r\n\r\n\r\n\r\n<div class=\"container uk-padding\">\r\n    <div class=\"uk-position-relative uk-visible-toggle uk-slider\" tabindex=\"-1\" uk-slider=\"finite: true; center: false; sets: true\">\r\n\r\n        <ul class=\"uk-slider-items uk-child-width-1-2@s uk-child-width-1-4@m uk-grid-small\">\r\n            <li>\r\n                <div class=\"uk-card uk-overflow-hidden\">\r\n                    <div class=\"uk-cover-container boder\">\r\n                        <img src=\"images/site/agroturiticos/CafeSlider/cafe-1.jpg\" loading=\"lazy\" alt=\"cafe 1\" uk-cover>\r\n                        <canvas width=\"585\" height=\"390\"></canvas>\r\n                    </div>\r\n                </div>\r\n            </li>\r\n            <li>\r\n                <div class=\"uk-card uk-overflow-hidden\">\r\n                    <div class=\"uk-cover-container boder\">\r\n                        <img src=\"images/site/agroturiticos/CafeSlider/cafe-2.jpg\" loading=\"lazy\" alt=\"cafe 2\" uk-cover>\r\n                        <canvas width=\"585\" height=\"390\"></canvas>\r\n                    </div>\r\n                </div>\r\n            </li>\r\n                <li>\r\n                <div class=\"uk-card uk-overflow-hidden\">\r\n                    <div class=\"uk-cover-container boder\">\r\n                        <img src=\"images/site/agroturiticos/CafeSlider/cafe-3.jpg\" loading=\"lazy\" alt=\"cafe 3\" uk-cover>\r\n                        <canvas width=\"585\" height=\"390\"></canvas>\r\n                    </div>\r\n                </div>\r\n            </li>\r\n            <li>\r\n                <div class=\"uk-card uk-overflow-hidden\">\r\n                    <div class=\"uk-cover-container boder\">\r\n                        <img src=\"images/site/agroturiticos/CafeSlider/cafe-4.jpg\" loading=\"lazy\" alt=\"cafe 4\" uk-cover>\r\n                        <canvas width=\"585\" height=\"390\"></canvas>\r\n                    </div>\r\n                </div>\r\n            </li>\r\n               \r\n            <!-- Agrega más items igual -->\r\n        </ul>\r\n\r\n        <!-- Flechas de navegación -->\r\n        <a class=\"uk-position-center-left uk-position-small uk-hidden-hover\" href=\"#\" uk-slidenav-previous uk-slider-item=\"previous\"></a>\r\n        <a class=\"uk-position-center-right uk-position-small uk-hidden-hover\" href=\"#\" uk-slidenav-next uk-slider-item=\"next\"></a>\r\n    </div>\r\n</div>\r\n\";s:4:\"body\";s:0:\"\";s:6:\"images\";s:173:\"{\"image_intro\":\"\",\"image_intro_alt\":\"\",\"float_intro\":\"\",\"image_intro_caption\":\"\",\"image_fulltext\":\"\",\"image_fulltext_alt\":\"\",\"float_fulltext\":\"\",\"image_fulltext_caption\":\"\"}\";s:5:\"catid\";i:10;s:10:\"created_by\";i:672;s:16:\"created_by_alias\";s:0:\"\";s:8:\"modified\";s:19:\"2025-05-20 23:13:07\";s:11:\"modified_by\";i:672;s:6:\"params\";O:24:\"Joomla\\Registry\\Registry\":3:{s:7:\"\0*\0data\";O:8:\"stdClass\":86:{s:14:\"article_layout\";s:9:\"_:default\";s:10:\"show_title\";s:1:\"1\";s:11:\"link_titles\";s:1:\"1\";s:10:\"show_intro\";s:1:\"1\";s:19:\"info_block_position\";s:1:\"0\";s:21:\"info_block_show_title\";s:1:\"1\";s:13:\"show_category\";s:1:\"1\";s:13:\"link_category\";s:1:\"1\";s:20:\"show_parent_category\";s:1:\"0\";s:20:\"link_parent_category\";s:1:\"0\";s:17:\"show_associations\";s:1:\"0\";s:5:\"flags\";s:1:\"1\";s:11:\"show_author\";s:1:\"1\";s:11:\"link_author\";s:1:\"0\";s:16:\"show_create_date\";s:1:\"0\";s:16:\"show_modify_date\";s:1:\"0\";s:17:\"show_publish_date\";s:1:\"1\";s:20:\"show_item_navigation\";s:1:\"1\";s:13:\"show_readmore\";s:1:\"1\";s:19:\"show_readmore_title\";s:1:\"1\";s:14:\"readmore_limit\";i:100;s:9:\"show_tags\";s:1:\"1\";s:11:\"record_hits\";s:1:\"1\";s:9:\"show_hits\";s:1:\"1\";s:11:\"show_noauth\";s:1:\"0\";s:13:\"urls_position\";i:0;s:7:\"captcha\";s:0:\"\";s:23:\"show_publishing_options\";s:1:\"1\";s:20:\"show_article_options\";s:1:\"1\";s:27:\"show_configure_edit_options\";s:1:\"1\";s:16:\"show_permissions\";s:1:\"1\";s:22:\"show_associations_edit\";s:1:\"1\";s:12:\"save_history\";s:1:\"1\";s:13:\"history_limit\";i:10;s:25:\"show_urls_images_frontend\";s:1:\"0\";s:24:\"show_urls_images_backend\";s:1:\"1\";s:7:\"targeta\";i:0;s:7:\"targetb\";i:0;s:7:\"targetc\";i:0;s:11:\"float_intro\";s:4:\"left\";s:14:\"float_fulltext\";s:4:\"left\";s:15:\"category_layout\";s:6:\"_:blog\";s:19:\"show_category_title\";s:1:\"0\";s:16:\"show_description\";s:1:\"0\";s:22:\"show_description_image\";s:1:\"0\";s:8:\"maxLevel\";s:1:\"1\";s:21:\"show_empty_categories\";s:1:\"0\";s:16:\"show_no_articles\";s:1:\"1\";s:32:\"show_category_heading_title_text\";s:1:\"1\";s:16:\"show_subcat_desc\";s:1:\"1\";s:21:\"show_cat_num_articles\";s:1:\"0\";s:13:\"show_cat_tags\";s:1:\"1\";s:21:\"show_base_description\";s:1:\"1\";s:11:\"maxLevelcat\";s:2:\"-1\";s:25:\"show_empty_categories_cat\";s:1:\"0\";s:20:\"show_subcat_desc_cat\";s:1:\"1\";s:25:\"show_cat_num_articles_cat\";s:1:\"1\";s:20:\"num_leading_articles\";i:1;s:18:\"blog_class_leading\";s:0:\"\";s:18:\"num_intro_articles\";i:4;s:10:\"blog_class\";s:0:\"\";s:11:\"num_columns\";i:1;s:18:\"multi_column_order\";s:1:\"0\";s:9:\"num_links\";i:4;s:24:\"show_subcategory_content\";s:1:\"0\";s:16:\"link_intro_image\";s:1:\"0\";s:21:\"show_pagination_limit\";s:1:\"1\";s:12:\"filter_field\";s:4:\"hide\";s:13:\"show_headings\";s:1:\"1\";s:14:\"list_show_date\";s:1:\"0\";s:11:\"date_format\";s:0:\"\";s:14:\"list_show_hits\";s:1:\"1\";s:16:\"list_show_author\";s:1:\"1\";s:11:\"display_num\";s:2:\"10\";s:11:\"orderby_pri\";s:5:\"order\";s:11:\"orderby_sec\";s:5:\"rdate\";s:10:\"order_date\";s:9:\"published\";s:15:\"show_pagination\";s:1:\"2\";s:23:\"show_pagination_results\";s:1:\"1\";s:13:\"show_featured\";s:4:\"show\";s:14:\"show_feed_link\";s:1:\"1\";s:12:\"feed_summary\";s:1:\"0\";s:18:\"feed_show_readmore\";s:1:\"0\";s:7:\"sef_ids\";i:1;s:20:\"custom_fields_enable\";s:1:\"1\";s:16:\"workflow_enabled\";s:1:\"0\";}s:14:\"\0*\0initialized\";b:1;s:12:\"\0*\0separator\";s:1:\".\";}s:7:\"metakey\";s:0:\"\";s:8:\"metadesc\";s:0:\"\";s:8:\"metadata\";O:24:\"Joomla\\Registry\\Registry\":3:{s:7:\"\0*\0data\";O:8:\"stdClass\":3:{s:6:\"robots\";s:0:\"\";s:6:\"author\";s:0:\"\";s:6:\"rights\";s:0:\"\";}s:14:\"\0*\0initialized\";b:1;s:12:\"\0*\0separator\";s:1:\".\";}s:7:\"version\";i:4;s:8:\"ordering\";i:2;s:8:\"category\";s:25:\"MunicipiosAgroturísticos\";s:9:\"cat_state\";i:1;s:10:\"cat_access\";i:1;s:4:\"slug\";s:16:\"12:ruta-del-cafe\";s:7:\"catslug\";s:27:\"10:municipiosagroturisticos\";s:6:\"author\";s:3:\"SDR\";s:6:\"layout\";s:7:\"article\";s:7:\"context\";s:19:\"com_content.article\";s:10:\"metaauthor\";N;}i:4;N;i:5;a:5:{i:1;a:3:{i:0;s:5:\"title\";i:1;s:8:\"subtitle\";i:2;s:2:\"id\";}i:2;a:2:{i:0;s:7:\"summary\";i:1;s:4:\"body\";}i:3;a:8:{i:0;s:4:\"meta\";i:1;s:10:\"list_price\";i:2;s:10:\"sale_price\";i:3;s:7:\"metakey\";i:4;s:8:\"metadesc\";i:5;s:10:\"metaauthor\";i:6;s:6:\"author\";i:7;s:16:\"created_by_alias\";}i:4;a:2:{i:0;s:4:\"path\";i:1;s:5:\"alias\";}i:5;a:1:{i:0;s:8:\"comments\";}}i:6;s:1:\"*\";i:7;N;i:8;N;i:9;s:19:\"2025-05-15 22:50:59\";i:10;N;i:11;s:70:\"index.php?option=com_content&view=article&id=12:ruta-del-cafe&catid=10\";i:12;N;i:13;s:19:\"2025-05-15 22:50:59\";i:14;i:1;i:15;a:4:{s:4:\"Type\";a:1:{i:0;O:8:\"stdClass\":6:{s:5:\"title\";s:7:\"Article\";s:5:\"state\";i:1;s:6:\"access\";i:1;s:8:\"language\";s:0:\"\";s:6:\"nested\";b:0;s:2:\"id\";i:3;}}s:6:\"Author\";a:1:{i:0;O:8:\"stdClass\":6:{s:5:\"title\";s:3:\"SDR\";s:5:\"state\";i:1;s:6:\"access\";i:1;s:8:\"language\";s:0:\"\";s:6:\"nested\";b:0;s:2:\"id\";i:5;}}s:8:\"Category\";a:1:{i:0;O:8:\"stdClass\":6:{s:5:\"title\";s:25:\"MunicipiosAgroturísticos\";s:5:\"state\";i:1;s:6:\"access\";i:1;s:8:\"language\";s:1:\"*\";s:6:\"nested\";b:1;s:2:\"id\";i:13;}}s:8:\"Language\";a:1:{i:0;O:8:\"stdClass\":6:{s:5:\"title\";s:1:\"*\";s:5:\"state\";i:1;s:6:\"access\";i:1;s:8:\"language\";s:0:\"\";s:6:\"nested\";b:0;s:2:\"id\";i:9;}}}i:16;s:14:\"Ruta del Café\";i:17;i:3;i:18;s:47:\"index.php?option=com_content&view=article&id=12\";}'),
(16,'index.php?option=com_content&view=article&id=13','index.php?option=com_content&view=article&id=13:ruta-de-la-manzana&catid=10','Ruta de la Manzana',' Municipios Zacatlán Zapotitlán de Méndez Atractivos Naturales, Arqueológicos, Arquitectónicos, Culturales Zacatlán: Cascada de Quetzalapa, planta hidroeléctrica, valle de Piedras Encimadas, centro histórico. Zapotitlán de Méndez: Grutas Karmidas Puntos Agroturísticos Zacatlán: Fábrica de vinos La Primavera, plantaciones de manzana. Zapotitlán de Méndez: Fábrica de dulces artesanales. Establecimientos de hospedaje registrados según tipo de alojamiento (Hoteles, Moteles, Cabañas, Etc.) Zacatlán: 75 Zapotitlán de Méndez: 2 Establecimientos de servicio de alimentos y de bebidas con categoría turística (Restaurantes, Cafeterías, Bares, Etc.) Zacatlán: 123 Zapotitlán de Méndez: 14  ','2025-05-20 23:15:47','109edd7fab0dbd77040620cb867345bd',1,1,1,'*','2025-05-15 22:52:55',NULL,'2025-05-15 22:52:55',NULL,0,0,3,'O:52:\"Joomla\\Component\\Finder\\Administrator\\Indexer\\Result\":19:{i:0;i:1;i:1;s:5:\"es-ES\";i:2;s:713:\" Municipios Zacatlán Zapotitlán de Méndez Atractivos Naturales, Arqueológicos, Arquitectónicos, Culturales Zacatlán: Cascada de Quetzalapa, planta hidroeléctrica, valle de Piedras Encimadas, centro histórico. Zapotitlán de Méndez: Grutas Karmidas Puntos Agroturísticos Zacatlán: Fábrica de vinos La Primavera, plantaciones de manzana. Zapotitlán de Méndez: Fábrica de dulces artesanales. Establecimientos de hospedaje registrados según tipo de alojamiento (Hoteles, Moteles, Cabañas, Etc.) Zacatlán: 75 Zapotitlán de Méndez: 2 Establecimientos de servicio de alimentos y de bebidas con categoría turística (Restaurantes, Cafeterías, Bares, Etc.) Zacatlán: 123 Zapotitlán de Méndez: 14  \";i:3;a:25:{s:2:\"id\";i:13;s:5:\"alias\";s:18:\"ruta de la manzana\";s:7:\"summary\";s:4690:\"<div class=\"uk-grid uk-child-width-1-2@s uk-padding\" uk-grid>\r\n    <div class=\"uk-grid-item-match\">\r\n        <div class=\"uk-card uk-card-default uk-margin-bottom\">\r\n            <iframe src=\"https://www.google.com/maps/d/embed?mid=16tP3GzG5Ha-egoftaofAkS7Pv1__iWGB\" width=\"100%\" height=\"320\"></iframe>\r\n        </div>\r\n        <div class=\"uk-panel uk-margin-bottom\">\r\n            <h3>Municipios</h3>\r\n            <ul>\r\n                <li>Zacatlán</li>\r\n                <li>Zapotitlán de Méndez</li>\r\n            </ul>\r\n        </div>\r\n        <div class=\"uk-panel uk-margin-bottom\">\r\n            <h3>Atractivos Naturales, Arqueológicos, Arquitectónicos, Culturales</h3>\r\n            <ul>\r\n                <li>Zacatlán: Cascada de Quetzalapa, planta hidroeléctrica, valle de Piedras Encimadas, centro histórico.</li>\r\n                <li>Zapotitlán de Méndez: Grutas Karmidas</li>\r\n            </ul>\r\n        </div>\r\n    </div>\r\n\r\n    <div class=\"uk-grid-item-match\">\r\n        <div class=\"uk-panel uk-margin-bottom\">\r\n            <h3>Puntos Agroturísticos</h3>\r\n            <ul>\r\n                <li>Zacatlán: Fábrica de vinos La Primavera, plantaciones de manzana.</li>\r\n                <li>Zapotitlán de Méndez: Fábrica de dulces artesanales.</li>\r\n            </ul>\r\n        </div>\r\n\r\n        <div class=\"uk-panel uk-margin-bottom\">\r\n            <h3>Establecimientos de hospedaje registrados según tipo de alojamiento (Hoteles, Moteles, Cabañas, Etc.)</h3>\r\n            <ul>\r\n                <li>Zacatlán: 75</li>\r\n                <li>Zapotitlán de Méndez: 2</li>\r\n            </ul>\r\n        </div>\r\n\r\n        <div class=\"uk-panel uk-margin-bottom\">\r\n            <h3>Establecimientos de servicio de alimentos y de bebidas con categoría turística (Restaurantes, Cafeterías, Bares, Etc.)</h3>\r\n            <ul>\r\n                <li>Zacatlán: 123</li>\r\n                <li>Zapotitlán de Méndez: 14</li>\r\n            </ul>\r\n        </div>\r\n    </div>\r\n</div>\r\n\r\n\r\n\r\n<div class=\"container uk-padding\">\r\n    <div class=\"uk-position-relative uk-visible-toggle uk-slider\" tabindex=\"-1\" uk-slider=\"finite: true; center: false; sets: true\">\r\n\r\n        <ul class=\"uk-slider-items uk-child-width-1-2@s uk-child-width-1-4@m uk-grid-small\">\r\n            <li>\r\n                <div class=\"uk-card uk-overflow-hidden\">\r\n                    <div class=\"uk-cover-container boder\">\r\n                        <img src=\"images/site/agroturiticos/ManzanaSlider/manzana-2.jpg\" loading=\"lazy\" alt=\"manzana 2\" uk-cover>\r\n                        <canvas width=\"585\" height=\"390\"></canvas>\r\n                    </div>\r\n                </div>\r\n            </li>\r\n                <li>\r\n                <div class=\"uk-card uk-overflow-hidden\">\r\n                    <div class=\"uk-cover-container boder\">\r\n                        <img src=\"images/site/agroturiticos/ManzanaSlider/manzana-3.jpg\" loading=\"lazy\" alt=\"manzana 3\" uk-cover>\r\n                        <canvas width=\"585\" height=\"390\"></canvas>\r\n                    </div>\r\n                </div>\r\n            </li>\r\n            <li>\r\n                <div class=\"uk-card uk-overflow-hidden\">\r\n                    <div class=\"uk-cover-container boder\">\r\n                        <img src=\"images/site/agroturiticos/ManzanaSlider/manzana-4.jpg\" loading=\"lazy\" alt=\"manzana 4\" uk-cover>\r\n                        <canvas width=\"585\" height=\"390\"></canvas>\r\n                    </div>\r\n                </div>\r\n            </li>\r\n                <li>\r\n                <div class=\"uk-card uk-overflow-hidden\">\r\n                    <div class=\"uk-cover-container boder\">\r\n                        <img src=\"images/site/agroturiticos/ManzanaSlider/manzana-5.jpg\" loading=\"lazy\" alt=\"manzana 5\" uk-cover>\r\n                        <canvas width=\"585\" height=\"390\"></canvas>\r\n                    </div>\r\n                </div>\r\n            </li>\r\n            <li>\r\n                <div class=\"uk-card uk-overflow-hidden\">\r\n                    <div class=\"uk-cover-container boder\">\r\n                        <img src=\"images/site/agroturiticos/ManzanaSlider/manzana-6.jpg\" loading=\"lazy\" alt=\"manzana 6\" uk-cover>\r\n                        <canvas width=\"585\" height=\"390\"></canvas>\r\n                    </div>\r\n                </div>\r\n            </li>\r\n            <!-- Agrega más items igual -->\r\n        </ul>\r\n\r\n        <!-- Flechas de navegación -->\r\n        <a class=\"uk-position-center-left uk-position-small uk-hidden-hover\" href=\"#\" uk-slidenav-previous uk-slider-item=\"previous\"></a>\r\n        <a class=\"uk-position-center-right uk-position-small uk-hidden-hover\" href=\"#\" uk-slidenav-next uk-slider-item=\"next\"></a>\r\n    </div>\r\n</div>\r\n\";s:4:\"body\";s:0:\"\";s:6:\"images\";s:173:\"{\"image_intro\":\"\",\"image_intro_alt\":\"\",\"float_intro\":\"\",\"image_intro_caption\":\"\",\"image_fulltext\":\"\",\"image_fulltext_alt\":\"\",\"float_fulltext\":\"\",\"image_fulltext_caption\":\"\"}\";s:5:\"catid\";i:10;s:10:\"created_by\";i:672;s:16:\"created_by_alias\";s:0:\"\";s:8:\"modified\";s:19:\"2025-05-20 23:15:47\";s:11:\"modified_by\";i:672;s:6:\"params\";O:24:\"Joomla\\Registry\\Registry\":3:{s:7:\"\0*\0data\";O:8:\"stdClass\":86:{s:14:\"article_layout\";s:9:\"_:default\";s:10:\"show_title\";s:1:\"1\";s:11:\"link_titles\";s:1:\"1\";s:10:\"show_intro\";s:1:\"1\";s:19:\"info_block_position\";s:1:\"0\";s:21:\"info_block_show_title\";s:1:\"1\";s:13:\"show_category\";s:1:\"1\";s:13:\"link_category\";s:1:\"1\";s:20:\"show_parent_category\";s:1:\"0\";s:20:\"link_parent_category\";s:1:\"0\";s:17:\"show_associations\";s:1:\"0\";s:5:\"flags\";s:1:\"1\";s:11:\"show_author\";s:1:\"1\";s:11:\"link_author\";s:1:\"0\";s:16:\"show_create_date\";s:1:\"0\";s:16:\"show_modify_date\";s:1:\"0\";s:17:\"show_publish_date\";s:1:\"1\";s:20:\"show_item_navigation\";s:1:\"1\";s:13:\"show_readmore\";s:1:\"1\";s:19:\"show_readmore_title\";s:1:\"1\";s:14:\"readmore_limit\";i:100;s:9:\"show_tags\";s:1:\"1\";s:11:\"record_hits\";s:1:\"1\";s:9:\"show_hits\";s:1:\"1\";s:11:\"show_noauth\";s:1:\"0\";s:13:\"urls_position\";i:0;s:7:\"captcha\";s:0:\"\";s:23:\"show_publishing_options\";s:1:\"1\";s:20:\"show_article_options\";s:1:\"1\";s:27:\"show_configure_edit_options\";s:1:\"1\";s:16:\"show_permissions\";s:1:\"1\";s:22:\"show_associations_edit\";s:1:\"1\";s:12:\"save_history\";s:1:\"1\";s:13:\"history_limit\";i:10;s:25:\"show_urls_images_frontend\";s:1:\"0\";s:24:\"show_urls_images_backend\";s:1:\"1\";s:7:\"targeta\";i:0;s:7:\"targetb\";i:0;s:7:\"targetc\";i:0;s:11:\"float_intro\";s:4:\"left\";s:14:\"float_fulltext\";s:4:\"left\";s:15:\"category_layout\";s:6:\"_:blog\";s:19:\"show_category_title\";s:1:\"0\";s:16:\"show_description\";s:1:\"0\";s:22:\"show_description_image\";s:1:\"0\";s:8:\"maxLevel\";s:1:\"1\";s:21:\"show_empty_categories\";s:1:\"0\";s:16:\"show_no_articles\";s:1:\"1\";s:32:\"show_category_heading_title_text\";s:1:\"1\";s:16:\"show_subcat_desc\";s:1:\"1\";s:21:\"show_cat_num_articles\";s:1:\"0\";s:13:\"show_cat_tags\";s:1:\"1\";s:21:\"show_base_description\";s:1:\"1\";s:11:\"maxLevelcat\";s:2:\"-1\";s:25:\"show_empty_categories_cat\";s:1:\"0\";s:20:\"show_subcat_desc_cat\";s:1:\"1\";s:25:\"show_cat_num_articles_cat\";s:1:\"1\";s:20:\"num_leading_articles\";i:1;s:18:\"blog_class_leading\";s:0:\"\";s:18:\"num_intro_articles\";i:4;s:10:\"blog_class\";s:0:\"\";s:11:\"num_columns\";i:1;s:18:\"multi_column_order\";s:1:\"0\";s:9:\"num_links\";i:4;s:24:\"show_subcategory_content\";s:1:\"0\";s:16:\"link_intro_image\";s:1:\"0\";s:21:\"show_pagination_limit\";s:1:\"1\";s:12:\"filter_field\";s:4:\"hide\";s:13:\"show_headings\";s:1:\"1\";s:14:\"list_show_date\";s:1:\"0\";s:11:\"date_format\";s:0:\"\";s:14:\"list_show_hits\";s:1:\"1\";s:16:\"list_show_author\";s:1:\"1\";s:11:\"display_num\";s:2:\"10\";s:11:\"orderby_pri\";s:5:\"order\";s:11:\"orderby_sec\";s:5:\"rdate\";s:10:\"order_date\";s:9:\"published\";s:15:\"show_pagination\";s:1:\"2\";s:23:\"show_pagination_results\";s:1:\"1\";s:13:\"show_featured\";s:4:\"show\";s:14:\"show_feed_link\";s:1:\"1\";s:12:\"feed_summary\";s:1:\"0\";s:18:\"feed_show_readmore\";s:1:\"0\";s:7:\"sef_ids\";i:1;s:20:\"custom_fields_enable\";s:1:\"1\";s:16:\"workflow_enabled\";s:1:\"0\";}s:14:\"\0*\0initialized\";b:1;s:12:\"\0*\0separator\";s:1:\".\";}s:7:\"metakey\";s:0:\"\";s:8:\"metadesc\";s:0:\"\";s:8:\"metadata\";O:24:\"Joomla\\Registry\\Registry\":3:{s:7:\"\0*\0data\";O:8:\"stdClass\":3:{s:6:\"robots\";s:0:\"\";s:6:\"author\";s:0:\"\";s:6:\"rights\";s:0:\"\";}s:14:\"\0*\0initialized\";b:1;s:12:\"\0*\0separator\";s:1:\".\";}s:7:\"version\";i:3;s:8:\"ordering\";i:1;s:8:\"category\";s:25:\"MunicipiosAgroturísticos\";s:9:\"cat_state\";i:1;s:10:\"cat_access\";i:1;s:4:\"slug\";s:21:\"13:ruta-de-la-manzana\";s:7:\"catslug\";s:27:\"10:municipiosagroturisticos\";s:6:\"author\";s:3:\"SDR\";s:6:\"layout\";s:7:\"article\";s:7:\"context\";s:19:\"com_content.article\";s:10:\"metaauthor\";N;}i:4;N;i:5;a:5:{i:1;a:3:{i:0;s:5:\"title\";i:1;s:8:\"subtitle\";i:2;s:2:\"id\";}i:2;a:2:{i:0;s:7:\"summary\";i:1;s:4:\"body\";}i:3;a:8:{i:0;s:4:\"meta\";i:1;s:10:\"list_price\";i:2;s:10:\"sale_price\";i:3;s:7:\"metakey\";i:4;s:8:\"metadesc\";i:5;s:10:\"metaauthor\";i:6;s:6:\"author\";i:7;s:16:\"created_by_alias\";}i:4;a:2:{i:0;s:4:\"path\";i:1;s:5:\"alias\";}i:5;a:1:{i:0;s:8:\"comments\";}}i:6;s:1:\"*\";i:7;N;i:8;N;i:9;s:19:\"2025-05-15 22:52:55\";i:10;N;i:11;s:75:\"index.php?option=com_content&view=article&id=13:ruta-de-la-manzana&catid=10\";i:12;N;i:13;s:19:\"2025-05-15 22:52:55\";i:14;i:1;i:15;a:4:{s:4:\"Type\";a:1:{i:0;O:8:\"stdClass\":6:{s:5:\"title\";s:7:\"Article\";s:5:\"state\";i:1;s:6:\"access\";i:1;s:8:\"language\";s:0:\"\";s:6:\"nested\";b:0;s:2:\"id\";i:3;}}s:6:\"Author\";a:1:{i:0;O:8:\"stdClass\":6:{s:5:\"title\";s:3:\"SDR\";s:5:\"state\";i:1;s:6:\"access\";i:1;s:8:\"language\";s:0:\"\";s:6:\"nested\";b:0;s:2:\"id\";i:5;}}s:8:\"Category\";a:1:{i:0;O:8:\"stdClass\":6:{s:5:\"title\";s:25:\"MunicipiosAgroturísticos\";s:5:\"state\";i:1;s:6:\"access\";i:1;s:8:\"language\";s:1:\"*\";s:6:\"nested\";b:1;s:2:\"id\";i:13;}}s:8:\"Language\";a:1:{i:0;O:8:\"stdClass\":6:{s:5:\"title\";s:1:\"*\";s:5:\"state\";i:1;s:6:\"access\";i:1;s:8:\"language\";s:0:\"\";s:6:\"nested\";b:0;s:2:\"id\";i:9;}}}i:16;s:18:\"Ruta de la Manzana\";i:17;i:3;i:18;s:47:\"index.php?option=com_content&view=article&id=13\";}'),
(17,'index.php?option=com_content&view=article&id=14','index.php?option=com_content&view=article&id=14:ruta-del-mezcal&catid=10','Ruta del Mezcal',' Municipios Huehuetlán el Grande Tzicatlacoyan Atractivos Naturales, Arqueológicos, Arquitectónicos, Culturales Huehuetlán el Grande: Cordillera del Tenzo, balneario aguas termales Atotonilco, cascada San Agustín Ahuehuetla, Tzicatlacoyan: Templo San Bernardino Tepenene. Puntos Agroturísticos Huehuetlán el Grande: Vivero, parcelas y palenques: Rancho el Gallo mezcalero, Orgullo Poblano, Tesoro de Atlapulco Tzicatlacoyan: Palenque mezcalero la Perla del Tepenene Establecimientos de hospedaje registrados según tipo de alojamiento (Hoteles, Moteles, Cabañas, Etc.) Huehuetlán el Grande: 0 Tzicatlacoyan: 0 Establecimientos de servicio de alimentos y de bebidas con categoría turística (Restaurantes, Cafeterías, Bares, Etc.) Huehuetlán el Grande: 6 Tzicatlacoyan: 0  ','2025-05-20 23:18:50','342fcc7e3c79480024e33dcb933374fd',1,1,1,'*','2025-05-15 22:53:17',NULL,'2025-05-15 22:53:17',NULL,0,0,3,'O:52:\"Joomla\\Component\\Finder\\Administrator\\Indexer\\Result\":19:{i:0;i:1;i:1;s:5:\"es-ES\";i:2;s:784:\" Municipios Huehuetlán el Grande Tzicatlacoyan Atractivos Naturales, Arqueológicos, Arquitectónicos, Culturales Huehuetlán el Grande: Cordillera del Tenzo, balneario aguas termales Atotonilco, cascada San Agustín Ahuehuetla, Tzicatlacoyan: Templo San Bernardino Tepenene. Puntos Agroturísticos Huehuetlán el Grande: Vivero, parcelas y palenques: Rancho el Gallo mezcalero, Orgullo Poblano, Tesoro de Atlapulco Tzicatlacoyan: Palenque mezcalero la Perla del Tepenene Establecimientos de hospedaje registrados según tipo de alojamiento (Hoteles, Moteles, Cabañas, Etc.) Huehuetlán el Grande: 0 Tzicatlacoyan: 0 Establecimientos de servicio de alimentos y de bebidas con categoría turística (Restaurantes, Cafeterías, Bares, Etc.) Huehuetlán el Grande: 6 Tzicatlacoyan: 0  \";i:3;a:25:{s:2:\"id\";i:14;s:5:\"alias\";s:15:\"ruta del mezcal\";s:7:\"summary\";s:4749:\"<div class=\"uk-grid uk-child-width-1-2@s uk-padding\" uk-grid>\r\n    <div class=\"uk-grid-item-match\">\r\n        <div class=\"uk-card uk-card-default uk-margin-bottom\">\r\n             <iframe src=\"https://www.google.com/maps/d/embed?mid=1LmGr8KMQaP2HvuiU3qzGg-Yso23Qp8fQ\" width=\"100%\" height=\"320\"></iframe>\r\n        </div>\r\n        <div class=\"uk-panel uk-margin-bottom\">\r\n            <h3>Municipios</h3>\r\n            <ul>\r\n                <li>Huehuetlán el Grande</li>\r\n                <li>Tzicatlacoyan</li>\r\n            </ul>\r\n        </div>\r\n        <div class=\"uk-panel uk-margin-bottom\">\r\n            <h3>Atractivos Naturales, Arqueológicos,  Arquitectónicos, Culturales</h3>\r\n            <ul>\r\n                <li>Huehuetlán el Grande: Cordillera del Tenzo, balneario aguas termales Atotonilco, cascada San Agustín Ahuehuetla, </li>\r\n                <li>Tzicatlacoyan: Templo San Bernardino Tepenene.</li>\r\n            </ul>\r\n        </div>\r\n    </div>\r\n\r\n    <div class=\"uk-grid-item-match\">\r\n        <div class=\"uk-panel uk-margin-bottom\">\r\n            <h3>Puntos Agroturísticos</h3>\r\n            <ul>\r\n                <li>Huehuetlán el Grande: Vivero, parcelas y palenques: Rancho el Gallo mezcalero, Orgullo Poblano, Tesoro de Atlapulco</li>\r\n                <li>Tzicatlacoyan: Palenque mezcalero la Perla del Tepenene</li>\r\n            </ul>\r\n        </div>\r\n\r\n        <div class=\"uk-panel uk-margin-bottom\">\r\n            <h3>Establecimientos de hospedaje registrados según tipo de alojamiento (Hoteles, Moteles, Cabañas, Etc.)</h3>\r\n            <ul>\r\n                <li>Huehuetlán el Grande: 0</li>\r\n                <li>Tzicatlacoyan: 0</li>\r\n            </ul>\r\n        </div>\r\n\r\n        <div class=\"uk-panel uk-margin-bottom\">\r\n            <h3>Establecimientos de servicio de alimentos y de bebidas con categoría turística (Restaurantes, Cafeterías, Bares, Etc.)</h3>\r\n            <ul>\r\n                <li>Huehuetlán el Grande: 6</li>\r\n                <li>Tzicatlacoyan: 0</li>\r\n            </ul>\r\n        </div>\r\n    </div>\r\n</div>\r\n\r\n\r\n\r\n<div class=\"container uk-padding\">\r\n    <div class=\"uk-position-relative uk-visible-toggle uk-slider\" tabindex=\"-1\" uk-slider=\"finite: true; center: false; sets: true\">\r\n\r\n        <ul class=\"uk-slider-items uk-child-width-1-2@s uk-child-width-1-4@m uk-grid-small\">\r\n            <li>\r\n                <div class=\"uk-card uk-overflow-hidden\">\r\n                    <div class=\"uk-cover-container boder\">\r\n                        <img src=\"images/site/agroturiticos/MezcalSlider/mezcal-1.jpg\" loading=\"lazy\" alt=\"mezcal 1\" uk-cover>\r\n                        <canvas width=\"585\" height=\"390\"></canvas>\r\n                    </div>\r\n                </div>\r\n            </li>\r\n            <li>\r\n                <div class=\"uk-card uk-overflow-hidden\">\r\n                    <div class=\"uk-cover-container boder\">\r\n                        <img src=\"images/site/agroturiticos/MezcalSlider/mezcal-2.jpg\" loading=\"lazy\" alt=\"mezcal 2\" uk-cover>\r\n                        <canvas width=\"585\" height=\"390\"></canvas>\r\n                    </div>\r\n                </div>\r\n            </li>\r\n                <li>\r\n                <div class=\"uk-card uk-overflow-hidden\">\r\n                    <div class=\"uk-cover-container boder\">\r\n                        <img src=\"images/site/agroturiticos/MezcalSlider/mezcal-3.jpg\" loading=\"lazy\" alt=\"mezcal 3\" uk-cover>\r\n                        <canvas width=\"585\" height=\"390\"></canvas>\r\n                    </div>\r\n                </div>\r\n            </li>\r\n                <li>\r\n                <div class=\"uk-card uk-overflow-hidden\">\r\n                    <div class=\"uk-cover-container boder\">\r\n                        <img src=\"images/site/agroturiticos/MezcalSlider/mezcal-5.jpg\" loading=\"lazy\" alt=\"mezcal 5\" uk-cover>\r\n                        <canvas width=\"585\" height=\"390\"></canvas>\r\n                    </div>\r\n                </div>\r\n            </li>\r\n            <li>\r\n                <div class=\"uk-card uk-overflow-hidden\">\r\n                    <div class=\"uk-cover-container boder\">\r\n                        <img src=\"images/site/agroturiticos/MezcalSlider/mezcal-6.jpg\" loading=\"lazy\" alt=\"mezcal 6\" uk-cover>\r\n                        <canvas width=\"585\" height=\"390\"></canvas>\r\n                    </div>\r\n                </div>\r\n            </li>\r\n            <!-- Agrega más items igual -->\r\n        </ul>\r\n\r\n        <!-- Flechas de navegación -->\r\n        <a class=\"uk-position-center-left uk-position-small uk-hidden-hover\" href=\"#\" uk-slidenav-previous uk-slider-item=\"previous\"></a>\r\n        <a class=\"uk-position-center-right uk-position-small uk-hidden-hover\" href=\"#\" uk-slidenav-next uk-slider-item=\"next\"></a>\r\n    </div>\r\n</div>\r\n\";s:4:\"body\";s:0:\"\";s:6:\"images\";s:173:\"{\"image_intro\":\"\",\"image_intro_alt\":\"\",\"float_intro\":\"\",\"image_intro_caption\":\"\",\"image_fulltext\":\"\",\"image_fulltext_alt\":\"\",\"float_fulltext\":\"\",\"image_fulltext_caption\":\"\"}\";s:5:\"catid\";i:10;s:10:\"created_by\";i:672;s:16:\"created_by_alias\";s:0:\"\";s:8:\"modified\";s:19:\"2025-05-20 23:18:50\";s:11:\"modified_by\";i:672;s:6:\"params\";O:24:\"Joomla\\Registry\\Registry\":3:{s:7:\"\0*\0data\";O:8:\"stdClass\":86:{s:14:\"article_layout\";s:9:\"_:default\";s:10:\"show_title\";s:1:\"1\";s:11:\"link_titles\";s:1:\"1\";s:10:\"show_intro\";s:1:\"1\";s:19:\"info_block_position\";s:1:\"0\";s:21:\"info_block_show_title\";s:1:\"1\";s:13:\"show_category\";s:1:\"1\";s:13:\"link_category\";s:1:\"1\";s:20:\"show_parent_category\";s:1:\"0\";s:20:\"link_parent_category\";s:1:\"0\";s:17:\"show_associations\";s:1:\"0\";s:5:\"flags\";s:1:\"1\";s:11:\"show_author\";s:1:\"1\";s:11:\"link_author\";s:1:\"0\";s:16:\"show_create_date\";s:1:\"0\";s:16:\"show_modify_date\";s:1:\"0\";s:17:\"show_publish_date\";s:1:\"1\";s:20:\"show_item_navigation\";s:1:\"1\";s:13:\"show_readmore\";s:1:\"1\";s:19:\"show_readmore_title\";s:1:\"1\";s:14:\"readmore_limit\";i:100;s:9:\"show_tags\";s:1:\"1\";s:11:\"record_hits\";s:1:\"1\";s:9:\"show_hits\";s:1:\"1\";s:11:\"show_noauth\";s:1:\"0\";s:13:\"urls_position\";i:0;s:7:\"captcha\";s:0:\"\";s:23:\"show_publishing_options\";s:1:\"1\";s:20:\"show_article_options\";s:1:\"1\";s:27:\"show_configure_edit_options\";s:1:\"1\";s:16:\"show_permissions\";s:1:\"1\";s:22:\"show_associations_edit\";s:1:\"1\";s:12:\"save_history\";s:1:\"1\";s:13:\"history_limit\";i:10;s:25:\"show_urls_images_frontend\";s:1:\"0\";s:24:\"show_urls_images_backend\";s:1:\"1\";s:7:\"targeta\";i:0;s:7:\"targetb\";i:0;s:7:\"targetc\";i:0;s:11:\"float_intro\";s:4:\"left\";s:14:\"float_fulltext\";s:4:\"left\";s:15:\"category_layout\";s:6:\"_:blog\";s:19:\"show_category_title\";s:1:\"0\";s:16:\"show_description\";s:1:\"0\";s:22:\"show_description_image\";s:1:\"0\";s:8:\"maxLevel\";s:1:\"1\";s:21:\"show_empty_categories\";s:1:\"0\";s:16:\"show_no_articles\";s:1:\"1\";s:32:\"show_category_heading_title_text\";s:1:\"1\";s:16:\"show_subcat_desc\";s:1:\"1\";s:21:\"show_cat_num_articles\";s:1:\"0\";s:13:\"show_cat_tags\";s:1:\"1\";s:21:\"show_base_description\";s:1:\"1\";s:11:\"maxLevelcat\";s:2:\"-1\";s:25:\"show_empty_categories_cat\";s:1:\"0\";s:20:\"show_subcat_desc_cat\";s:1:\"1\";s:25:\"show_cat_num_articles_cat\";s:1:\"1\";s:20:\"num_leading_articles\";i:1;s:18:\"blog_class_leading\";s:0:\"\";s:18:\"num_intro_articles\";i:4;s:10:\"blog_class\";s:0:\"\";s:11:\"num_columns\";i:1;s:18:\"multi_column_order\";s:1:\"0\";s:9:\"num_links\";i:4;s:24:\"show_subcategory_content\";s:1:\"0\";s:16:\"link_intro_image\";s:1:\"0\";s:21:\"show_pagination_limit\";s:1:\"1\";s:12:\"filter_field\";s:4:\"hide\";s:13:\"show_headings\";s:1:\"1\";s:14:\"list_show_date\";s:1:\"0\";s:11:\"date_format\";s:0:\"\";s:14:\"list_show_hits\";s:1:\"1\";s:16:\"list_show_author\";s:1:\"1\";s:11:\"display_num\";s:2:\"10\";s:11:\"orderby_pri\";s:5:\"order\";s:11:\"orderby_sec\";s:5:\"rdate\";s:10:\"order_date\";s:9:\"published\";s:15:\"show_pagination\";s:1:\"2\";s:23:\"show_pagination_results\";s:1:\"1\";s:13:\"show_featured\";s:4:\"show\";s:14:\"show_feed_link\";s:1:\"1\";s:12:\"feed_summary\";s:1:\"0\";s:18:\"feed_show_readmore\";s:1:\"0\";s:7:\"sef_ids\";i:1;s:20:\"custom_fields_enable\";s:1:\"1\";s:16:\"workflow_enabled\";s:1:\"0\";}s:14:\"\0*\0initialized\";b:1;s:12:\"\0*\0separator\";s:1:\".\";}s:7:\"metakey\";s:0:\"\";s:8:\"metadesc\";s:0:\"\";s:8:\"metadata\";O:24:\"Joomla\\Registry\\Registry\":3:{s:7:\"\0*\0data\";O:8:\"stdClass\":3:{s:6:\"robots\";s:0:\"\";s:6:\"author\";s:0:\"\";s:6:\"rights\";s:0:\"\";}s:14:\"\0*\0initialized\";b:1;s:12:\"\0*\0separator\";s:1:\".\";}s:7:\"version\";i:13;s:8:\"ordering\";i:0;s:8:\"category\";s:25:\"MunicipiosAgroturísticos\";s:9:\"cat_state\";i:1;s:10:\"cat_access\";i:1;s:4:\"slug\";s:18:\"14:ruta-del-mezcal\";s:7:\"catslug\";s:27:\"10:municipiosagroturisticos\";s:6:\"author\";s:3:\"SDR\";s:6:\"layout\";s:7:\"article\";s:7:\"context\";s:19:\"com_content.article\";s:10:\"metaauthor\";N;}i:4;N;i:5;a:5:{i:1;a:3:{i:0;s:5:\"title\";i:1;s:8:\"subtitle\";i:2;s:2:\"id\";}i:2;a:2:{i:0;s:7:\"summary\";i:1;s:4:\"body\";}i:3;a:8:{i:0;s:4:\"meta\";i:1;s:10:\"list_price\";i:2;s:10:\"sale_price\";i:3;s:7:\"metakey\";i:4;s:8:\"metadesc\";i:5;s:10:\"metaauthor\";i:6;s:6:\"author\";i:7;s:16:\"created_by_alias\";}i:4;a:2:{i:0;s:4:\"path\";i:1;s:5:\"alias\";}i:5;a:1:{i:0;s:8:\"comments\";}}i:6;s:1:\"*\";i:7;N;i:8;N;i:9;s:19:\"2025-05-15 22:53:17\";i:10;N;i:11;s:72:\"index.php?option=com_content&view=article&id=14:ruta-del-mezcal&catid=10\";i:12;N;i:13;s:19:\"2025-05-15 22:53:17\";i:14;i:1;i:15;a:4:{s:4:\"Type\";a:1:{i:0;O:8:\"stdClass\":6:{s:5:\"title\";s:7:\"Article\";s:5:\"state\";i:1;s:6:\"access\";i:1;s:8:\"language\";s:0:\"\";s:6:\"nested\";b:0;s:2:\"id\";i:3;}}s:6:\"Author\";a:1:{i:0;O:8:\"stdClass\":6:{s:5:\"title\";s:3:\"SDR\";s:5:\"state\";i:1;s:6:\"access\";i:1;s:8:\"language\";s:0:\"\";s:6:\"nested\";b:0;s:2:\"id\";i:5;}}s:8:\"Category\";a:1:{i:0;O:8:\"stdClass\":6:{s:5:\"title\";s:25:\"MunicipiosAgroturísticos\";s:5:\"state\";i:1;s:6:\"access\";i:1;s:8:\"language\";s:1:\"*\";s:6:\"nested\";b:1;s:2:\"id\";i:13;}}s:8:\"Language\";a:1:{i:0;O:8:\"stdClass\":6:{s:5:\"title\";s:1:\"*\";s:5:\"state\";i:1;s:6:\"access\";i:1;s:8:\"language\";s:0:\"\";s:6:\"nested\";b:0;s:2:\"id\";i:9;}}}i:16;s:15:\"Ruta del Mezcal\";i:17;i:3;i:18;s:47:\"index.php?option=com_content&view=article&id=14\";}'),
(18,'index.php?option=com_content&view=article&id=15','index.php?option=com_content&view=article&id=15:contacto&catid=2','Contacto',' Contáctanos (222) 9 84 34 69 Calle 33 Sur 2301, Col. Santa Cruz Los Ángeles, Puebla, Pue. correspondencia.secihti@puebla.gob.mx ','2025-05-20 16:30:56','d5238afbb2dab7e552644ebcc7ef281e',1,1,1,'*','2025-05-20 16:30:56',NULL,'2025-05-20 16:30:56',NULL,0,0,3,'O:52:\"Joomla\\Component\\Finder\\Administrator\\Indexer\\Result\":19:{i:0;i:1;i:1;s:5:\"es-ES\";i:2;s:131:\" Contáctanos (222) 9 84 34 69 Calle 33 Sur 2301, Col. Santa Cruz Los Ángeles, Puebla, Pue. correspondencia.secihti@puebla.gob.mx \";i:3;a:25:{s:2:\"id\";i:15;s:5:\"alias\";s:8:\"contacto\";s:7:\"summary\";s:2470:\"<div class=\" contour \">\r\n  <div class=\"uk-grid-match uk-margin-remove\" uk-grid>\r\n   \r\n    <div class=\"uk-width-auto@m uk-width-1-1@s\">\r\n      <div class=\"uk-text-center uk-flex uk-flex-center correo-container lin\">\r\n            <spam class=\"c-b2b2b2\">Contáctanos</spam>\r\n     </div>\r\n    </div>\r\n    \r\n     <div class=\"uk-width-1-4@m uk-width-1-1@s\">\r\n       <div class=\"uk-text-center uk-flex uk-flex-center telefono-container\">\r\n         <img class=\"image-telefono c-794141\" src=\"images/icons/icon_phone.svg\" alt=\"Telefono\">\r\n       <!--  <a href=\"tel:2222296900\" class=\"c-b2b2b2 uk-text-bold\"> --->\r\n          <p  class=\"c-b2b2b2 uk-text-bold\">\r\n            (222) 9 84 34 69 \r\n         </p> \r\n             <!--</a>-->\r\n       </div>\r\n    </div>\r\n    \r\n     <div class=\"uk-width-1-4@m uk-width-1-1@s\">\r\n       <div class=\"dire\">\r\n         <spam class=\"c-b2b2b2\">Calle 33 Sur 2301, Col. Santa Cruz Los Ángeles, Puebla, Pue.\r\n         </spam>\r\n       </div>\r\n    </div>\r\n    \r\n      <div class=\"uk-width-auto@m uk-width-1-1@s\">\r\n       <div class=\"uk-text-center uk-flex uk-flex-center correo-container contac-email lin\">\r\n        <img class=\"image-correo\" src=\"images/icons/icon_mail.svg\">  \r\n        <!--<a href=\"mailto:correspondencia.secihti@puebla.gob.mx\"  target=\"_blank\" tabindex=\"0\" aria-label=\"correo electronico\">-->\r\n            <spam class=\"c-b2b2b2\">correspondencia.secihti@puebla.gob.mx</spam>\r\n        <!--</a>-->\r\n     </div>\r\n    </div>\r\n    \r\n  </div>\r\n</div>\r\n  \r\n\r\n\r\n<style>\r\n  .c-b2b2b2{\r\n    color: #b2b2b2;\r\n    font-size: 1.25rem;\r\n  }\r\n  \r\n.image-correo{\r\n  height: 35px;\r\n  filter: brightness(0) saturate(100%) invert(80%) sepia(3%) saturate(0%) hue-rotate(180deg);\r\n}\r\n  \r\n.image-telefono{\r\n  height: 40px;\r\n    filter: brightness(0) saturate(100%) invert(80%) sepia(3%) saturate(0%) hue-rotate(180deg);\r\n}\r\n\r\n.contour{\r\n  margin: 20px 0px 20px 0;\r\n  \r\n  background-color:white;\r\n  color:#c2c2c2;\r\n  border-radius: 20px;\r\n  padding:12px;\r\n  z-index: 1;\r\n }\r\n\r\n\r\n .correo-container,\r\n .telefono-container {\r\n     display: flex;\r\n    align-items: center;\r\n    gap: 8px;  \r\n  } \r\n  \r\n.lin a, \r\n.lin a:hover, \r\n.lin a:visited, \r\n.lin a:focus{\r\n  color: #c2c2c2;\r\n}\r\n\r\n.contac-email{\r\n  /*width: 200px; \r\n  border: 1px solid #ccc; */\r\n  word-break: break-word;\r\n  }\r\n  \r\n@media only screen and (max-width:959px){\r\n .dire{\r\n  text-align:center;\r\n } \r\n  \r\n .correo-container,\r\n .telefono-container {\r\n      flex-direction: column;\r\n  }\r\n}\r\n</style>\";s:4:\"body\";s:0:\"\";s:6:\"images\";s:173:\"{\"image_intro\":\"\",\"image_intro_alt\":\"\",\"float_intro\":\"\",\"image_intro_caption\":\"\",\"image_fulltext\":\"\",\"image_fulltext_alt\":\"\",\"float_fulltext\":\"\",\"image_fulltext_caption\":\"\"}\";s:5:\"catid\";i:2;s:10:\"created_by\";i:672;s:16:\"created_by_alias\";s:0:\"\";s:8:\"modified\";s:19:\"2025-05-20 16:30:56\";s:11:\"modified_by\";i:672;s:6:\"params\";O:24:\"Joomla\\Registry\\Registry\":3:{s:7:\"\0*\0data\";O:8:\"stdClass\":86:{s:14:\"article_layout\";s:9:\"_:default\";s:10:\"show_title\";s:1:\"1\";s:11:\"link_titles\";s:1:\"1\";s:10:\"show_intro\";s:1:\"1\";s:19:\"info_block_position\";s:1:\"0\";s:21:\"info_block_show_title\";s:1:\"1\";s:13:\"show_category\";s:1:\"1\";s:13:\"link_category\";s:1:\"1\";s:20:\"show_parent_category\";s:1:\"0\";s:20:\"link_parent_category\";s:1:\"0\";s:17:\"show_associations\";s:1:\"0\";s:5:\"flags\";s:1:\"1\";s:11:\"show_author\";s:1:\"1\";s:11:\"link_author\";s:1:\"0\";s:16:\"show_create_date\";s:1:\"0\";s:16:\"show_modify_date\";s:1:\"0\";s:17:\"show_publish_date\";s:1:\"1\";s:20:\"show_item_navigation\";s:1:\"1\";s:13:\"show_readmore\";s:1:\"1\";s:19:\"show_readmore_title\";s:1:\"1\";s:14:\"readmore_limit\";i:100;s:9:\"show_tags\";s:1:\"1\";s:11:\"record_hits\";s:1:\"1\";s:9:\"show_hits\";s:1:\"1\";s:11:\"show_noauth\";s:1:\"0\";s:13:\"urls_position\";i:0;s:7:\"captcha\";s:0:\"\";s:23:\"show_publishing_options\";s:1:\"1\";s:20:\"show_article_options\";s:1:\"1\";s:27:\"show_configure_edit_options\";s:1:\"1\";s:16:\"show_permissions\";s:1:\"1\";s:22:\"show_associations_edit\";s:1:\"1\";s:12:\"save_history\";s:1:\"1\";s:13:\"history_limit\";i:10;s:25:\"show_urls_images_frontend\";s:1:\"0\";s:24:\"show_urls_images_backend\";s:1:\"1\";s:7:\"targeta\";i:0;s:7:\"targetb\";i:0;s:7:\"targetc\";i:0;s:11:\"float_intro\";s:4:\"left\";s:14:\"float_fulltext\";s:4:\"left\";s:15:\"category_layout\";s:6:\"_:blog\";s:19:\"show_category_title\";s:1:\"0\";s:16:\"show_description\";s:1:\"0\";s:22:\"show_description_image\";s:1:\"0\";s:8:\"maxLevel\";s:1:\"1\";s:21:\"show_empty_categories\";s:1:\"0\";s:16:\"show_no_articles\";s:1:\"1\";s:32:\"show_category_heading_title_text\";s:1:\"1\";s:16:\"show_subcat_desc\";s:1:\"1\";s:21:\"show_cat_num_articles\";s:1:\"0\";s:13:\"show_cat_tags\";s:1:\"1\";s:21:\"show_base_description\";s:1:\"1\";s:11:\"maxLevelcat\";s:2:\"-1\";s:25:\"show_empty_categories_cat\";s:1:\"0\";s:20:\"show_subcat_desc_cat\";s:1:\"1\";s:25:\"show_cat_num_articles_cat\";s:1:\"1\";s:20:\"num_leading_articles\";i:1;s:18:\"blog_class_leading\";s:0:\"\";s:18:\"num_intro_articles\";i:4;s:10:\"blog_class\";s:0:\"\";s:11:\"num_columns\";i:1;s:18:\"multi_column_order\";s:1:\"0\";s:9:\"num_links\";i:4;s:24:\"show_subcategory_content\";s:1:\"0\";s:16:\"link_intro_image\";s:1:\"0\";s:21:\"show_pagination_limit\";s:1:\"1\";s:12:\"filter_field\";s:4:\"hide\";s:13:\"show_headings\";s:1:\"1\";s:14:\"list_show_date\";s:1:\"0\";s:11:\"date_format\";s:0:\"\";s:14:\"list_show_hits\";s:1:\"1\";s:16:\"list_show_author\";s:1:\"1\";s:11:\"display_num\";s:2:\"10\";s:11:\"orderby_pri\";s:5:\"order\";s:11:\"orderby_sec\";s:5:\"rdate\";s:10:\"order_date\";s:9:\"published\";s:15:\"show_pagination\";s:1:\"2\";s:23:\"show_pagination_results\";s:1:\"1\";s:13:\"show_featured\";s:4:\"show\";s:14:\"show_feed_link\";s:1:\"1\";s:12:\"feed_summary\";s:1:\"0\";s:18:\"feed_show_readmore\";s:1:\"0\";s:7:\"sef_ids\";i:1;s:20:\"custom_fields_enable\";s:1:\"1\";s:16:\"workflow_enabled\";s:1:\"0\";}s:14:\"\0*\0initialized\";b:1;s:12:\"\0*\0separator\";s:1:\".\";}s:7:\"metakey\";s:0:\"\";s:8:\"metadesc\";s:0:\"\";s:8:\"metadata\";O:24:\"Joomla\\Registry\\Registry\":3:{s:7:\"\0*\0data\";O:8:\"stdClass\":3:{s:6:\"robots\";s:0:\"\";s:6:\"author\";s:0:\"\";s:6:\"rights\";s:0:\"\";}s:14:\"\0*\0initialized\";b:1;s:12:\"\0*\0separator\";s:1:\".\";}s:7:\"version\";i:1;s:8:\"ordering\";i:0;s:8:\"category\";s:13:\"Uncategorised\";s:9:\"cat_state\";i:1;s:10:\"cat_access\";i:1;s:4:\"slug\";s:11:\"15:contacto\";s:7:\"catslug\";s:15:\"2:uncategorised\";s:6:\"author\";s:3:\"SDR\";s:6:\"layout\";s:7:\"article\";s:7:\"context\";s:19:\"com_content.article\";s:10:\"metaauthor\";N;}i:4;N;i:5;a:5:{i:1;a:3:{i:0;s:5:\"title\";i:1;s:8:\"subtitle\";i:2;s:2:\"id\";}i:2;a:2:{i:0;s:7:\"summary\";i:1;s:4:\"body\";}i:3;a:8:{i:0;s:4:\"meta\";i:1;s:10:\"list_price\";i:2;s:10:\"sale_price\";i:3;s:7:\"metakey\";i:4;s:8:\"metadesc\";i:5;s:10:\"metaauthor\";i:6;s:6:\"author\";i:7;s:16:\"created_by_alias\";}i:4;a:2:{i:0;s:4:\"path\";i:1;s:5:\"alias\";}i:5;a:1:{i:0;s:8:\"comments\";}}i:6;s:1:\"*\";i:7;N;i:8;N;i:9;s:19:\"2025-05-20 16:30:56\";i:10;N;i:11;s:64:\"index.php?option=com_content&view=article&id=15:contacto&catid=2\";i:12;N;i:13;s:19:\"2025-05-20 16:30:56\";i:14;i:1;i:15;a:4:{s:4:\"Type\";a:1:{i:0;O:8:\"stdClass\":6:{s:5:\"title\";s:7:\"Article\";s:5:\"state\";i:1;s:6:\"access\";i:1;s:8:\"language\";s:0:\"\";s:6:\"nested\";b:0;s:2:\"id\";i:3;}}s:6:\"Author\";a:1:{i:0;O:8:\"stdClass\":6:{s:5:\"title\";s:3:\"SDR\";s:5:\"state\";i:1;s:6:\"access\";i:1;s:8:\"language\";s:0:\"\";s:6:\"nested\";b:0;s:2:\"id\";i:5;}}s:8:\"Category\";a:1:{i:0;O:8:\"stdClass\":6:{s:5:\"title\";s:13:\"Uncategorised\";s:5:\"state\";i:1;s:6:\"access\";i:1;s:8:\"language\";s:1:\"*\";s:6:\"nested\";b:1;s:2:\"id\";i:7;}}s:8:\"Language\";a:1:{i:0;O:8:\"stdClass\":6:{s:5:\"title\";s:1:\"*\";s:5:\"state\";i:1;s:6:\"access\";i:1;s:8:\"language\";s:0:\"\";s:6:\"nested\";b:0;s:2:\"id\";i:9;}}}i:16;s:8:\"Contacto\";i:17;i:3;i:18;s:47:\"index.php?option=com_content&view=article&id=15\";}'),
(19,'index.php?option=com_content&view=article&id=16','index.php?option=com_content&view=article&id=16:programa-mujer-rural-emprendedora&catid=9',' PROGRAMA MUJER RURAL EMPRENDEDORA','','2025-05-20 18:46:28','11fe84b11de1f99b7b47997c22002a36',1,1,1,'*','2025-05-20 18:45:40',NULL,'2025-05-20 18:45:40',NULL,0,0,3,'O:52:\"Joomla\\Component\\Finder\\Administrator\\Indexer\\Result\":19:{i:0;i:1;i:1;s:5:\"es-ES\";i:2;s:0:\"\";i:3;a:27:{s:2:\"id\";i:16;s:5:\"alias\";s:33:\"programa mujer rural emprendedora\";s:7:\"summary\";s:0:\"\";s:4:\"body\";s:0:\"\";s:6:\"images\";s:309:\"{\"image_intro\":\"images\\/site\\/convocatoria\\/convocatoria10.jpg#joomlaImage:\\/\\/local-images\\/site\\/convocatoria\\/convocatoria10.jpg?width=600&height=658\",\"image_intro_alt\":\"\",\"float_intro\":\"\",\"image_intro_caption\":\"\",\"image_fulltext\":\"\",\"image_fulltext_alt\":\"\",\"float_fulltext\":\"\",\"image_fulltext_caption\":\"\"}\";s:5:\"catid\";i:9;s:10:\"created_by\";i:672;s:16:\"created_by_alias\";s:0:\"\";s:8:\"modified\";s:19:\"2025-05-20 18:46:28\";s:11:\"modified_by\";i:672;s:6:\"params\";O:24:\"Joomla\\Registry\\Registry\":3:{s:7:\"\0*\0data\";O:8:\"stdClass\":86:{s:14:\"article_layout\";s:9:\"_:default\";s:10:\"show_title\";s:1:\"1\";s:11:\"link_titles\";s:1:\"1\";s:10:\"show_intro\";s:1:\"1\";s:19:\"info_block_position\";s:1:\"0\";s:21:\"info_block_show_title\";s:1:\"1\";s:13:\"show_category\";s:1:\"1\";s:13:\"link_category\";s:1:\"1\";s:20:\"show_parent_category\";s:1:\"0\";s:20:\"link_parent_category\";s:1:\"0\";s:17:\"show_associations\";s:1:\"0\";s:5:\"flags\";s:1:\"1\";s:11:\"show_author\";s:1:\"1\";s:11:\"link_author\";s:1:\"0\";s:16:\"show_create_date\";s:1:\"0\";s:16:\"show_modify_date\";s:1:\"0\";s:17:\"show_publish_date\";s:1:\"1\";s:20:\"show_item_navigation\";s:1:\"1\";s:13:\"show_readmore\";s:1:\"1\";s:19:\"show_readmore_title\";s:1:\"1\";s:14:\"readmore_limit\";i:100;s:9:\"show_tags\";s:1:\"1\";s:11:\"record_hits\";s:1:\"1\";s:9:\"show_hits\";s:1:\"1\";s:11:\"show_noauth\";s:1:\"0\";s:13:\"urls_position\";i:0;s:7:\"captcha\";s:0:\"\";s:23:\"show_publishing_options\";s:1:\"1\";s:20:\"show_article_options\";s:1:\"1\";s:27:\"show_configure_edit_options\";s:1:\"1\";s:16:\"show_permissions\";s:1:\"1\";s:22:\"show_associations_edit\";s:1:\"1\";s:12:\"save_history\";s:1:\"1\";s:13:\"history_limit\";i:10;s:25:\"show_urls_images_frontend\";s:1:\"0\";s:24:\"show_urls_images_backend\";s:1:\"1\";s:7:\"targeta\";i:0;s:7:\"targetb\";i:0;s:7:\"targetc\";i:0;s:11:\"float_intro\";s:4:\"left\";s:14:\"float_fulltext\";s:4:\"left\";s:15:\"category_layout\";s:6:\"_:blog\";s:19:\"show_category_title\";s:1:\"0\";s:16:\"show_description\";s:1:\"0\";s:22:\"show_description_image\";s:1:\"0\";s:8:\"maxLevel\";s:1:\"1\";s:21:\"show_empty_categories\";s:1:\"0\";s:16:\"show_no_articles\";s:1:\"1\";s:32:\"show_category_heading_title_text\";s:1:\"1\";s:16:\"show_subcat_desc\";s:1:\"1\";s:21:\"show_cat_num_articles\";s:1:\"0\";s:13:\"show_cat_tags\";s:1:\"1\";s:21:\"show_base_description\";s:1:\"1\";s:11:\"maxLevelcat\";s:2:\"-1\";s:25:\"show_empty_categories_cat\";s:1:\"0\";s:20:\"show_subcat_desc_cat\";s:1:\"1\";s:25:\"show_cat_num_articles_cat\";s:1:\"1\";s:20:\"num_leading_articles\";i:1;s:18:\"blog_class_leading\";s:0:\"\";s:18:\"num_intro_articles\";i:4;s:10:\"blog_class\";s:0:\"\";s:11:\"num_columns\";i:1;s:18:\"multi_column_order\";s:1:\"0\";s:9:\"num_links\";i:4;s:24:\"show_subcategory_content\";s:1:\"0\";s:16:\"link_intro_image\";s:1:\"0\";s:21:\"show_pagination_limit\";s:1:\"1\";s:12:\"filter_field\";s:4:\"hide\";s:13:\"show_headings\";s:1:\"1\";s:14:\"list_show_date\";s:1:\"0\";s:11:\"date_format\";s:0:\"\";s:14:\"list_show_hits\";s:1:\"1\";s:16:\"list_show_author\";s:1:\"1\";s:11:\"display_num\";s:2:\"10\";s:11:\"orderby_pri\";s:5:\"order\";s:11:\"orderby_sec\";s:5:\"rdate\";s:10:\"order_date\";s:9:\"published\";s:15:\"show_pagination\";s:1:\"2\";s:23:\"show_pagination_results\";s:1:\"1\";s:13:\"show_featured\";s:4:\"show\";s:14:\"show_feed_link\";s:1:\"1\";s:12:\"feed_summary\";s:1:\"0\";s:18:\"feed_show_readmore\";s:1:\"0\";s:7:\"sef_ids\";i:1;s:20:\"custom_fields_enable\";s:1:\"1\";s:16:\"workflow_enabled\";s:1:\"0\";}s:14:\"\0*\0initialized\";b:1;s:12:\"\0*\0separator\";s:1:\".\";}s:7:\"metakey\";s:0:\"\";s:8:\"metadesc\";s:0:\"\";s:8:\"metadata\";O:24:\"Joomla\\Registry\\Registry\":3:{s:7:\"\0*\0data\";O:8:\"stdClass\":3:{s:6:\"robots\";s:0:\"\";s:6:\"author\";s:0:\"\";s:6:\"rights\";s:0:\"\";}s:14:\"\0*\0initialized\";b:1;s:12:\"\0*\0separator\";s:1:\".\";}s:7:\"version\";i:2;s:8:\"ordering\";i:0;s:8:\"category\";s:13:\"Convocatorias\";s:9:\"cat_state\";i:1;s:10:\"cat_access\";i:1;s:4:\"slug\";s:36:\"16:programa-mujer-rural-emprendedora\";s:7:\"catslug\";s:15:\"9:convocatorias\";s:6:\"author\";s:3:\"SDR\";s:6:\"layout\";s:7:\"article\";s:7:\"context\";s:19:\"com_content.article\";s:8:\"imageUrl\";s:128:\"images/site/convocatoria/convocatoria10.jpg#joomlaImage://local-images/site/convocatoria/convocatoria10.jpg?width=600&height=658\";s:8:\"imageAlt\";s:0:\"\";s:10:\"metaauthor\";N;}i:4;N;i:5;a:5:{i:1;a:3:{i:0;s:5:\"title\";i:1;s:8:\"subtitle\";i:2;s:2:\"id\";}i:2;a:2:{i:0;s:7:\"summary\";i:1;s:4:\"body\";}i:3;a:8:{i:0;s:4:\"meta\";i:1;s:10:\"list_price\";i:2;s:10:\"sale_price\";i:3;s:7:\"metakey\";i:4;s:8:\"metadesc\";i:5;s:10:\"metaauthor\";i:6;s:6:\"author\";i:7;s:16:\"created_by_alias\";}i:4;a:2:{i:0;s:4:\"path\";i:1;s:5:\"alias\";}i:5;a:1:{i:0;s:8:\"comments\";}}i:6;s:1:\"*\";i:7;N;i:8;N;i:9;s:19:\"2025-05-20 18:45:40\";i:10;N;i:11;s:89:\"index.php?option=com_content&view=article&id=16:programa-mujer-rural-emprendedora&catid=9\";i:12;N;i:13;s:19:\"2025-05-20 18:45:40\";i:14;i:1;i:15;a:4:{s:4:\"Type\";a:1:{i:0;O:8:\"stdClass\":6:{s:5:\"title\";s:7:\"Article\";s:5:\"state\";i:1;s:6:\"access\";i:1;s:8:\"language\";s:0:\"\";s:6:\"nested\";b:0;s:2:\"id\";i:3;}}s:6:\"Author\";a:1:{i:0;O:8:\"stdClass\":6:{s:5:\"title\";s:3:\"SDR\";s:5:\"state\";i:1;s:6:\"access\";i:1;s:8:\"language\";s:0:\"\";s:6:\"nested\";b:0;s:2:\"id\";i:5;}}s:8:\"Category\";a:1:{i:0;O:8:\"stdClass\":6:{s:5:\"title\";s:13:\"Convocatorias\";s:5:\"state\";i:1;s:6:\"access\";i:1;s:8:\"language\";s:1:\"*\";s:6:\"nested\";b:1;s:2:\"id\";i:12;}}s:8:\"Language\";a:1:{i:0;O:8:\"stdClass\":6:{s:5:\"title\";s:1:\"*\";s:5:\"state\";i:1;s:6:\"access\";i:1;s:8:\"language\";s:0:\"\";s:6:\"nested\";b:0;s:2:\"id\";i:9;}}}i:16;s:34:\" PROGRAMA MUJER RURAL EMPRENDEDORA\";i:17;i:3;i:18;s:47:\"index.php?option=com_content&view=article&id=16\";}');

--
-- Table structure for table `dq6l9_finder_links_terms`
--

CREATE TABLE `dq6l9_finder_links_terms` (
  `link_id` int(10) unsigned NOT NULL,
  `term_id` int(10) unsigned NOT NULL,
  `weight` float unsigned NOT NULL DEFAULT 0,
  PRIMARY KEY (`link_id`,`term_id`),
  KEY `idx_term_weight` (`term_id`,`weight`),
  KEY `idx_link_term_weight` (`link_id`,`term_id`,`weight`)
) ENGINE=InnoDB DEFAULT CHARSET=utf8mb4 COLLATE=utf8mb4_unicode_ci;

--
-- Dumping data for table `dq6l9_finder_links_terms`
--

INSERT INTO `dq6l9_finder_links_terms` VALUES
(1,1,0.17),
(1,2,0.04669),
(14,2,0.04669),
(15,2,0.04669),
(1,3,0.28),
(1,4,0.37331),
(3,4,0.37331),
(11,4,0.90661),
(1,5,0.37331),
(2,6,0.09331),
(1,6,0.27993),
(1,7,0.46669),
(1,8,0.18669),
(14,8,0.18669),
(1,9,0.46669),
(1,10,0.23331),
(3,10,0.93324),
(10,10,1.23321),
(4,11,0.14),
(15,11,0.14),
(16,11,0.14),
(17,11,0.14),
(14,11,0.42),
(1,11,0.7),
(1,12,0.56),
(1,13,0.46669),
(1,14,0.60669),
(12,15,0.09331),
(1,15,0.46655),
(2,15,0.46655),
(17,15,0.55986),
(4,15,0.65317),
(15,15,0.83979),
(3,15,0.9331),
(16,15,1.89286),
(14,15,2.17279),
(4,16,0.28),
(14,16,0.7),
(10,16,0.74),
(11,16,0.74),
(15,16,0.74),
(1,16,0.84),
(17,16,1.02),
(3,16,1.4),
(1,17,0.51331),
(4,18,0.93338),
(1,18,1.40007),
(3,18,1.40007),
(11,18,2.46679),
(1,19,0.04669),
(3,19,0.04669),
(4,19,0.09338),
(4,20,0.09331),
(1,20,0.18662),
(17,20,0.55986),
(1,21,0.09331),
(14,21,0.09331),
(4,21,0.22661),
(1,22,0.65338),
(1,23,0.32669),
(1,24,0.28),
(1,25,0.84),
(1,26,0.23331),
(1,27,0.46669),
(1,28,0.37331),
(1,29,0.46669),
(1,30,0.37331),
(1,31,0.32669),
(1,32,0.51331),
(1,33,0.37331),
(2,34,0.09331),
(17,34,0.09331),
(4,34,0.18662),
(3,34,0.27993),
(9,34,0.49321),
(14,34,0.49321),
(1,34,0.55986),
(16,34,0.58652),
(4,35,0.14),
(1,35,0.42),
(1,36,0.69993),
(1,37,0.32669),
(1,38,0.8),
(1,39,0.96),
(1,40,0.51331),
(1,41,2.34652),
(1,42,0.37331),
(1,43,0.46669),
(1,44,0.37331),
(1,45,0.42),
(1,46,0.7),
(1,47,0.37331),
(1,48,0.51331),
(3,49,1.21338),
(1,49,1.82007),
(1,50,0.37331),
(1,51,0.28),
(1,52,0.46669),
(3,53,0.46662),
(4,53,0.46662),
(1,53,1.16655),
(19,53,1.23321),
(1,54,0.24),
(2,54,0.24),
(3,54,0.24),
(4,54,0.24),
(6,54,0.24),
(7,54,0.24),
(9,54,0.24),
(10,54,0.24),
(11,54,0.24),
(12,54,0.24),
(14,54,0.24),
(15,54,0.24),
(16,54,0.24),
(17,54,0.24),
(18,54,0.24),
(19,54,0.24),
(3,55,0.28),
(1,55,0.56),
(11,55,1.48),
(1,56,0.14),
(1,57,1.02662),
(1,58,0.18662),
(1,59,0.14),
(1,60,0.8),
(1,61,0.96),
(1,62,0.46669),
(4,63,0.04669),
(15,63,0.04669),
(16,63,0.04669),
(17,63,0.09338),
(3,63,0.14007),
(14,63,0.14007),
(7,63,0.24679),
(10,63,0.24679),
(11,63,0.24679),
(1,63,0.34017),
(16,64,0.07),
(2,64,0.17),
(2,66,0.32669),
(2,68,2.46679),
(2,71,0.60669),
(2,72,0.37331),
(2,73,0.37331),
(2,74,0.7),
(2,75,0.28),
(2,76,0.93338),
(2,77,0.37331),
(2,78,0.28),
(2,79,0.32669),
(2,80,0.32669),
(17,80,0.32669),
(2,81,0.18669),
(3,81,0.18669),
(4,81,0.37338),
(9,81,0.98679),
(2,82,0.42),
(2,83,0.28),
(18,83,0.56),
(2,84,0.46662),
(2,85,0.84),
(12,86,0.51331),
(2,86,1.02662),
(2,87,0.32669),
(14,102,0.07),
(3,102,0.17),
(3,103,0.46669),
(3,104,0.60669),
(12,105,0.46669),
(3,105,2.33345),
(9,105,2.46679),
(10,105,2.46679),
(11,105,2.46679),
(3,106,0.56),
(10,106,2.96),
(3,107,2.22),
(3,108,0.56),
(9,108,1.36),
(3,109,0.32669),
(3,110,0.93338),
(3,111,0.32669),
(9,111,1.72679),
(12,112,0.14),
(18,112,0.14),
(3,112,0.28),
(3,113,0.60669),
(10,113,1.47339),
(4,114,0.84),
(3,114,2.1),
(3,115,0.37331),
(11,115,1.97321),
(3,116,0.74662),
(17,117,0.32669),
(3,117,0.98007),
(3,118,0.46669),
(14,118,0.46669),
(9,118,1.13339),
(3,119,1.02662),
(4,120,1.49324),
(3,120,1.86655),
(19,120,1.97321),
(3,121,2.22),
(4,121,2.22),
(3,122,1.68),
(3,123,1.4),
(3,124,0.65331),
(4,133,1.12),
(4,134,0.17),
(4,135,1.4),
(4,136,1.92),
(4,137,0.42),
(4,138,0.42),
(4,139,0.42),
(4,140,0.51331),
(4,141,2.22),
(4,142,0.51331),
(4,143,0.28),
(4,144,0.84),
(4,145,0.51331),
(4,146,0.56),
(4,147,0.14),
(4,148,0.65338),
(4,149,0.46669),
(4,150,0.37331),
(5,151,0.17),
(10,151,0.17),
(5,152,1.48),
(6,152,1.48),
(7,152,1.48),
(14,153,0.07),
(6,153,0.17),
(6,154,1.48),
(17,156,0.07),
(7,156,0.17),
(7,157,1.72679),
(7,158,1.97321),
(18,159,0.07),
(8,159,0.17),
(11,159,0.17),
(8,160,3.20679),
(9,164,0.17),
(9,166,1.6),
(9,168,1.3334),
(10,169,1.7334),
(11,170,1.0666),
(12,171,0.34),
(13,171,0.34),
(12,172,0.28),
(12,173,0.42),
(12,174,0.14),
(12,175,0.32669),
(12,176,0.28),
(12,177,0.32669),
(12,178,0.42),
(12,179,2.46679),
(13,186,2),
(13,187,1.7),
(14,189,0.21),
(14,190,0.34),
(14,191,0.14),
(18,191,0.34),
(14,192,0.14),
(14,193,0.14),
(14,194,0.14),
(14,195,0.14),
(14,196,0.23331),
(14,197,0.65331),
(15,197,0.65331),
(16,197,0.65331),
(17,197,0.65331),
(14,198,0.18669),
(14,199,0.42),
(15,199,0.42),
(16,199,0.42),
(17,199,0.42),
(14,200,0.51331),
(15,200,0.51331),
(16,200,0.51331),
(17,200,0.51331),
(14,201,0.28),
(14,202,0.42),
(14,203,0.56),
(14,204,0.60669),
(15,204,0.60669),
(16,204,0.60669),
(17,204,0.60669),
(14,205,0.56),
(14,206,0.7),
(15,206,0.7),
(16,206,0.7),
(17,206,0.7),
(14,207,0.46669),
(15,207,0.46669),
(16,207,0.46669),
(17,207,0.46669),
(14,208,1.86655),
(14,209,0.46662),
(14,210,0.23331),
(15,210,0.23331),
(16,210,0.23331),
(17,210,0.23331),
(14,211,0.32669),
(15,211,0.32669),
(16,211,0.32669),
(17,211,0.32669),
(14,212,0.28),
(15,213,0.32669),
(16,213,0.32669),
(17,213,0.32669),
(14,213,0.98007),
(14,214,0.46669),
(15,214,0.46669),
(16,214,0.46669),
(17,214,0.46669),
(14,215,0.37331),
(14,216,0.32669),
(15,216,0.32669),
(16,216,0.32669),
(17,216,0.32669),
(14,217,0.37331),
(15,217,0.37331),
(14,218,0.42),
(15,218,0.42),
(16,218,0.42),
(17,218,0.42),
(14,219,0.23331),
(14,220,0.28),
(14,221,2.1),
(14,222,0.46669),
(15,222,0.46669),
(16,222,0.46669),
(17,222,0.46669),
(14,223,0.37331),
(14,224,0.37331),
(14,225,1.4),
(15,225,1.4),
(16,225,1.4),
(17,225,1.4),
(14,226,0.28),
(15,226,0.28),
(16,226,0.28),
(17,226,0.28),
(14,227,0.37331),
(14,228,0.28),
(16,228,0.28),
(14,229,1.86655),
(14,230,0.28),
(14,231,0.42),
(15,231,0.42),
(16,231,0.42),
(17,231,0.42),
(14,232,0.32669),
(15,232,0.32669),
(16,232,0.32669),
(17,232,0.32669),
(14,233,2.56655),
(14,234,0.56),
(14,235,0.37331),
(14,236,0.42),
(14,237,0.32669),
(15,237,0.32669),
(16,237,0.32669),
(17,237,0.32669),
(14,238,0.65338),
(14,239,0.46669),
(15,239,0.46669),
(16,239,0.46669),
(17,239,0.46669),
(14,240,0.42),
(15,240,0.42),
(16,240,0.42),
(17,240,0.42),
(14,241,0.18669),
(14,242,0.42),
(15,242,0.42),
(14,243,0.14),
(14,244,0.51331),
(14,245,1.86655),
(14,246,0.28),
(15,246,0.28),
(16,246,0.28),
(17,246,0.28),
(14,247,0.42),
(15,247,0.42),
(14,248,0.51331),
(15,248,0.51331),
(16,248,0.51331),
(17,248,0.51331),
(14,249,0.51331),
(15,249,0.51331),
(15,250,0.56),
(16,250,0.56),
(17,250,0.56),
(14,250,1.12),
(14,251,0.98679),
(15,251,0.98679),
(16,251,0.98679),
(17,251,0.98679),
(14,252,0.14),
(14,253,0.18669),
(14,254,0.23331),
(15,254,0.23331),
(16,254,0.23331),
(17,254,0.23331),
(14,255,0.46669),
(15,255,0.46669),
(14,256,0.37331),
(15,256,0.37331),
(16,256,0.37331),
(17,256,0.37331),
(14,257,1.26),
(14,258,0.18669),
(15,258,0.18669),
(16,258,0.18669),
(17,258,0.18669),
(14,259,0.42),
(15,259,0.42),
(16,259,0.42),
(17,259,0.42),
(14,260,0.28),
(14,261,3.09314),
(14,262,0.46669),
(14,263,0.32669),
(14,264,0.51331),
(14,265,2.05324),
(14,266,0.18669),
(15,316,0.34),
(15,317,0.21),
(16,317,0.21),
(15,318,0.14),
(15,319,0.21),
(15,320,0.14),
(16,320,0.14),
(15,321,0.42),
(15,322,0.18669),
(15,323,0.32669),
(15,324,0.5334),
(15,325,0.46669),
(15,326,0.45339),
(15,327,0.37331),
(15,328,0.23331),
(15,329,0.42),
(16,329,0.42),
(15,330,0.23331),
(15,331,0.32669),
(16,331,0.65338),
(15,332,0.65331),
(16,332,0.65331),
(15,333,0.46669),
(15,334,0.51331),
(15,335,0.14),
(15,336,0.32669),
(16,336,0.32669),
(15,337,0.37331),
(15,338,0.28),
(16,338,0.28),
(15,339,0.28),
(15,340,0.46669),
(16,340,0.46669),
(15,341,0.37331),
(15,342,0.32669),
(15,343,0.23331),
(16,343,0.23331),
(15,344,0.28),
(15,345,2.1),
(15,346,0.42),
(15,347,1.86655),
(16,347,1.86655),
(16,379,0.34),
(16,380,0.14),
(17,380,0.34),
(16,381,0.51331),
(16,382,0.28),
(16,383,0.28),
(16,384,0.42),
(16,385,0.37331),
(16,386,2.05348),
(16,387,1.4),
(16,388,0.56),
(16,389,0.42),
(16,390,0.23331),
(16,391,2.33345),
(17,394,0.23331),
(17,395,0.32669),
(17,396,0.46669),
(17,397,0.42),
(17,398,0.46669),
(17,399,0.42),
(17,400,0.46669),
(17,401,0.46669),
(17,402,0.23331),
(17,403,1.4),
(17,404,2.33345),
(17,405,1.48),
(17,406,0.84),
(17,407,0.37331),
(17,408,0.42),
(17,409,0.37331),
(17,410,0.23331),
(17,411,0.28),
(17,412,0.28),
(17,413,0.28),
(17,414,0.23331),
(17,415,0.74662),
(17,416,0.37331),
(17,417,0.28),
(17,418,3.03345),
(17,419,0.28),
(18,425,0.21),
(18,426,0.28),
(18,427,0.14),
(18,428,0.14),
(18,429,0.14),
(18,430,0.14),
(18,431,0.23331),
(18,432,0.14),
(18,433,1.97321),
(18,434,0.51331),
(18,435,0.7),
(18,436,0.18669),
(18,437,0.14),
(18,438,0.09331),
(18,439,0.14),
(18,440,0.23331),
(18,441,0.32669),
(18,442,0.14),
(18,443,0.32669),
(19,456,0.34),
(19,457,2.96),
(19,458,1.23321);

--
-- Table structure for table `dq6l9_finder_logging`
--

CREATE TABLE `dq6l9_finder_logging` (
  `searchterm` varchar(255) NOT NULL DEFAULT '',
  `md5sum` varchar(32) NOT NULL DEFAULT '',
  `query` blob NOT NULL,
  `hits` int(11) NOT NULL DEFAULT 1,
  `results` int(11) NOT NULL DEFAULT 0,
  PRIMARY KEY (`md5sum`),
  KEY `searchterm` (`searchterm`(191))
) ENGINE=InnoDB DEFAULT CHARSET=utf8mb4 COLLATE=utf8mb4_unicode_ci;

--
-- Dumping data for table `dq6l9_finder_logging`
--


--
-- Table structure for table `dq6l9_finder_taxonomy`
--

CREATE TABLE `dq6l9_finder_taxonomy` (
  `id` int(10) unsigned NOT NULL AUTO_INCREMENT,
  `parent_id` int(10) unsigned NOT NULL DEFAULT 0,
  `lft` int(11) NOT NULL DEFAULT 0,
  `rgt` int(11) NOT NULL DEFAULT 0,
  `level` int(10) unsigned NOT NULL DEFAULT 0,
  `path` varchar(400) NOT NULL DEFAULT '',
  `title` varchar(255) NOT NULL DEFAULT '',
  `alias` varchar(400) NOT NULL DEFAULT '',
  `state` tinyint(3) unsigned NOT NULL DEFAULT 1,
  `access` tinyint(3) unsigned NOT NULL DEFAULT 1,
  `language` char(7) NOT NULL DEFAULT '',
  PRIMARY KEY (`id`),
  KEY `idx_state` (`state`),
  KEY `idx_access` (`access`),
  KEY `idx_path` (`path`(100)),
  KEY `idx_level` (`level`),
  KEY `idx_left_right` (`lft`,`rgt`),
  KEY `idx_alias` (`alias`(100)),
  KEY `idx_language` (`language`),
  KEY `idx_parent_published` (`parent_id`,`state`,`access`)
) ENGINE=InnoDB AUTO_INCREMENT=14 DEFAULT CHARSET=utf8mb4 COLLATE=utf8mb4_unicode_ci;

--
-- Dumping data for table `dq6l9_finder_taxonomy`
--

INSERT INTO `dq6l9_finder_taxonomy` VALUES
(1,0,0,25,0,'','ROOT','root',1,1,'*'),
(2,1,1,6,1,'type','Type','type',1,1,''),
(3,2,2,3,2,'type/article','Article','article',1,1,''),
(4,1,7,10,1,'author','Author','author',1,1,''),
(5,4,8,9,2,'author/sdr','SDR','sdr',1,1,''),
(6,1,11,20,1,'category','Category','category',1,1,''),
(7,6,12,13,2,'category/uncategorised','Uncategorised','uncategorised',1,1,'*'),
(8,1,21,24,1,'language','Language','language',1,1,''),
(9,8,22,23,2,'language/2aadaae48c21115dda3f90daaebb4724','*','2aadaae48c21115dda3f90daaebb4724',1,1,''),
(10,2,4,5,2,'type/category','Category','category',1,1,''),
(11,6,14,15,2,'category/slider','Slider','slider',1,1,'*'),
(12,6,16,17,2,'category/convocatorias','Convocatorias','convocatorias',1,1,'*'),
(13,6,18,19,2,'category/municipiosagroturisticos','MunicipiosAgroturísticos','municipiosagroturisticos',1,1,'*');

--
-- Table structure for table `dq6l9_finder_taxonomy_map`
--

CREATE TABLE `dq6l9_finder_taxonomy_map` (
  `link_id` int(10) unsigned NOT NULL,
  `node_id` int(10) unsigned NOT NULL,
  PRIMARY KEY (`link_id`,`node_id`),
  KEY `link_id` (`link_id`),
  KEY `node_id` (`node_id`)
) ENGINE=InnoDB DEFAULT CHARSET=utf8mb4 COLLATE=utf8mb4_unicode_ci;

--
-- Dumping data for table `dq6l9_finder_taxonomy_map`
--

INSERT INTO `dq6l9_finder_taxonomy_map` VALUES
(1,3),
(1,5),
(1,7),
(1,9),
(2,3),
(2,5),
(2,7),
(2,9),
(3,3),
(3,5),
(3,7),
(3,9),
(4,3),
(4,5),
(4,7),
(4,9),
(5,9),
(5,10),
(6,3),
(6,5),
(6,9),
(6,11),
(7,3),
(7,5),
(7,9),
(7,11),
(8,9),
(8,10),
(9,3),
(9,5),
(9,9),
(9,12),
(10,3),
(10,5),
(10,9),
(10,12),
(11,3),
(11,5),
(11,9),
(11,12),
(12,3),
(12,5),
(12,7),
(12,9),
(13,9),
(13,10),
(14,3),
(14,5),
(14,9),
(14,13),
(15,3),
(15,5),
(15,9),
(15,13),
(16,3),
(16,5),
(16,9),
(16,13),
(17,3),
(17,5),
(17,9),
(17,13),
(18,3),
(18,5),
(18,7),
(18,9),
(19,3),
(19,5),
(19,9),
(19,12);

--
-- Table structure for table `dq6l9_finder_terms`
--

CREATE TABLE `dq6l9_finder_terms` (
  `term_id` int(10) unsigned NOT NULL AUTO_INCREMENT,
  `term` varchar(75) CHARACTER SET utf8mb4 COLLATE utf8mb4_bin NOT NULL,
  `stem` varchar(75) CHARACTER SET utf8mb4 COLLATE utf8mb4_bin NOT NULL DEFAULT '',
  `common` tinyint(3) unsigned NOT NULL DEFAULT 0,
  `phrase` tinyint(3) unsigned NOT NULL DEFAULT 0,
  `weight` float unsigned NOT NULL DEFAULT 0,
  `soundex` varchar(75) CHARACTER SET utf8mb4 COLLATE utf8mb4_bin NOT NULL DEFAULT '',
  `links` int(11) NOT NULL DEFAULT 0,
  `language` char(7) NOT NULL DEFAULT '',
  PRIMARY KEY (`term_id`),
  UNIQUE KEY `idx_term_language` (`term`,`language`),
  KEY `idx_stem` (`stem`),
  KEY `idx_term_phrase` (`term`,`phrase`),
  KEY `idx_stem_phrase` (`stem`,`phrase`),
  KEY `idx_soundex_phrase` (`soundex`,`phrase`),
  KEY `idx_language` (`language`)
) ENGINE=InnoDB AUTO_INCREMENT=459 DEFAULT CHARSET=utf8mb4 COLLATE=utf8mb4_unicode_ci;

--
-- Dumping data for table `dq6l9_finder_terms`
--

INSERT INTO `dq6l9_finder_terms` VALUES
(1,'1','1',0,0,0.1,'',9,'*'),
(2,'a','a',0,0,0.0667,'A000',24,'*'),
(3,'acorde','acorde',0,0,0.4,'A263',9,'*'),
(4,'acuícola','acuícola',0,0,0.5333,'A240',16,'*'),
(5,'agrícola','agrícola',0,0,0.5333,'A2624',9,'*'),
(6,'al','al',0,0,0.1333,'A400',38,'*'),
(7,'articulada','articulada',0,0,0.6667,'A63243',9,'*'),
(8,'base','base',0,0,0.2667,'B200',20,'*'),
(9,'bienestrar','bienestrar',0,0,0.6667,'B5236',9,'*'),
(10,'campo','campo',0,0,0.3333,'C510',15,'*'),
(11,'con','con',0,0,0.2,'C500',44,'*'),
(12,'considerando','considerando',0,0,0.8,'C523653',9,'*'),
(13,'contribuya','contribuya',0,0,0.6667,'C5361',9,'*'),
(14,'contribuyendo','contribuyendo',0,0,0.8667,'C536153',9,'*'),
(15,'de','de',0,0,0.1333,'D000',82,'*'),
(16,'del','del',0,0,0.2,'D400',52,'*'),
(17,'dependencia','dependencia',0,0,0.7333,'D15352',9,'*'),
(18,'desarrollo','desarrollo',0,0,0.6667,'D264',20,'*'),
(19,'e','e',0,0,0.0667,'E000',15,'*'),
(20,'el','el',0,0,0.1333,'E400',26,'*'),
(21,'en','en',0,0,0.1333,'E500',22,'*'),
(22,'enfoque','enfoque',0,0,0.4667,'E512',9,'*'),
(23,'entidad','entidad',0,0,0.4667,'E530',9,'*'),
(24,'estado','estado',0,0,0.4,'E230',9,'*'),
(25,'finalidad','finalidad',0,0,0.6,'F543',9,'*'),
(26,'forma','forma',0,0,0.3333,'F650',9,'*'),
(27,'fortalecer','fortalecer',0,0,0.6667,'F63426',9,'*'),
(28,'ganadero','ganadero',0,0,0.5333,'G536',9,'*'),
(29,'implemente','implemente',0,0,0.6667,'I51453',9,'*'),
(30,'impulsar','impulsar',0,0,0.5333,'I51426',9,'*'),
(31,'impulse','impulse',0,0,0.4667,'I5142',9,'*'),
(32,'incrementar','incrementar',0,0,0.7333,'I526536',9,'*'),
(33,'integral','integral',0,0,0.5333,'I53264',9,'*'),
(34,'la','la',0,0,0.1333,'L000',68,'*'),
(35,'las','las',0,0,0.2,'L200',13,'*'),
(36,'medio','medio',0,0,0.3333,'M300',9,'*'),
(37,'mejorar','mejorar',0,0,0.4667,'M260',9,'*'),
(38,'mision','mision',0,0,0.4,'M250',9,'*'),
(39,'misión','misión',0,0,0.4,'M250',9,'*'),
(40,'necesidades','necesidades',0,0,0.7333,'N232',9,'*'),
(41,'objetivo','objetivo',0,0,0.5333,'O1231',9,'*'),
(42,'ordenada','ordenada',0,0,0.5333,'O6353',9,'*'),
(43,'organizada','organizada',0,0,0.6667,'O62523',9,'*'),
(44,'personas','personas',0,0,0.5333,'P6252',9,'*'),
(45,'políticas','políticas',0,0,0.6,'P432',9,'*'),
(46,'potencializando','potencializando',0,0,1,'P3524253',9,'*'),
(47,'primario','primario',0,0,0.5333,'P656',9,'*'),
(48,'productivas','productivas',0,0,0.7333,'P632312',9,'*'),
(49,'productividad','productividad',0,0,0.8667,'P632313',11,'*'),
(50,'públicas','públicas',0,0,0.5333,'P420',9,'*'),
(51,'que','que',0,0,0.2,'Q000',9,'*'),
(52,'regionales','regionales',0,0,0.6667,'R2542',9,'*'),
(53,'rural','rural',0,0,0.3333,'R400',17,'*'),
(54,'sdr','sdr',0,0,0.2,'S360',99,'*'),
(55,'sector','sector',0,0,0.4,'S360',16,'*'),
(56,'ser','ser',0,0,0.2,'S600',9,'*'),
(57,'sustentable','sustentable',0,0,0.7333,'S35314',9,'*'),
(58,'un','un',0,0,0.1333,'U500',9,'*'),
(59,'una','una',0,0,0.2,'U500',9,'*'),
(60,'vision','vision',0,0,0.4,'V250',9,'*'),
(61,'visión','visión',0,0,0.4,'V250',9,'*'),
(62,'vocaciones','vocaciones',0,0,0.6667,'V252',9,'*'),
(63,'y','y',0,0,0.0667,'Y000',65,'*'),
(64,'2','2',0,0,0.1,'',21,'*'),
(65,'atención','atención',0,0,0.5333,'A3525',2,'*'),
(66,'formato','formato',0,0,0.4667,'F653',18,'*'),
(67,'jlcpa','jlcpa',0,0,0.3333,'J421',2,'*'),
(68,'ventanilla','ventanilla',0,0,0.6667,'V5354',18,'*'),
(71,'agroproductos','agroproductos',0,0,0.8667,'A26163232',16,'*'),
(72,'asesoría','asesoría',0,0,0.5333,'A260',16,'*'),
(73,'catálogo','catálogo',0,0,0.5333,'C342',16,'*'),
(74,'comercialización','comercialización',0,0,1,'C562425',16,'*'),
(75,'diseño','diseño',0,0,0.4,'D200',16,'*'),
(76,'distintivo','distintivo',0,0,0.6667,'D23531',16,'*'),
(77,'download','download',0,0,0.5333,'D543',16,'*'),
(78,'dvm','dvm',0,0,0.2,'D150',16,'*'),
(79,'ingreso','ingreso',0,0,0.4667,'I5262',16,'*'),
(80,'orgullo','orgullo',0,0,0.4667,'O624',29,'*'),
(81,'para','para',0,0,0.2667,'P600',29,'*'),
(82,'productos','productos',0,0,0.6,'P63232',16,'*'),
(83,'puebla','puebla',0,0,0.4,'P400',17,'*'),
(84,'signo','signo',0,0,0.3333,'S500',16,'*'),
(85,'solicitud','solicitud',0,0,0.6,'S423',16,'*'),
(86,'solicitudes','solicitudes',0,0,0.7333,'S4232',18,'*'),
(87,'trabajo','trabajo',0,0,0.4667,'T612',16,'*'),
(102,'3','3',0,0,0.1,'',13,'*'),
(103,'apicultura','apicultura',0,0,0.6667,'A12436',2,'*'),
(104,'cafeticultura','cafeticultura',0,0,0.8667,'C132436',2,'*'),
(105,'componente','componente',0,0,0.6667,'C5153',20,'*'),
(106,'equipamiento','equipamiento',0,0,0.8,'E2153',6,'*'),
(107,'estatales','estatales',0,0,0.6,'E2342',2,'*'),
(108,'estratégicos','estratégicos',0,0,0.8,'E23632',9,'*'),
(109,'fomento','fomento',0,0,0.4667,'F530',2,'*'),
(110,'innovación','innovación',0,0,0.6667,'I5125',2,'*'),
(111,'insumos','insumos',0,0,0.4667,'I5252',9,'*'),
(112,'los','los',0,0,0.2,'L200',5,'*'),
(113,'modernización','modernización',0,0,0.8667,'M36525',6,'*'),
(114,'operación','operación',0,0,0.6,'O1625',6,'*'),
(115,'pecuario','pecuario',0,0,0.5333,'P260',7,'*'),
(116,'pequeños','pequeños',0,0,0.5333,'P200',2,'*'),
(117,'poblano','poblano',0,0,0.4667,'P450',15,'*'),
(118,'producción','producción',0,0,0.6667,'P6325',20,'*'),
(119,'productores','productores',0,0,0.7333,'P632362',2,'*'),
(120,'programa','programa',0,0,0.5333,'P6265',8,'*'),
(121,'programas','programas',0,0,0.6,'P62652',6,'*'),
(122,'recuperación','recuperación',0,0,0.8,'R21625',2,'*'),
(123,'reglas','reglas',0,0,0.4,'R242',2,'*'),
(124,'sostenibilidad','sostenibilidad',0,0,0.9333,'S35143',2,'*'),
(133,'2019','2019',0,0,0.4,'',4,'*'),
(134,'4','4',0,0,0.1,'',4,'*'),
(135,'agroalimentaria','agroalimentaria',0,0,1,'A264536',4,'*'),
(136,'concurrencia','concurrencia',0,0,0.8,'C52652',4,'*'),
(137,'ejecución','ejecución',0,0,0.6,'E250',4,'*'),
(138,'ejercicio','ejercicio',0,0,0.6,'E262',4,'*'),
(139,'entidades','entidades',0,0,0.6,'E532',4,'*'),
(140,'específicos','específicos',0,0,0.7333,'E21212',4,'*'),
(141,'federales','federales',0,0,0.6,'F3642',4,'*'),
(142,'federativas','federativas',0,0,0.7333,'F36312',4,'*'),
(143,'fiscal','fiscal',0,0,0.4,'F240',4,'*'),
(144,'inocuidad','inocuidad',0,0,0.6,'I523',4,'*'),
(145,'lineamiento','lineamiento',0,0,0.7333,'L530',4,'*'),
(146,'lineamientos','lineamientos',0,0,0.8,'L532',4,'*'),
(147,'rop','rop',0,0,0.2,'R100',4,'*'),
(148,'sanidad','sanidad',0,0,0.4667,'S530',4,'*'),
(149,'secretaría','secretaría',0,0,0.6667,'S636',4,'*'),
(150,'técnicos','técnicos',0,0,0.5333,'T252',4,'*'),
(151,'8','8',0,0,0.1,'',5,'*'),
(152,'slider','slider',0,0,0.4,'S436',12,'*'),
(153,'5','5',0,0,0.1,'',12,'*'),
(154,'ceniza','ceniza',0,0,0.4,'C520',1,'*'),
(156,'6','6',0,0,0.1,'',23,'*'),
(157,'egresos','egresos',0,0,0.4667,'E262',10,'*'),
(158,'ingresos','ingresos',0,0,0.5333,'I5262',10,'*'),
(159,'9','9',0,0,0.1,'',7,'*'),
(160,'convocatorias','convocatorias',0,0,0.8667,'C512362',1,'*'),
(162,'2025','2025',0,0,0.4,'',13,'*'),
(163,'25','25',0,0,0.2,'',13,'*'),
(164,'7','7',0,0,0.1,'',7,'*'),
(165,'abril','abril',0,0,0.3333,'A164',13,'*'),
(166,'estrategicos','estrategicos',0,0,0.8,'E23632',7,'*'),
(167,'marzo','marzo',0,0,0.3333,'M620',13,'*'),
(168,'produccion','produccion',0,0,0.6667,'P6325',7,'*'),
(169,'modernizacion','modernizacion',0,0,0.8667,'M36525',4,'*'),
(170,'acuicola','acuicola',0,0,0.5333,'A240',5,'*'),
(171,'10','10',0,0,0.2,'',3,'*'),
(172,'2024','2024',0,0,0.4,'',2,'*'),
(173,'comercial','comercial',0,0,0.6,'C5624',2,'*'),
(174,'iii','iii',0,0,0.2,'I000',2,'*'),
(175,'impulso','impulso',0,0,0.4667,'I5142',2,'*'),
(176,'maices','maices',0,0,0.4,'M200',2,'*'),
(177,'nativos','nativos',0,0,0.4667,'N312',2,'*'),
(178,'negativas','negativas',0,0,0.6,'N2312',2,'*'),
(179,'resultados','resultados',0,0,0.6667,'R2432',2,'*'),
(186,'municipiosagroturisticos','municipiosagroturisticos',0,0,1,'M212636232',1,'*'),
(187,'municipiosagroturísticos','municipiosagroturísticos',0,0,1,'M212636232',1,'*'),
(189,'100','100',0,0,0.3,'',11,'*'),
(190,'11','11',0,0,0.2,'',14,'*'),
(191,'15','15',0,0,0.2,'',12,'*'),
(192,'23','23',0,0,0.2,'',11,'*'),
(193,'55','55',0,0,0.2,'',11,'*'),
(194,'77','77',0,0,0.2,'',11,'*'),
(195,'80','80',0,0,0.2,'',11,'*'),
(196,'abeja','abeja',0,0,0.3333,'A120',11,'*'),
(197,'agroturísticos','agroturísticos',0,0,0.9333,'A2636232',31,'*'),
(198,'agua','agua',0,0,0.2667,'A200',11,'*'),
(199,'alimentos','alimentos',0,0,0.6,'A4532',31,'*'),
(200,'alojamiento','alojamiento',0,0,0.7333,'A4253',31,'*'),
(201,'apulco','apulco',0,0,0.4,'A142',11,'*'),
(202,'aromática','aromática',0,0,0.6,'A6532',11,'*'),
(203,'arqueológica','arqueológica',0,0,0.8,'A6242',11,'*'),
(204,'arqueológicos','arqueológicos',0,0,0.8667,'A6242',31,'*'),
(205,'arquitectura','arquitectura',0,0,0.8,'A623236',11,'*'),
(206,'arquitectónicos','arquitectónicos',0,0,1,'A6232352',31,'*'),
(207,'atractivos','atractivos',0,0,0.6667,'A362312',31,'*'),
(208,'ayotoxco','ayotoxco',0,0,0.5333,'A320',11,'*'),
(209,'bambú','bambú',0,0,0.3333,'B510',11,'*'),
(210,'bares','bares',0,0,0.3333,'B620',31,'*'),
(211,'bebidas','bebidas',0,0,0.4667,'B320',31,'*'),
(212,'bonita','bonita',0,0,0.4,'B530',11,'*'),
(213,'cabañas','cabañas',0,0,0.4667,'C120',31,'*'),
(214,'cafeterías','cafeterías',0,0,0.6667,'C1362',31,'*'),
(215,'carranza','carranza',0,0,0.5333,'C652',11,'*'),
(216,'cascada','cascada',0,0,0.4667,'C300',31,'*'),
(217,'cascadas','cascadas',0,0,0.5333,'C320',15,'*'),
(218,'categoría','categoría',0,0,0.6,'C326',31,'*'),
(219,'cicet','cicet',0,0,0.3333,'C300',11,'*'),
(220,'comida','comida',0,0,0.4,'C530',11,'*'),
(221,'cuetzalan','cuetzalan',0,0,0.6,'C3245',11,'*'),
(222,'culturales','culturales',0,0,0.6667,'C43642',31,'*'),
(223,'deportes','deportes',0,0,0.5333,'D1632',11,'*'),
(224,'edificio','edificio',0,0,0.5333,'E312',11,'*'),
(225,'establecimientos','establecimientos',0,0,1,'E23142532',31,'*'),
(226,'etc','etc',0,0,0.2,'E320',31,'*'),
(227,'extremos','extremos',0,0,0.5333,'E23652',11,'*'),
(228,'grutas','grutas',0,0,0.4,'G632',14,'*'),
(229,'guerrero','guerrero',0,0,0.5333,'G600',11,'*'),
(230,'guinea','guinea',0,0,0.4,'G500',11,'*'),
(231,'hospedaje','hospedaje',0,0,0.6,'H2132',31,'*'),
(232,'hoteles','hoteles',0,0,0.4667,'H342',31,'*'),
(233,'hueytamalco','hueytamalco',0,0,0.7333,'H3542',11,'*'),
(234,'invernaderos','invernaderos',0,0,0.8,'I5165362',11,'*'),
(235,'melipona','melipona',0,0,0.5333,'M415',11,'*'),
(236,'miradores','miradores',0,0,0.6,'M6362',11,'*'),
(237,'moteles','moteles',0,0,0.4667,'M342',31,'*'),
(238,'mujeres','mujeres',0,0,0.4667,'M262',11,'*'),
(239,'municipios','municipios',0,0,0.6667,'M212',31,'*'),
(240,'naturales','naturales',0,0,0.6,'N3642',31,'*'),
(241,'plan','plan',0,0,0.2667,'P450',11,'*'),
(242,'platillos','platillos',0,0,0.6,'P4342',15,'*'),
(243,'por','por',0,0,0.2,'P600',11,'*'),
(244,'productoras','productoras',0,0,0.7333,'P632362',11,'*'),
(245,'progreso','progreso',0,0,0.5333,'P6262',11,'*'),
(246,'puntos','puntos',0,0,0.4,'P532',31,'*'),
(247,'recorrido','recorrido',0,0,0.6,'R263',15,'*'),
(248,'registrados','registrados',0,0,0.7333,'R23632',31,'*'),
(249,'restaurante','restaurante',0,0,0.7333,'R23653',15,'*'),
(250,'restaurantes','restaurantes',0,0,0.8,'R236532',31,'*'),
(251,'ruta','ruta',0,0,0.2667,'R300',34,'*'),
(252,'río','río',0,0,0.2,'R000',11,'*'),
(253,'ríos','ríos',0,0,0.2667,'R200',11,'*'),
(254,'según','según',0,0,0.3333,'S500',31,'*'),
(255,'senderismo','senderismo',0,0,0.6667,'S53625',15,'*'),
(256,'servicio','servicio',0,0,0.5333,'S612',31,'*'),
(257,'teziutlán','teziutlán',0,0,0.6,'T2345',11,'*'),
(258,'tipo','tipo',0,0,0.2667,'T100',31,'*'),
(259,'turística','turística',0,0,0.6,'T6232',31,'*'),
(260,'típica','típica',0,0,0.4,'T120',11,'*'),
(261,'vainilla','vainilla',0,0,0.5333,'V540',14,'*'),
(262,'venustiano','venustiano',0,0,0.6667,'V5235',11,'*'),
(263,'viveros','viveros',0,0,0.4667,'V620',11,'*'),
(264,'yohualichan','yohualichan',0,0,0.7333,'Y425',11,'*'),
(265,'zacapoaxtla','zacapoaxtla',0,0,0.7333,'Z1234',11,'*'),
(266,'zona','zona',0,0,0.2667,'Z500',11,'*'),
(316,'12','12',0,0,0.2,'',4,'*'),
(317,'123','123',0,0,0.3,'',7,'*'),
(318,'19','19',0,0,0.2,'',4,'*'),
(319,'196','196',0,0,0.3,'',4,'*'),
(320,'75','75',0,0,0.2,'',7,'*'),
(321,'artesanal','artesanal',0,0,0.6,'A63254',4,'*'),
(322,'azul','azul',0,0,0.2667,'A240',4,'*'),
(323,'caballo','caballo',0,0,0.4667,'C140',4,'*'),
(324,'cafe','cafe',0,0,0.2667,'C100',4,'*'),
(325,'cafetalera','cafetalera',0,0,0.6667,'C1346',4,'*'),
(326,'café','café',0,0,0.2667,'C100',4,'*'),
(327,'colgante','colgante',0,0,0.5333,'C4253',4,'*'),
(328,'cueva','cueva',0,0,0.3333,'C100',4,'*'),
(329,'encimadas','encimadas',0,0,0.6,'E52532',7,'*'),
(330,'finca','finca',0,0,0.3333,'F520',4,'*'),
(331,'fábrica','fábrica',0,0,0.4667,'F620',7,'*'),
(332,'hidroeléctrica','hidroeléctrica',0,0,0.9333,'H3642362',7,'*'),
(333,'monumental','monumental',0,0,0.6667,'M340',4,'*'),
(334,'orquideario','orquideario',0,0,0.7333,'O6236',4,'*'),
(335,'pan','pan',0,0,0.2,'P500',4,'*'),
(336,'piedras','piedras',0,0,0.4667,'P362',7,'*'),
(337,'pimentel','pimentel',0,0,0.5333,'P534',4,'*'),
(338,'planta','planta',0,0,0.4,'P453',7,'*'),
(339,'puente','puente',0,0,0.4,'P530',4,'*'),
(340,'quetzalapa','quetzalapa',0,0,0.6667,'Q3241',7,'*'),
(341,'tirolesa','tirolesa',0,0,0.5333,'T642',4,'*'),
(342,'típicos','típicos',0,0,0.4667,'T120',4,'*'),
(343,'valle','valle',0,0,0.3333,'V400',7,'*'),
(344,'virgen','virgen',0,0,0.4,'V625',4,'*'),
(345,'xicotepec','xicotepec',0,0,0.6,'X312',4,'*'),
(346,'xochipila','xochipila',0,0,0.6,'X140',4,'*'),
(347,'zacatlán','zacatlán',0,0,0.5333,'Z345',7,'*'),
(379,'13','13',0,0,0.2,'',3,'*'),
(380,'14','14',0,0,0.2,'',16,'*'),
(381,'artesanales','artesanales',0,0,0.7333,'A632542',3,'*'),
(382,'centro','centro',0,0,0.4,'C536',3,'*'),
(383,'dulces','dulces',0,0,0.4,'D420',3,'*'),
(384,'histórico','histórico',0,0,0.6,'H2362',3,'*'),
(385,'karmidas','karmidas',0,0,0.5333,'K6532',3,'*'),
(386,'manzana','manzana',0,0,0.4667,'M250',3,'*'),
(387,'méndez','méndez',0,0,0.4,'M320',3,'*'),
(388,'plantaciones','plantaciones',0,0,0.8,'P453252',3,'*'),
(389,'primavera','primavera',0,0,0.6,'P6516',3,'*'),
(390,'vinos','vinos',0,0,0.3333,'V520',3,'*'),
(391,'zapotitlán','zapotitlán',0,0,0.6667,'Z1345',3,'*'),
(394,'aguas','aguas',0,0,0.3333,'A200',13,'*'),
(395,'agustín','agustín',0,0,0.4667,'A235',13,'*'),
(396,'ahuehuetla','ahuehuetla',0,0,0.6667,'A340',13,'*'),
(397,'atlapulco','atlapulco',0,0,0.6,'A34142',13,'*'),
(398,'atotonilco','atotonilco',0,0,0.6667,'A3542',13,'*'),
(399,'balneario','balneario',0,0,0.6,'B456',13,'*'),
(400,'bernardino','bernardino',0,0,0.6667,'B65635',13,'*'),
(401,'cordillera','cordillera',0,0,0.6667,'C6346',13,'*'),
(402,'gallo','gallo',0,0,0.3333,'G400',13,'*'),
(403,'grande','grande',0,0,0.4,'G653',13,'*'),
(404,'huehuetlán','huehuetlán',0,0,0.6667,'H345',13,'*'),
(405,'mezcal','mezcal',0,0,0.4,'M240',13,'*'),
(406,'mezcalero','mezcalero',0,0,0.6,'M246',13,'*'),
(407,'palenque','palenque',0,0,0.5333,'P452',13,'*'),
(408,'palenques','palenques',0,0,0.6,'P452',13,'*'),
(409,'parcelas','parcelas',0,0,0.5333,'P6242',13,'*'),
(410,'perla','perla',0,0,0.3333,'P640',13,'*'),
(411,'rancho','rancho',0,0,0.4,'R520',13,'*'),
(412,'san','san',0,0,0.2,'S500',13,'*'),
(413,'templo','templo',0,0,0.4,'T514',13,'*'),
(414,'tenzo','tenzo',0,0,0.3333,'T520',13,'*'),
(415,'tepenene','tepenene',0,0,0.5333,'T150',13,'*'),
(416,'termales','termales',0,0,0.5333,'T6542',13,'*'),
(417,'tesoro','tesoro',0,0,0.4,'T260',13,'*'),
(418,'tzicatlacoyan','tzicatlacoyan',0,0,0.8667,'T23425',13,'*'),
(419,'vivero','vivero',0,0,0.4,'V600',13,'*'),
(425,'222','222',0,0,0.3,'',1,'*'),
(426,'2301','2301',0,0,0.4,'',1,'*'),
(427,'33','33',0,0,0.2,'',1,'*'),
(428,'34','34',0,0,0.2,'',1,'*'),
(429,'69','69',0,0,0.2,'',1,'*'),
(430,'84','84',0,0,0.2,'',1,'*'),
(431,'calle','calle',0,0,0.3333,'C400',1,'*'),
(432,'col','col',0,0,0.2,'C400',1,'*'),
(433,'contacto','contacto',0,0,0.5333,'C5323',1,'*'),
(434,'contáctanos','contáctanos',0,0,0.7333,'C532352',1,'*'),
(435,'correspondencia','correspondencia',0,0,1,'C6215352',1,'*'),
(436,'cruz','cruz',0,0,0.2667,'C620',1,'*'),
(437,'gob','gob',0,0,0.2,'G100',1,'*'),
(438,'mx','mx',0,0,0.1333,'M200',1,'*'),
(439,'pue','pue',0,0,0.2,'P000',1,'*'),
(440,'santa','santa',0,0,0.3333,'S530',1,'*'),
(441,'secihti','secihti',0,0,0.4667,'S300',1,'*'),
(442,'sur','sur',0,0,0.2,'S600',1,'*'),
(443,'ángeles','ángeles',0,0,0.4667,'á5242',1,'*'),
(456,'16','16',0,0,0.2,'',2,'*'),
(457,'emprendedora','emprendedora',0,0,0.8,'E516536',2,'*'),
(458,'mujer','mujer',0,0,0.3333,'M260',2,'*');

--
-- Table structure for table `dq6l9_finder_terms_common`
--

CREATE TABLE `dq6l9_finder_terms_common` (
  `term` varchar(75) CHARACTER SET utf8mb4 COLLATE utf8mb4_bin NOT NULL DEFAULT '',
  `language` char(7) NOT NULL DEFAULT '',
  `custom` int(11) NOT NULL DEFAULT 0,
  UNIQUE KEY `idx_term_language` (`term`,`language`),
  KEY `idx_lang` (`language`)
) ENGINE=InnoDB DEFAULT CHARSET=utf8mb4 COLLATE=utf8mb4_unicode_ci;

--
-- Dumping data for table `dq6l9_finder_terms_common`
--

INSERT INTO `dq6l9_finder_terms_common` VALUES
('a','en',0),
('a mí','es',0),
('a quien','es',0),
('a él','es',0),
('abajo','es',0),
('about','en',0),
('above','en',0),
('acerca de','es',0),
('activado','es',0),
('after','en',0),
('again','en',0),
('against','en',0),
('ahí','es',0),
('ahí es','es',0),
('algunos','es',0),
('all','en',0),
('am','en',0),
('ambos','es',0),
('an','en',0),
('and','en',0),
('antes','es',0),
('any','en',0),
('aquí','es',0),
('aquí es','es',0),
('are','en',0),
('aren\'t','en',0),
('arriba','es',0),
('as','en',0),
('así','es',0),
('at','en',0),
('bajo','es',0),
('be','en',0),
('because','en',0),
('been','en',0),
('before','en',0),
('being','en',0),
('below','en',0),
('between','en',0),
('both','en',0),
('but','en',0),
('by','en',0),
('cada','es',0),
('can\'t','en',0),
('cannot','en',0),
('como','es',0),
('con','es',0),
('contra','es',0),
('could','en',0),
('couldn\'t','en',0),
('cualquiera','es',0),
('cuando es','es',0),
('cuál','es',0),
('cuándo','es',0),
('cómo','es',0),
('cómo es','es',0),
('de','es',0),
('debería','es',0),
('dentro','es',0),
('desactivado','es',0),
('después','es',0),
('destinatario','es',0),
('did','en',0),
('didn\'t','en',0),
('do','en',0),
('does','en',0),
('doesn\'t','en',0),
('doing','en',0),
('don\'t','en',0),
('donde es','es',0),
('down','en',0),
('durante','es',0),
('during','en',0),
('dónde','es',0),
('each','en',0),
('el','es',0),
('ella','es',0),
('ella es','es',0),
('ella misma','es',0),
('ello','es',0),
('ellos','es',0),
('ellos mismos','es',0),
('ellos son','es',0),
('en','es',0),
('entonces','es',0),
('entre','es',0),
('eres','es',0),
('es','es',0),
('eso','es',0),
('eso es','es',0),
('esos','es',0),
('esto','es',0),
('estos','es',0),
('few','en',0),
('for','en',0),
('from','en',0),
('fue','es',0),
('fuera','es',0),
('fueron','es',0),
('further','en',0),
('ha','es',0),
('habiendo','es',0),
('habría','es',0),
('habríamos','es',0),
('habrían','es',0),
('habrías','es',0),
('había','es',0),
('hace','es',0),
('hacer','es',0),
('haciendo','es',0),
('had','en',0),
('hadn\'t','en',0),
('hagamos','es',0),
('han','es',0),
('haremos','es',0),
('hará','es',0),
('harán','es',0),
('harás','es',0),
('haré','es',0),
('has','en',0),
('has','es',0),
('hasn\'t','en',0),
('hasta','es',0),
('have','en',0),
('haven\'t','en',0),
('having','en',0),
('he','en',0),
('he','es',0),
('he\'d','en',0),
('he\'ll','en',0),
('he\'s','en',0),
('hemos','es',0),
('her','en',0),
('here','en',0),
('here\'s','en',0),
('hers','en',0),
('herself','en',0),
('him','en',0),
('himself','en',0),
('his','en',0),
('hizo','es',0),
('how','en',0),
('how\'s','en',0),
('i','en',0),
('i\'d','en',0),
('i\'ll','en',0),
('i\'m','en',0),
('i\'ve','en',0),
('if','en',0),
('in','en',0),
('into','en',0),
('is','en',0),
('isn\'t','en',0),
('it','en',0),
('it\'s','en',0),
('its','en',0),
('itself','en',0),
('let\'s','en',0),
('me','en',0),
('mi','es',0),
('mientras','es',0),
('mismo','es',0),
('more','en',0),
('most','en',0),
('mucho','es',0),
('mustn\'t','en',0),
('muy','es',0),
('my','en',0),
('myself','en',0),
('más','es',0),
('más tarde','es',0),
('ni','es',0),
('no','en',0),
('no','es',0),
('no debe','es',0),
('no debería','es',0),
('no era','es',0),
('no es','es',0),
('no fue','es',0),
('no fueron','es',0),
('no ha sido','es',0),
('no han sido','es',0),
('no podría','es',0),
('no puede','es',0),
('no será','es',0),
('no sería','es',0),
('no son','es',0),
('nor','en',0),
('nosotros','es',0),
('nosotros mismos','es',0),
('not','en',0),
('nuestro','es',0),
('nuestros','es',0),
('nunca','es',0),
('o','es',0),
('of','en',0),
('off','en',0),
('on','en',0),
('once','en',0),
('only','en',0),
('or','en',0),
('other','en',0),
('otra vez','es',0),
('otro','es',0),
('ought','en',0),
('our','en',0),
('ours','en',0),
('ourselves','en',0),
('out','en',0),
('over','en',0),
('own','en',0),
('para','es',0),
('pero','es',0),
('pocos','es',0),
('podria','es',0),
('por','es',0),
('por qué','es',0),
('por qué es','es',0),
('porque','es',0),
('que','es',0),
('que es','es',0),
('quien','es',0),
('quien es','es',0),
('qué','es',0),
('same','en',0),
('ser','es',0),
('sería','es',0),
('shan\'t','en',0),
('she','en',0),
('she\'d','en',0),
('she\'ll','en',0),
('she\'s','en',0),
('should','en',0),
('shouldn\'t','en',0),
('si','es',0),
('sido','es',0),
('siendo','es',0),
('so','en',0),
('sobre','es',0),
('solo','es',0),
('some','en',0),
('somos','es',0),
('son','es',0),
('soy','es',0),
('su','es',0),
('subir','es',0),
('such','en',0),
('sus','es',0),
('suyo','es',0),
('sí mismo','es',0),
('tal','es',0),
('también','es',0),
('tener','es',0),
('than','en',0),
('that','en',0),
('that\'s','en',0),
('the','en',0),
('their','en',0),
('theirs','en',0),
('them','en',0),
('themselves','en',0),
('then','en',0),
('there','en',0),
('there\'s','en',0),
('these','en',0),
('they','en',0),
('they\'d','en',0),
('they\'ll','en',0),
('they\'re','en',0),
('they\'ve','en',0),
('this','en',0),
('those','en',0),
('through','en',0),
('to','en',0),
('todo','es',0),
('too','en',0),
('tuyo','es',0),
('tuyos','es',0),
('tú','es',0),
('tú mismo','es',0),
('un','es',0),
('una vez','es',0),
('under','en',0),
('until','en',0),
('up','en',0),
('very','en',0),
('vosotros mismos','es',0),
('was','en',0),
('wasn\'t','en',0),
('we','en',0),
('we\'d','en',0),
('we\'ll','en',0),
('we\'re','en',0),
('we\'ve','en',0),
('were','en',0),
('weren\'t','en',0),
('what','en',0),
('what\'s','en',0),
('when','en',0),
('when\'s','en',0),
('where','en',0),
('where\'s','en',0),
('which','en',0),
('while','en',0),
('who','en',0),
('who\'s','en',0),
('whom','en',0),
('why','en',0),
('why\'s','en',0),
('with','en',0),
('won\'t','en',0),
('would','en',0),
('wouldn\'t','en',0),
('y','es',0),
('yo','es',0),
('yo mismo','es',0),
('you','en',0),
('you\'d','en',0),
('you\'ll','en',0),
('you\'re','en',0),
('you\'ve','en',0),
('your','en',0),
('yours','en',0),
('yourself','en',0),
('yourselves','en',0),
('él','es',0),
('él mismo','es',0);

--
-- Table structure for table `dq6l9_finder_tokens`
--

CREATE TABLE `dq6l9_finder_tokens` (
  `term` varchar(75) CHARACTER SET utf8mb4 COLLATE utf8mb4_bin NOT NULL,
  `stem` varchar(75) CHARACTER SET utf8mb4 COLLATE utf8mb4_bin NOT NULL DEFAULT '',
  `common` tinyint(3) unsigned NOT NULL DEFAULT 0,
  `phrase` tinyint(3) unsigned NOT NULL DEFAULT 0,
  `weight` float unsigned NOT NULL DEFAULT 1,
  `context` tinyint(3) unsigned NOT NULL DEFAULT 2,
  `language` char(7) NOT NULL DEFAULT '',
  KEY `idx_word` (`term`),
  KEY `idx_stem` (`stem`),
  KEY `idx_context` (`context`),
  KEY `idx_language` (`language`)
) ENGINE=MEMORY DEFAULT CHARSET=utf8mb4 COLLATE=utf8mb4_unicode_ci;

--
-- Dumping data for table `dq6l9_finder_tokens`
--


--
-- Table structure for table `dq6l9_finder_tokens_aggregate`
--

CREATE TABLE `dq6l9_finder_tokens_aggregate` (
  `term_id` int(10) unsigned NOT NULL,
  `term` varchar(75) CHARACTER SET utf8mb4 COLLATE utf8mb4_bin NOT NULL,
  `stem` varchar(75) CHARACTER SET utf8mb4 COLLATE utf8mb4_bin NOT NULL DEFAULT '',
  `common` tinyint(3) unsigned NOT NULL DEFAULT 0,
  `phrase` tinyint(3) unsigned NOT NULL DEFAULT 0,
  `term_weight` float unsigned NOT NULL DEFAULT 0,
  `context` tinyint(3) unsigned NOT NULL DEFAULT 2,
  `context_weight` float unsigned NOT NULL DEFAULT 0,
  `total_weight` float unsigned NOT NULL DEFAULT 0,
  `language` char(7) NOT NULL DEFAULT '',
  KEY `token` (`term`),
  KEY `keyword_id` (`term_id`)
) ENGINE=MEMORY DEFAULT CHARSET=utf8mb4 COLLATE=utf8mb4_unicode_ci;

--
-- Dumping data for table `dq6l9_finder_tokens_aggregate`
--


--
-- Table structure for table `dq6l9_finder_types`
--

CREATE TABLE `dq6l9_finder_types` (
  `id` int(10) unsigned NOT NULL AUTO_INCREMENT,
  `title` varchar(100) NOT NULL,
  `mime` varchar(100) NOT NULL DEFAULT '',
  PRIMARY KEY (`id`),
  UNIQUE KEY `title` (`title`)
) ENGINE=InnoDB AUTO_INCREMENT=6 DEFAULT CHARSET=utf8mb4 COLLATE=utf8mb4_unicode_ci;

--
-- Dumping data for table `dq6l9_finder_types`
--

INSERT INTO `dq6l9_finder_types` VALUES
(1,'Category',''),
(2,'Contact',''),
(3,'Article',''),
(4,'News Feed',''),
(5,'Tag','');

--
-- Table structure for table `dq6l9_guidedtour_steps`
--

CREATE TABLE `dq6l9_guidedtour_steps` (
  `id` int(11) NOT NULL AUTO_INCREMENT,
  `tour_id` int(11) NOT NULL DEFAULT 0,
  `title` varchar(255) NOT NULL,
  `published` tinyint(4) NOT NULL DEFAULT 0,
  `description` text NOT NULL,
  `ordering` int(11) NOT NULL DEFAULT 0,
  `position` varchar(255) NOT NULL,
  `target` varchar(255) NOT NULL,
  `type` int(11) NOT NULL,
  `interactive_type` int(11) NOT NULL DEFAULT 1,
  `url` varchar(255) NOT NULL,
  `created` datetime NOT NULL,
  `created_by` int(10) unsigned NOT NULL DEFAULT 0,
  `modified` datetime NOT NULL,
  `modified_by` int(10) unsigned NOT NULL DEFAULT 0,
  `checked_out_time` datetime DEFAULT NULL,
  `checked_out` int(10) unsigned DEFAULT NULL,
  `language` varchar(7) NOT NULL,
  `note` varchar(255) NOT NULL DEFAULT '',
  `params` text DEFAULT NULL,
  PRIMARY KEY (`id`),
  KEY `idx_tour` (`tour_id`),
  KEY `idx_state` (`published`),
  KEY `idx_language` (`language`)
) ENGINE=InnoDB AUTO_INCREMENT=117 DEFAULT CHARSET=utf8mb4 COLLATE=utf8mb4_unicode_ci;

--
-- Dumping data for table `dq6l9_guidedtour_steps`
--

INSERT INTO `dq6l9_guidedtour_steps` VALUES
(1,1,'COM_GUIDEDTOURS_TOUR_GUIDEDTOURS_STEP_NEW_TITLE',1,'COM_GUIDEDTOURS_TOUR_GUIDEDTOURS_STEP_NEW_DESCRIPTION',1,'bottom','.button-new',2,1,'administrator/index.php?option=com_guidedtours&view=tours','2025-04-25 17:26:00',672,'2025-04-25 17:26:00',672,NULL,NULL,'*','',NULL),
(2,1,'COM_GUIDEDTOURS_TOUR_GUIDEDTOURS_STEP_TITLE_TITLE',1,'COM_GUIDEDTOURS_TOUR_GUIDEDTOURS_STEP_TITLE_DESCRIPTION',2,'bottom','#jform_title',2,2,'administrator/index.php?option=com_guidedtours&view=tour&layout=edit','2025-04-25 17:26:00',672,'2025-04-25 17:26:00',672,NULL,NULL,'*','',NULL),
(3,1,'COM_GUIDEDTOURS_TOUR_GUIDEDTOURS_STEP_URL_TITLE',1,'COM_GUIDEDTOURS_TOUR_GUIDEDTOURS_STEP_URL_DESCRIPTION',3,'top','#jform_url',2,2,'administrator/index.php?option=com_guidedtours&view=tour&layout=edit','2025-04-25 17:26:00',672,'2025-04-25 17:26:00',672,NULL,NULL,'*','',NULL),
(4,1,'COM_GUIDEDTOURS_TOUR_GUIDEDTOURS_STEP_CONTENT_TITLE',1,'COM_GUIDEDTOURS_TOUR_GUIDEDTOURS_STEP_CONTENT_DESCRIPTION',4,'bottom','#jform_description,#jform_description_ifr',2,3,'administrator/index.php?option=com_guidedtours&view=tour&layout=edit','2025-04-25 17:26:00',672,'2025-04-25 17:26:00',672,NULL,NULL,'*','',NULL),
(5,1,'COM_GUIDEDTOURS_TOUR_GUIDEDTOURS_STEP_COMPONENT_TITLE',1,'COM_GUIDEDTOURS_TOUR_GUIDEDTOURS_STEP_COMPONENT_DESCRIPTION',5,'top','joomla-field-fancy-select .choices',2,3,'administrator/index.php?option=com_guidedtours&view=tour&layout=edit','2025-04-25 17:26:00',672,'2025-04-25 17:26:00',672,NULL,NULL,'*','',NULL),
(6,1,'COM_GUIDEDTOURS_TOUR_GUIDEDTOURS_STEP_SAVECLOSE_TITLE',1,'COM_GUIDEDTOURS_TOUR_GUIDEDTOURS_STEP_SAVECLOSE_DESCRIPTION',6,'top','#save-group-children-save .button-save',2,1,'administrator/index.php?option=com_guidedtours&view=tour&layout=edit','2025-04-25 17:26:00',672,'2025-04-25 17:26:00',672,NULL,NULL,'*','',NULL),
(7,1,'COM_GUIDEDTOURS_TOUR_GUIDEDTOURS_STEP_CONGRATULATIONS_TITLE',1,'COM_GUIDEDTOURS_TOUR_GUIDEDTOURS_STEP_CONGRATULATIONS_DESCRIPTION',7,'bottom','',0,1,'administrator/index.php?option=com_guidedtours&view=tour&layout=edit','2025-04-25 17:26:00',672,'2025-04-25 17:26:00',672,NULL,NULL,'*','',NULL),
(8,2,'COM_GUIDEDTOURS_TOUR_GUIDEDTOURSTEPS_STEP_COUNTER_TITLE',1,'COM_GUIDEDTOURS_TOUR_GUIDEDTOURSTEPS_STEP_COUNTER_DESCRIPTION',8,'top','#toursList tbody tr:nth-last-of-type(1) td:nth-of-type(5) .btn',2,1,'','2025-04-25 17:26:00',672,'2025-04-25 17:26:00',672,NULL,NULL,'*','',NULL),
(9,2,'COM_GUIDEDTOURS_TOUR_GUIDEDTOURSTEPS_STEP_NEW_TITLE',1,'COM_GUIDEDTOURS_TOUR_GUIDEDTOURSTEPS_STEP_NEW_DESCRIPTION',9,'bottom','.button-new',2,1,'','2025-04-25 17:26:00',672,'2025-04-25 17:26:00',672,NULL,NULL,'*','',NULL),
(10,2,'COM_GUIDEDTOURS_TOUR_GUIDEDTOURSTEPS_STEP_TITLE_TITLE',1,'COM_GUIDEDTOURS_TOUR_GUIDEDTOURSTEPS_STEP_TITLE_DESCRIPTION',10,'bottom','#jform_title',2,2,'','2025-04-25 17:26:00',672,'2025-04-25 17:26:00',672,NULL,NULL,'*','',NULL),
(11,2,'COM_GUIDEDTOURS_TOUR_GUIDEDTOURSTEPS_STEP_DESCRIPTION_TITLE',1,'COM_GUIDEDTOURS_TOUR_GUIDEDTOURSTEPS_STEP_DESCRIPTION_DESCRIPTION',11,'bottom','#jform_description,#jform_description_ifr',2,3,'','2025-04-25 17:26:00',672,'2025-04-25 17:26:00',672,NULL,NULL,'*','',NULL),
(12,2,'COM_GUIDEDTOURS_TOUR_GUIDEDTOURSTEPS_STEP_STATUS_TITLE',1,'COM_GUIDEDTOURS_TOUR_GUIDEDTOURSTEPS_STEP_STATUS_DESCRIPTION',12,'bottom','#jform_published',2,3,'','2025-04-25 17:26:00',672,'2025-04-25 17:26:00',672,NULL,NULL,'*','',NULL),
(13,2,'COM_GUIDEDTOURS_TOUR_GUIDEDTOURSTEPS_STEP_POSITION_TITLE',1,'COM_GUIDEDTOURS_TOUR_GUIDEDTOURSTEPS_STEP_POSITION_DESCRIPTION',13,'top','#jform_position',2,3,'','2025-04-25 17:26:00',672,'2025-04-25 17:26:00',672,NULL,NULL,'*','',NULL),
(14,2,'COM_GUIDEDTOURS_TOUR_GUIDEDTOURSTEPS_STEP_TARGET_TITLE',1,'COM_GUIDEDTOURS_TOUR_GUIDEDTOURSTEPS_STEP_TARGET_DESCRIPTION',14,'top','#jform_target',2,3,'','2025-04-25 17:26:00',672,'2025-04-25 17:26:00',672,NULL,NULL,'*','',NULL),
(15,2,'COM_GUIDEDTOURS_TOUR_GUIDEDTOURSTEPS_STEP_TYPE_TITLE',1,'COM_GUIDEDTOURS_TOUR_GUIDEDTOURSTEPS_STEP_TYPE_DESCRIPTION',15,'top','#jform_type',2,3,'','2025-04-25 17:26:00',672,'2025-04-25 17:26:00',672,NULL,NULL,'*','',NULL),
(16,2,'COM_GUIDEDTOURS_TOUR_GUIDEDTOURSTEPS_STEP_SAVECLOSE_TITLE',1,'COM_GUIDEDTOURS_TOUR_GUIDEDTOURSTEPS_STEP_SAVECLOSE_DESCRIPTION',16,'bottom','#save-group-children-save .button-save',2,1,'','2025-04-25 17:26:00',672,'2025-04-25 17:26:00',672,NULL,NULL,'*','',NULL),
(17,2,'COM_GUIDEDTOURS_TOUR_GUIDEDTOURSTEPS_STEP_CONGRATULATIONS_TITLE',1,'COM_GUIDEDTOURS_TOUR_GUIDEDTOURSTEPS_STEP_CONGRATULATIONS_DESCRIPTION',17,'bottom','',0,1,'','2025-04-25 17:26:00',672,'2025-04-25 17:26:00',672,NULL,NULL,'*','',NULL),
(18,3,'COM_GUIDEDTOURS_TOUR_ARTICLES_STEP_NEW_TITLE',1,'COM_GUIDEDTOURS_TOUR_ARTICLES_STEP_NEW_DESCRIPTION',18,'bottom','.button-new',2,1,'administrator/index.php?option=com_content&view=articles','2025-04-25 17:26:00',672,'2025-04-25 17:26:00',672,NULL,NULL,'*','',NULL),
(19,3,'COM_GUIDEDTOURS_TOUR_ARTICLES_STEP_TITLE_TITLE',1,'COM_GUIDEDTOURS_TOUR_ARTICLES_STEP_TITLE_DESCRIPTION',19,'bottom','#jform_title',2,2,'administrator/index.php?option=com_content&view=article&layout=edit','2025-04-25 17:26:00',672,'2025-04-25 17:26:00',672,NULL,NULL,'*','',NULL),
(20,3,'COM_GUIDEDTOURS_TOUR_ARTICLES_STEP_ALIAS_TITLE',1,'COM_GUIDEDTOURS_TOUR_ARTICLES_STEP_ALIAS_DESCRIPTION',20,'bottom','#jform_alias',2,2,'administrator/index.php?option=com_content&view=article&layout=edit','2025-04-25 17:26:00',672,'2025-04-25 17:26:00',672,NULL,NULL,'*','',NULL),
(21,3,'COM_GUIDEDTOURS_TOUR_ARTICLES_STEP_CONTENT_TITLE',1,'COM_GUIDEDTOURS_TOUR_ARTICLES_STEP_CONTENT_DESCRIPTION',21,'bottom','#jform_articletext,#jform_articletext_ifr',2,3,'administrator/index.php?option=com_content&view=article&layout=edit','2025-04-25 17:26:00',672,'2025-04-25 17:26:00',672,NULL,NULL,'*','',NULL),
(22,3,'COM_GUIDEDTOURS_TOUR_ARTICLES_STEP_STATUS_TITLE',1,'COM_GUIDEDTOURS_TOUR_ARTICLES_STEP_STATUS_DESCRIPTION',22,'bottom','#jform_state',2,3,'administrator/index.php?option=com_content&view=article&layout=edit','2025-04-25 17:26:00',672,'2025-04-25 17:26:00',672,NULL,NULL,'*','',NULL),
(23,3,'COM_GUIDEDTOURS_TOUR_ARTICLES_STEP_CATEGORY_TITLE',1,'COM_GUIDEDTOURS_TOUR_ARTICLES_STEP_CATEGORY_DESCRIPTION',23,'top','joomla-field-fancy-select .choices[data-type=select-one]',2,3,'administrator/index.php?option=com_content&view=article&layout=edit','2025-04-25 17:26:00',672,'2025-04-25 17:26:00',672,NULL,NULL,'*','',NULL),
(24,3,'COM_GUIDEDTOURS_TOUR_ARTICLES_STEP_FEATURED_TITLE',1,'COM_GUIDEDTOURS_TOUR_ARTICLES_STEP_FEATURED_DESCRIPTION',24,'bottom','#jform_featured0',2,3,'administrator/index.php?option=com_content&view=article&layout=edit','2025-04-25 17:26:00',672,'2025-04-25 17:26:00',672,NULL,NULL,'*','',NULL),
(25,3,'COM_GUIDEDTOURS_TOUR_ARTICLES_STEP_ACCESS_TITLE',1,'COM_GUIDEDTOURS_TOUR_ARTICLES_STEP_ACCESS_DESCRIPTION',25,'bottom','#jform_access',2,3,'administrator/index.php?option=com_content&view=article&layout=edit','2025-04-25 17:26:00',672,'2025-04-25 17:26:00',672,NULL,NULL,'*','',NULL),
(26,3,'COM_GUIDEDTOURS_TOUR_ARTICLES_STEP_TAGS_TITLE',1,'COM_GUIDEDTOURS_TOUR_ARTICLES_STEP_TAGS_DESCRIPTION',26,'top','joomla-field-fancy-select .choices[data-type=select-multiple]',2,3,'administrator/index.php?option=com_content&view=article&layout=edit','2025-04-25 17:26:00',672,'2025-04-25 17:26:00',672,NULL,NULL,'*','',NULL),
(27,3,'COM_GUIDEDTOURS_TOUR_ARTICLES_STEP_NOTE_TITLE',1,'COM_GUIDEDTOURS_TOUR_ARTICLES_STEP_NOTE_DESCRIPTION',27,'top','#jform_note',2,2,'administrator/index.php?option=com_content&view=article&layout=edit','2025-04-25 17:26:00',672,'2025-04-25 17:26:00',672,NULL,NULL,'*','',NULL),
(28,3,'COM_GUIDEDTOURS_TOUR_ARTICLES_STEP_VERSIONNOTE_TITLE',1,'COM_GUIDEDTOURS_TOUR_ARTICLES_STEP_VERSIONNOTE_DESCRIPTION',28,'top','#jform_version_note',2,2,'administrator/index.php?option=com_content&view=article&layout=edit','2025-04-25 17:26:00',672,'2025-04-25 17:26:00',672,NULL,NULL,'*','',NULL),
(29,3,'COM_GUIDEDTOURS_TOUR_ARTICLES_STEP_SAVECLOSE_TITLE',1,'COM_GUIDEDTOURS_TOUR_ARTICLES_STEP_SAVECLOSE_DESCRIPTION',29,'bottom','#save-group-children-save .button-save',2,1,'administrator/index.php?option=com_content&view=article&layout=edit','2025-04-25 17:26:00',672,'2025-04-25 17:26:00',672,NULL,NULL,'*','',NULL),
(30,3,'COM_GUIDEDTOURS_TOUR_ARTICLES_STEP_CONGRATULATIONS_TITLE',1,'COM_GUIDEDTOURS_TOUR_ARTICLES_STEP_CONGRATULATIONS_DESCRIPTION',30,'bottom','',0,1,'administrator/index.php?option=com_content&view=article&layout=edit','2025-04-25 17:26:00',672,'2025-04-25 17:26:00',672,NULL,NULL,'*','',NULL),
(31,4,'COM_GUIDEDTOURS_TOUR_CATEGORIES_STEP_NEW_TITLE',1,'COM_GUIDEDTOURS_TOUR_CATEGORIES_STEP_NEW_DESCRIPTION',31,'bottom','.button-new',2,1,'administrator/index.php?option=com_categories&view=categories&extension=com_content','2025-04-25 17:26:00',672,'2025-04-25 17:26:00',672,NULL,NULL,'*','',NULL),
(32,4,'COM_GUIDEDTOURS_TOUR_CATEGORIES_STEP_TITLE_TITLE',1,'COM_GUIDEDTOURS_TOUR_CATEGORIES_STEP_TITLE_DESCRIPTION',32,'bottom','#jform_title',2,2,'administrator/index.php?option=com_categories&view=category&layout=edit&extension=com_content','2025-04-25 17:26:00',672,'2025-04-25 17:26:00',672,NULL,NULL,'*','',NULL),
(33,4,'COM_GUIDEDTOURS_TOUR_CATEGORIES_STEP_ALIAS_TITLE',1,'COM_GUIDEDTOURS_TOUR_CATEGORIES_STEP_ALIAS_DESCRIPTION',33,'bottom','#jform_alias',2,2,'administrator/index.php?option=com_categories&view=category&layout=edit&extension=com_content','2025-04-25 17:26:00',672,'2025-04-25 17:26:00',672,NULL,NULL,'*','',NULL),
(34,4,'COM_GUIDEDTOURS_TOUR_CATEGORIES_STEP_CONTENT_TITLE',1,'COM_GUIDEDTOURS_TOUR_CATEGORIES_STEP_CONTENT_DESCRIPTION',34,'bottom','#jform_description,#jform_description_ifr',2,3,'administrator/index.php?option=com_categories&view=category&layout=edit&extension=com_content','2025-04-25 17:26:00',672,'2025-04-25 17:26:00',672,NULL,NULL,'*','',NULL),
(35,4,'COM_GUIDEDTOURS_TOUR_CATEGORIES_STEP_PARENT_TITLE',1,'COM_GUIDEDTOURS_TOUR_CATEGORIES_STEP_PARENT_DESCRIPTION',35,'top','joomla-field-fancy-select .choices[data-type=select-one]',2,3,'administrator/index.php?option=com_categories&view=category&layout=edit&extension=com_content','2025-04-25 17:26:00',672,'2025-04-25 17:26:00',672,NULL,NULL,'*','',NULL),
(36,4,'COM_GUIDEDTOURS_TOUR_CATEGORIES_STEP_STATUS_TITLE',1,'COM_GUIDEDTOURS_TOUR_CATEGORIES_STEP_STATUS_DESCRIPTION',36,'bottom','#jform_published',2,3,'administrator/index.php?option=com_categories&view=category&layout=edit&extension=com_content','2025-04-25 17:26:00',672,'2025-04-25 17:26:00',672,NULL,NULL,'*','',NULL),
(37,4,'COM_GUIDEDTOURS_TOUR_CATEGORIES_STEP_ACCESS_TITLE',1,'COM_GUIDEDTOURS_TOUR_CATEGORIES_STEP_ACCESS_DESCRIPTION',37,'bottom','#jform_access',2,3,'administrator/index.php?option=com_categories&view=category&layout=edit&extension=com_content','2025-04-25 17:26:00',672,'2025-04-25 17:26:00',672,NULL,NULL,'*','',NULL),
(38,4,'COM_GUIDEDTOURS_TOUR_CATEGORIES_STEP_TAGS_TITLE',1,'COM_GUIDEDTOURS_TOUR_CATEGORIES_STEP_TAGS_DESCRIPTION',38,'top','joomla-field-fancy-select .choices[data-type=select-multiple]',2,3,'administrator/index.php?option=com_categories&view=category&layout=edit&extension=com_content','2025-04-25 17:26:00',672,'2025-04-25 17:26:00',672,NULL,NULL,'*','',NULL),
(39,4,'COM_GUIDEDTOURS_TOUR_CATEGORIES_STEP_NOTE_TITLE',1,'COM_GUIDEDTOURS_TOUR_CATEGORIES_STEP_NOTE_DESCRIPTION',39,'top','#jform_note',2,2,'administrator/index.php?option=com_categories&view=category&layout=edit&extension=com_content','2025-04-25 17:26:00',672,'2025-04-25 17:26:00',672,NULL,NULL,'*','',NULL),
(40,4,'COM_GUIDEDTOURS_TOUR_CATEGORIES_STEP_VERSIONNOTE_TITLE',1,'COM_GUIDEDTOURS_TOUR_CATEGORIES_STEP_VERSIONNOTE_DESCRIPTION',40,'top','#jform_version_note',2,2,'administrator/index.php?option=com_categories&view=category&layout=edit&extension=com_content','2025-04-25 17:26:00',672,'2025-04-25 17:26:00',672,NULL,NULL,'*','',NULL),
(41,4,'COM_GUIDEDTOURS_TOUR_CATEGORIES_STEP_SAVECLOSE_TITLE',1,'COM_GUIDEDTOURS_TOUR_CATEGORIES_STEP_SAVECLOSE_DESCRIPTION',41,'bottom','#save-group-children-save .button-save',2,1,'administrator/index.php?option=com_categories&view=category&layout=edit&extension=com_content','2025-04-25 17:26:00',672,'2025-04-25 17:26:00',672,NULL,NULL,'*','',NULL),
(42,4,'COM_GUIDEDTOURS_TOUR_CATEGORIES_STEP_CONGRATULATIONS_TITLE',1,'COM_GUIDEDTOURS_TOUR_CATEGORIES_STEP_CONGRATULATIONS_DESCRIPTION',42,'bottom','',0,1,'administrator/index.php?option=com_categories&view=category&layout=edit&extension=com_content','2025-04-25 17:26:00',672,'2025-04-25 17:26:00',672,NULL,NULL,'*','',NULL),
(43,5,'COM_GUIDEDTOURS_TOUR_MENUS_STEP_NEW_TITLE',1,'COM_GUIDEDTOURS_TOUR_MENUS_STEP_NEW_DESCRIPTION',43,'bottom','.button-new',2,1,'administrator/index.php?option=com_menus&view=menus','2025-04-25 17:26:00',672,'2025-04-25 17:26:00',672,NULL,NULL,'*','',NULL),
(44,5,'COM_GUIDEDTOURS_TOUR_MENUS_STEP_TITLE_TITLE',1,'COM_GUIDEDTOURS_TOUR_MENUS_STEP_TITLE_DESCRIPTION',44,'bottom','#jform_title',2,2,'administrator/index.php?option=com_menus&view=menu&layout=edit','2025-04-25 17:26:00',672,'2025-04-25 17:26:00',672,NULL,NULL,'*','',NULL),
(45,5,'COM_GUIDEDTOURS_TOUR_MENUS_STEP_UNIQUENAME_TITLE',1,'COM_GUIDEDTOURS_TOUR_MENUS_STEP_UNIQUENAME_DESCRIPTION',45,'top','#jform_menutype',2,2,'administrator/index.php?option=com_menus&view=menu&layout=edit','2025-04-25 17:26:00',672,'2025-04-25 17:26:00',672,NULL,NULL,'*','',NULL),
(46,5,'COM_GUIDEDTOURS_TOUR_MENUS_STEP_DESCRIPTION_TITLE',1,'COM_GUIDEDTOURS_TOUR_MENUS_STEP_DESCRIPTION_DESCRIPTION',46,'top','#jform_menudescription',2,2,'administrator/index.php?option=com_menus&view=menu&layout=edit','2025-04-25 17:26:00',672,'2025-04-25 17:26:00',672,NULL,NULL,'*','',NULL),
(47,5,'COM_GUIDEDTOURS_TOUR_MENUS_STEP_SAVECLOSE_TITLE',1,'COM_GUIDEDTOURS_TOUR_MENUS_STEP_SAVECLOSE_DESCRIPTION',47,'bottom','#save-group-children-save .button-save',2,1,'administrator/index.php?option=com_menus&view=menu&layout=edit','2025-04-25 17:26:00',672,'2025-04-25 17:26:00',672,NULL,NULL,'*','',NULL),
(48,5,'COM_GUIDEDTOURS_TOUR_MENUS_STEP_CONGRATULATIONS_TITLE',1,'COM_GUIDEDTOURS_TOUR_MENUS_STEP_CONGRATULATIONS_DESCRIPTION',48,'bottom','',0,1,'administrator/index.php?option=com_menus&view=menu&layout=edit','2025-04-25 17:26:00',672,'2025-04-25 17:26:00',672,NULL,NULL,'*','',NULL),
(49,6,'COM_GUIDEDTOURS_TOUR_TAGS_STEP_NEW_TITLE',1,'COM_GUIDEDTOURS_TOUR_TAGS_STEP_NEW_DESCRIPTION',49,'bottom','.button-new',2,1,'administrator/index.php?option=com_tags&view=tags','2025-04-25 17:26:00',672,'2025-04-25 17:26:00',672,NULL,NULL,'*','',NULL),
(50,6,'COM_GUIDEDTOURS_TOUR_TAGS_STEP_TITLE_TITLE',1,'COM_GUIDEDTOURS_TOUR_TAGS_STEP_TITLE_DESCRIPTION',50,'bottom','#jform_title',2,2,'administrator/index.php?option=com_tags&view=tag&layout=edit','2025-04-25 17:26:00',672,'2025-04-25 17:26:00',672,NULL,NULL,'*','',NULL),
(51,6,'COM_GUIDEDTOURS_TOUR_TAGS_STEP_ALIAS_TITLE',1,'COM_GUIDEDTOURS_TOUR_TAGS_STEP_ALIAS_DESCRIPTION',51,'bottom','#jform_alias',2,2,'administrator/index.php?option=com_tags&view=tag&layout=edit','2025-04-25 17:26:00',672,'2025-04-25 17:26:00',672,NULL,NULL,'*','',NULL),
(52,6,'COM_GUIDEDTOURS_TOUR_TAGS_STEP_CONTENT_TITLE',1,'COM_GUIDEDTOURS_TOUR_TAGS_STEP_CONTENT_DESCRIPTION',52,'bottom','#jform_description,#jform_description_ifr',2,3,'administrator/index.php?option=com_tags&view=tag&layout=edit','2025-04-25 17:26:00',672,'2025-04-25 17:26:00',672,NULL,NULL,'*','',NULL),
(53,6,'COM_GUIDEDTOURS_TOUR_TAGS_STEP_PARENT_TITLE',1,'COM_GUIDEDTOURS_TOUR_TAGS_STEP_PARENT_DESCRIPTION',53,'top','joomla-field-fancy-select .choices[data-type=select-one]',2,3,'administrator/index.php?option=com_tags&view=tag&layout=edit','2025-04-25 17:26:00',672,'2025-04-25 17:26:00',672,NULL,NULL,'*','',NULL),
(54,6,'COM_GUIDEDTOURS_TOUR_TAGS_STEP_STATUS_TITLE',1,'COM_GUIDEDTOURS_TOUR_TAGS_STEP_STATUS_DESCRIPTION',54,'bottom','#jform_published',2,3,'administrator/index.php?option=com_tags&view=tag&layout=edit','2025-04-25 17:26:00',672,'2025-04-25 17:26:00',672,NULL,NULL,'*','',NULL),
(55,6,'COM_GUIDEDTOURS_TOUR_TAGS_STEP_ACCESS_TITLE',1,'COM_GUIDEDTOURS_TOUR_TAGS_STEP_ACCESS_DESCRIPTION',55,'bottom','#jform_access',2,3,'administrator/index.php?option=com_tags&view=tag&layout=edit','2025-04-25 17:26:00',672,'2025-04-25 17:26:00',672,NULL,NULL,'*','',NULL),
(56,6,'COM_GUIDEDTOURS_TOUR_TAGS_STEP_NOTE_TITLE',1,'COM_GUIDEDTOURS_TOUR_TAGS_STEP_NOTE_DESCRIPTION',56,'top','#jform_note',2,2,'administrator/index.php?option=com_tags&view=tag&layout=edit','2025-04-25 17:26:00',672,'2025-04-25 17:26:00',672,NULL,NULL,'*','',NULL),
(57,6,'COM_GUIDEDTOURS_TOUR_TAGS_STEP_VERSIONNOTE_TITLE',1,'COM_GUIDEDTOURS_TOUR_TAGS_STEP_VERSIONNOTE_DESCRIPTION',57,'top','#jform_version_note',2,2,'administrator/index.php?option=com_tags&view=tag&layout=edit','2025-04-25 17:26:00',672,'2025-04-25 17:26:00',672,NULL,NULL,'*','',NULL),
(58,6,'COM_GUIDEDTOURS_TOUR_TAGS_STEP_SAVECLOSE_TITLE',1,'COM_GUIDEDTOURS_TOUR_TAGS_STEP_SAVECLOSE_DESCRIPTION',58,'bottom','#save-group-children-save .button-save',2,1,'administrator/index.php?option=com_tags&view=tag&layout=edit','2025-04-25 17:26:00',672,'2025-04-25 17:26:00',672,NULL,NULL,'*','',NULL),
(59,6,'COM_GUIDEDTOURS_TOUR_TAGS_STEP_CONGRATULATIONS_TITLE',1,'COM_GUIDEDTOURS_TOUR_TAGS_STEP_CONGRATULATIONS_DESCRIPTION',59,'bottom','',0,1,'administrator/index.php?option=com_tags&view=tag&layout=edit','2025-04-25 17:26:00',672,'2025-04-25 17:26:00',672,NULL,NULL,'*','',NULL),
(60,7,'COM_GUIDEDTOURS_TOUR_BANNERS_STEP_NEW_TITLE',1,'COM_GUIDEDTOURS_TOUR_BANNERS_STEP_NEW_DESCRIPTION',60,'bottom','.button-new',2,1,'administrator/index.php?option=com_banners&view=banners','2025-04-25 17:26:00',672,'2025-04-25 17:26:00',672,NULL,NULL,'*','',NULL),
(61,7,'COM_GUIDEDTOURS_TOUR_BANNERS_STEP_TITLE_TITLE',1,'COM_GUIDEDTOURS_TOUR_BANNERS_STEP_TITLE_DESCRIPTION',61,'bottom','#jform_name',2,2,'administrator/index.php?option=com_banners&view=banner&layout=edit','2025-04-25 17:26:00',672,'2025-04-25 17:26:00',672,NULL,NULL,'*','',NULL),
(62,7,'COM_GUIDEDTOURS_TOUR_BANNERS_STEP_ALIAS_TITLE',1,'COM_GUIDEDTOURS_TOUR_BANNERS_STEP_ALIAS_DESCRIPTION',62,'bottom','#jform_alias',2,2,'administrator/index.php?option=com_banners&view=banner&layout=edit','2025-04-25 17:26:00',672,'2025-04-25 17:26:00',672,NULL,NULL,'*','',NULL),
(63,7,'COM_GUIDEDTOURS_TOUR_BANNERS_STEP_DETAILS_TITLE',1,'COM_GUIDEDTOURS_TOUR_BANNERS_STEP_DETAILS_DESCRIPTION',63,'bottom','.col-lg-9',2,3,'administrator/index.php?option=com_banners&view=banner&layout=edit','2025-04-25 17:26:00',672,'2025-04-25 17:26:00',672,NULL,NULL,'*','',NULL),
(64,7,'COM_GUIDEDTOURS_TOUR_BANNERS_STEP_STATUS_TITLE',1,'COM_GUIDEDTOURS_TOUR_BANNERS_STEP_STATUS_DESCRIPTION',64,'bottom','#jform_state',2,3,'administrator/index.php?option=com_banners&view=banner&layout=edit','2025-04-25 17:26:00',672,'2025-04-25 17:26:00',672,NULL,NULL,'*','',NULL),
(65,7,'COM_GUIDEDTOURS_TOUR_BANNERS_STEP_CATEGORY_TITLE',1,'COM_GUIDEDTOURS_TOUR_BANNERS_STEP_CATEGORY_DESCRIPTION',65,'top','joomla-field-fancy-select .choices[data-type=select-one]',2,3,'administrator/index.php?option=com_banners&view=banner&layout=edit','2025-04-25 17:26:00',672,'2025-04-25 17:26:00',672,NULL,NULL,'*','',NULL),
(66,7,'COM_GUIDEDTOURS_TOUR_BANNERS_STEP_PINNED_TITLE',1,'COM_GUIDEDTOURS_TOUR_BANNERS_STEP_PINNED_DESCRIPTION',66,'bottom','#jform_sticky1',2,3,'administrator/index.php?option=com_banners&view=banner&layout=edit','2025-04-25 17:26:00',672,'2025-04-25 17:26:00',672,NULL,NULL,'*','',NULL),
(67,7,'COM_GUIDEDTOURS_TOUR_BANNERS_STEP_VERSIONNOTE_TITLE',1,'COM_GUIDEDTOURS_TOUR_BANNERS_STEP_VERSIONNOTE_DESCRIPTION',67,'top','#jform_version_note',2,2,'administrator/index.php?option=com_banners&view=banner&layout=edit','2025-04-25 17:26:00',672,'2025-04-25 17:26:00',672,NULL,NULL,'*','',NULL),
(68,7,'COM_GUIDEDTOURS_TOUR_BANNERS_STEP_SAVECLOSE_TITLE',1,'COM_GUIDEDTOURS_TOUR_BANNERS_STEP_SAVECLOSE_DESCRIPTION',68,'bottom','#save-group-children-save .button-save',2,1,'administrator/index.php?option=com_banners&view=banner&layout=edit','2025-04-25 17:26:00',672,'2025-04-25 17:26:00',672,NULL,NULL,'*','',NULL),
(69,7,'COM_GUIDEDTOURS_TOUR_BANNERS_STEP_CONGRATULATIONS_TITLE',1,'COM_GUIDEDTOURS_TOUR_BANNERS_STEP_CONGRATULATIONS_DESCRIPTION',69,'bottom','',0,1,'administrator/index.php?option=com_banners&view=banner&layout=edit','2025-04-25 17:26:00',672,'2025-04-25 17:26:00',672,NULL,NULL,'*','',NULL),
(70,8,'COM_GUIDEDTOURS_TOUR_CONTACTS_STEP_NEW_TITLE',1,'COM_GUIDEDTOURS_TOUR_CONTACTS_STEP_NEW_DESCRIPTION',70,'bottom','.button-new',2,1,'administrator/index.php?option=com_contact&view=contacts','2025-04-25 17:26:00',672,'2025-04-25 17:26:00',672,NULL,NULL,'*','',NULL),
(71,8,'COM_GUIDEDTOURS_TOUR_CONTACTS_STEP_TITLE_TITLE',1,'COM_GUIDEDTOURS_TOUR_CONTACTS_STEP_TITLE_DESCRIPTION',71,'bottom','#jform_name',2,2,'administrator/index.php?option=com_contact&view=contact&layout=edit','2025-04-25 17:26:00',672,'2025-04-25 17:26:00',672,NULL,NULL,'*','',NULL),
(72,8,'COM_GUIDEDTOURS_TOUR_CONTACTS_STEP_ALIAS_TITLE',1,'COM_GUIDEDTOURS_TOUR_CONTACTS_STEP_ALIAS_DESCRIPTION',72,'bottom','#jform_alias',2,2,'administrator/index.php?option=com_contact&view=contact&layout=edit','2025-04-25 17:26:00',672,'2025-04-25 17:26:00',672,NULL,NULL,'*','',NULL),
(73,8,'COM_GUIDEDTOURS_TOUR_CONTACTS_STEP_DETAILS_TITLE',1,'COM_GUIDEDTOURS_TOUR_CONTACTS_STEP_DETAILS_DESCRIPTION',73,'bottom','.col-lg-9',0,1,'administrator/index.php?option=com_contact&view=contact&layout=edit','2025-04-25 17:26:00',672,'2025-04-25 17:26:00',672,NULL,NULL,'*','',NULL),
(74,8,'COM_GUIDEDTOURS_TOUR_CONTACTS_STEP_STATUS_TITLE',1,'COM_GUIDEDTOURS_TOUR_CONTACTS_STEP_STATUS_DESCRIPTION',74,'bottom','#jform_published',2,3,'administrator/index.php?option=com_contact&view=contact&layout=edit','2025-04-25 17:26:00',672,'2025-04-25 17:26:00',672,NULL,NULL,'*','',NULL),
(75,8,'COM_GUIDEDTOURS_TOUR_CONTACTS_STEP_CATEGORY_TITLE',1,'COM_GUIDEDTOURS_TOUR_CONTACTS_STEP_CATEGORY_DESCRIPTION',75,'top','joomla-field-fancy-select .choices[data-type=select-one]',2,3,'administrator/index.php?option=com_contact&view=contact&layout=edit','2025-04-25 17:26:00',672,'2025-04-25 17:26:00',672,NULL,NULL,'*','',NULL),
(76,8,'COM_GUIDEDTOURS_TOUR_CONTACTS_STEP_FEATURED_TITLE',1,'COM_GUIDEDTOURS_TOUR_CONTACTS_STEP_FEATURED_DESCRIPTION',76,'bottom','#jform_featured0',2,3,'administrator/index.php?option=com_contact&view=contact&layout=edit','2025-04-25 17:26:00',672,'2025-04-25 17:26:00',672,NULL,NULL,'*','',NULL),
(77,8,'COM_GUIDEDTOURS_TOUR_CONTACTS_STEP_ACCESS_TITLE',1,'COM_GUIDEDTOURS_TOUR_CONTACTS_STEP_ACCESS_DESCRIPTION',77,'bottom','#jform_access',2,3,'administrator/index.php?option=com_contact&view=contact&layout=edit','2025-04-25 17:26:00',672,'2025-04-25 17:26:00',672,NULL,NULL,'*','',NULL),
(78,8,'COM_GUIDEDTOURS_TOUR_CONTACTS_STEP_TAGS_TITLE',1,'COM_GUIDEDTOURS_TOUR_CONTACTS_STEP_TAGS_DESCRIPTION',78,'top','joomla-field-fancy-select .choices[data-type=select-multiple]',2,3,'administrator/index.php?option=com_contact&view=contact&layout=edit','2025-04-25 17:26:00',672,'2025-04-25 17:26:00',672,NULL,NULL,'*','',NULL),
(79,8,'COM_GUIDEDTOURS_TOUR_CONTACTS_STEP_VERSIONNOTE_TITLE',1,'COM_GUIDEDTOURS_TOUR_CONTACTS_STEP_VERSIONNOTE_DESCRIPTION',79,'top','#jform_version_note',2,2,'administrator/index.php?option=com_contact&view=contact&layout=edit','2025-04-25 17:26:00',672,'2025-04-25 17:26:00',672,NULL,NULL,'*','',NULL),
(80,8,'COM_GUIDEDTOURS_TOUR_CONTACTS_STEP_SAVECLOSE_TITLE',1,'COM_GUIDEDTOURS_TOUR_CONTACTS_STEP_SAVECLOSE_DESCRIPTION',80,'bottom','#save-group-children-save .button-save',2,1,'administrator/index.php?option=com_contact&view=contact&layout=edit','2025-04-25 17:26:00',672,'2025-04-25 17:26:00',672,NULL,NULL,'*','',NULL),
(81,8,'COM_GUIDEDTOURS_TOUR_CONTACTS_STEP_CONGRATULATIONS_TITLE',1,'COM_GUIDEDTOURS_TOUR_CONTACTS_STEP_CONGRATULATIONS_DESCRIPTION',81,'bottom','',0,1,'administrator/index.php?option=com_contact&view=contact&layout=edit','2025-04-25 17:26:00',672,'2025-04-25 17:26:00',672,NULL,NULL,'*','',NULL),
(82,9,'COM_GUIDEDTOURS_TOUR_NEWSFEEDS_STEP_NEW_TITLE',1,'COM_GUIDEDTOURS_TOUR_NEWSFEEDS_STEP_NEW_DESCRIPTION',82,'bottom','.button-new',2,1,'administrator/index.php?option=com_newsfeeds&view=newsfeeds','2025-04-25 17:26:00',672,'2025-04-25 17:26:00',672,NULL,NULL,'*','',NULL),
(83,9,'COM_GUIDEDTOURS_TOUR_NEWSFEEDS_STEP_TITLE_TITLE',1,'COM_GUIDEDTOURS_TOUR_NEWSFEEDS_STEP_TITLE_DESCRIPTION',83,'bottom','#jform_name',2,2,'administrator/index.php?option=com_newsfeeds&view=newsfeed&layout=edit','2025-04-25 17:26:00',672,'2025-04-25 17:26:00',672,NULL,NULL,'*','',NULL),
(84,9,'COM_GUIDEDTOURS_TOUR_NEWSFEEDS_STEP_ALIAS_TITLE',1,'COM_GUIDEDTOURS_TOUR_NEWSFEEDS_STEP_ALIAS_DESCRIPTION',84,'bottom','#jform_alias',2,2,'administrator/index.php?option=com_newsfeeds&view=newsfeed&layout=edit','2025-04-25 17:26:00',672,'2025-04-25 17:26:00',672,NULL,NULL,'*','',NULL),
(85,9,'COM_GUIDEDTOURS_TOUR_NEWSFEEDS_STEP_LINK_TITLE',1,'COM_GUIDEDTOURS_TOUR_NEWSFEEDS_STEP_LINK_DESCRIPTION',85,'bottom','#jform_link',2,2,'administrator/index.php?option=com_newsfeeds&view=newsfeed&layout=edit','2025-04-25 17:26:00',672,'2025-04-25 17:26:00',672,NULL,NULL,'*','',NULL),
(86,9,'COM_GUIDEDTOURS_TOUR_NEWSFEEDS_STEP_DESCRIPTION_TITLE',1,'COM_GUIDEDTOURS_TOUR_NEWSFEEDS_STEP_DESCRIPTION_DESCRIPTION',86,'bottom','#jform_description,#jform_description_ifr',2,3,'administrator/index.php?option=com_newsfeeds&view=newsfeed&layout=edit','2025-04-25 17:26:00',672,'2025-04-25 17:26:00',672,NULL,NULL,'*','',NULL),
(87,9,'COM_GUIDEDTOURS_TOUR_NEWSFEEDS_STEP_STATUS_TITLE',1,'COM_GUIDEDTOURS_TOUR_NEWSFEEDS_STEP_STATUS_DESCRIPTION',87,'bottom','#jform_published',2,3,'administrator/index.php?option=com_newsfeeds&view=newsfeed&layout=edit','2025-04-25 17:26:00',672,'2025-04-25 17:26:00',672,NULL,NULL,'*','',NULL),
(88,9,'COM_GUIDEDTOURS_TOUR_NEWSFEEDS_STEP_CATEGORY_TITLE',1,'COM_GUIDEDTOURS_TOUR_NEWSFEEDS_STEP_CATEGORY_DESCRIPTION',88,'top','joomla-field-fancy-select .choices[data-type=select-one]',2,3,'administrator/index.php?option=com_newsfeeds&view=newsfeed&layout=edit','2025-04-25 17:26:00',672,'2025-04-25 17:26:00',672,NULL,NULL,'*','',NULL),
(89,9,'COM_GUIDEDTOURS_TOUR_NEWSFEEDS_STEP_ACCESS_TITLE',1,'COM_GUIDEDTOURS_TOUR_NEWSFEEDS_STEP_ACCESS_DESCRIPTION',89,'bottom','#jform_access',2,3,'administrator/index.php?option=com_newsfeeds&view=newsfeed&layout=edit','2025-04-25 17:26:00',672,'2025-04-25 17:26:00',672,NULL,NULL,'*','',NULL),
(90,9,'COM_GUIDEDTOURS_TOUR_NEWSFEEDS_STEP_TAGS_TITLE',1,'COM_GUIDEDTOURS_TOUR_NEWSFEEDS_STEP_TAGS_DESCRIPTION',90,'top','joomla-field-fancy-select .choices[data-type=select-multiple]',2,3,'administrator/index.php?option=com_newsfeeds&view=newsfeed&layout=edit','2025-04-25 17:26:00',672,'2025-04-25 17:26:00',672,NULL,NULL,'*','',NULL),
(91,9,'COM_GUIDEDTOURS_TOUR_NEWSFEEDS_STEP_VERSIONNOTE_TITLE',1,'COM_GUIDEDTOURS_TOUR_NEWSFEEDS_STEP_VERSIONNOTE_DESCRIPTION',91,'top','#jform_version_note',2,2,'administrator/index.php?option=com_newsfeeds&view=newsfeed&layout=edit','2025-04-25 17:26:00',672,'2025-04-25 17:26:00',672,NULL,NULL,'*','',NULL),
(92,9,'COM_GUIDEDTOURS_TOUR_NEWSFEEDS_STEP_SAVECLOSE_TITLE',1,'COM_GUIDEDTOURS_TOUR_NEWSFEEDS_STEP_SAVECLOSE_DESCRIPTION',92,'bottom','#save-group-children-save .button-save',2,1,'administrator/index.php?option=com_newsfeeds&view=newsfeed&layout=edit','2025-04-25 17:26:00',672,'2025-04-25 17:26:00',672,NULL,NULL,'*','',NULL),
(93,9,'COM_GUIDEDTOURS_TOUR_NEWSFEEDS_STEP_CONGRATULATIONS_TITLE',1,'COM_GUIDEDTOURS_TOUR_NEWSFEEDS_STEP_CONGRATULATIONS_DESCRIPTION',93,'bottom','',0,1,'administrator/index.php?option=com_newsfeeds&view=newsfeed&layout=edit','2025-04-25 17:26:00',672,'2025-04-25 17:26:00',672,NULL,NULL,'*','',NULL),
(94,10,'COM_GUIDEDTOURS_TOUR_SMARTSEARCH_STEP_NEW_TITLE',1,'COM_GUIDEDTOURS_TOUR_SMARTSEARCH_STEP_NEW_DESCRIPTION',94,'bottom','.button-new',2,1,'administrator/index.php?option=com_finder&view=filters','2025-04-25 17:26:00',672,'2025-04-25 17:26:00',672,NULL,NULL,'*','',NULL),
(95,10,'COM_GUIDEDTOURS_TOUR_SMARTSEARCH_STEP_TITLE_TITLE',1,'COM_GUIDEDTOURS_TOUR_SMARTSEARCH_STEP_TITLE_DESCRIPTION',95,'bottom','#jform_title',2,2,'administrator/index.php?option=com_finder&view=filter&layout=edit','2025-04-25 17:26:00',672,'2025-04-25 17:26:00',672,NULL,NULL,'*','',NULL),
(96,10,'COM_GUIDEDTOURS_TOUR_SMARTSEARCH_STEP_ALIAS_TITLE',1,'COM_GUIDEDTOURS_TOUR_SMARTSEARCH_STEP_ALIAS_DESCRIPTION',96,'bottom','#jform_alias',2,2,'administrator/index.php?option=com_finder&view=filter&layout=edit','2025-04-25 17:26:00',672,'2025-04-25 17:26:00',672,NULL,NULL,'*','',NULL),
(97,10,'COM_GUIDEDTOURS_TOUR_SMARTSEARCH_STEP_CONTENT_TITLE',1,'COM_GUIDEDTOURS_TOUR_SMARTSEARCH_STEP_CONTENT_DESCRIPTION',97,'bottom','.col-lg-9',0,1,'administrator/index.php?option=com_finder&view=filter&layout=edit','2025-04-25 17:26:00',672,'2025-04-25 17:26:00',672,NULL,NULL,'*','',NULL),
(98,10,'COM_GUIDEDTOURS_TOUR_SMARTSEARCH_STEP_STATUS_TITLE',1,'COM_GUIDEDTOURS_TOUR_SMARTSEARCH_STEP_STATUS_DESCRIPTION',98,'bottom','#jform_state',2,3,'administrator/index.php?option=com_finder&view=filter&layout=edit','2025-04-25 17:26:00',672,'2025-04-25 17:26:00',672,NULL,NULL,'*','',NULL),
(99,10,'COM_GUIDEDTOURS_TOUR_SMARTSEARCH_STEP_SAVECLOSE_TITLE',1,'COM_GUIDEDTOURS_TOUR_SMARTSEARCH_STEP_SAVECLOSE_DESCRIPTION',99,'bottom','#save-group-children-save .button-save',2,1,'administrator/index.php?option=com_finder&view=filter&layout=edit','2025-04-25 17:26:00',672,'2025-04-25 17:26:00',672,NULL,NULL,'*','',NULL),
(100,10,'COM_GUIDEDTOURS_TOUR_SMARTSEARCH_STEP_CONGRATULATIONS_TITLE',1,'COM_GUIDEDTOURS_TOUR_SMARTSEARCH_STEP_CONGRATULATIONS_DESCRIPTION',100,'bottom','',0,1,'administrator/index.php?option=com_finder&view=filter&layout=edit','2025-04-25 17:26:00',672,'2025-04-25 17:26:00',672,NULL,NULL,'*','',NULL),
(101,11,'COM_GUIDEDTOURS_TOUR_USERS_STEP_NEW_TITLE',1,'COM_GUIDEDTOURS_TOUR_USERS_STEP_NEW_DESCRIPTION',101,'bottom','.button-new',2,1,'administrator/index.php?option=com_users&view=user&layout=edit','2025-04-25 17:26:00',672,'2025-04-25 17:26:00',672,NULL,NULL,'*','',NULL),
(102,11,'COM_GUIDEDTOURS_TOUR_USERS_STEP_NAME_TITLE',1,'COM_GUIDEDTOURS_TOUR_USERS_STEP_NAME_DESCRIPTION',102,'bottom','#jform_name',2,2,'administrator/index.php?option=com_users&view=user&layout=edit','2025-04-25 17:26:00',672,'2025-04-25 17:26:00',672,NULL,NULL,'*','',NULL),
(103,11,'COM_GUIDEDTOURS_TOUR_USERS_STEP_LOGINNAME_TITLE',1,'COM_GUIDEDTOURS_TOUR_USERS_STEP_LOGINNAME_DESCRIPTION',103,'bottom','#jform_username',2,2,'administrator/index.php?option=com_users&view=user&layout=edit','2025-04-25 17:26:00',672,'2025-04-25 17:26:00',672,NULL,NULL,'*','',NULL),
(104,11,'COM_GUIDEDTOURS_TOUR_USERS_STEP_PASSWORD_TITLE',1,'COM_GUIDEDTOURS_TOUR_USERS_STEP_PASSWORD_DESCRIPTION',104,'bottom','#jform_password',2,2,'administrator/index.php?option=com_users&view=user&layout=edit','2025-04-25 17:26:00',672,'2025-04-25 17:26:00',672,NULL,NULL,'*','',NULL),
(105,11,'COM_GUIDEDTOURS_TOUR_USERS_STEP_PASSWORD2_TITLE',1,'COM_GUIDEDTOURS_TOUR_USERS_STEP_PASSWORD2_DESCRIPTION',105,'bottom','#jform_password2',2,2,'administrator/index.php?option=com_users&view=user&layout=edit','2025-04-25 17:26:00',672,'2025-04-25 17:26:00',672,NULL,NULL,'*','',NULL),
(106,11,'COM_GUIDEDTOURS_TOUR_USERS_STEP_EMAIL_TITLE',1,'COM_GUIDEDTOURS_TOUR_USERS_STEP_EMAIL_DESCRIPTION',106,'bottom','#jform_email',2,2,'administrator/index.php?option=com_users&view=user&layout=edit','2025-04-25 17:26:00',672,'2025-04-25 17:26:00',672,NULL,NULL,'*','',NULL),
(107,11,'COM_GUIDEDTOURS_TOUR_USERS_STEP_SYSTEMEMAIL_TITLE',1,'COM_GUIDEDTOURS_TOUR_USERS_STEP_SYSTEMEMAIL_DESCRIPTION',107,'top','#jform_sendEmail0',2,3,'administrator/index.php?option=com_users&view=user&layout=edit','2025-04-25 17:26:00',672,'2025-04-25 17:26:00',672,NULL,NULL,'*','',NULL),
(108,11,'COM_GUIDEDTOURS_TOUR_USERS_STEP_STATUS_TITLE',1,'COM_GUIDEDTOURS_TOUR_USERS_STEP_STATUS_DESCRIPTION',108,'top','#jform_block0',2,3,'administrator/index.php?option=com_users&view=user&layout=edit','2025-04-25 17:26:00',672,'2025-04-25 17:26:00',672,NULL,NULL,'*','',NULL),
(109,11,'COM_GUIDEDTOURS_TOUR_USERS_STEP_PASSWORDRESET_TITLE',1,'COM_GUIDEDTOURS_TOUR_USERS_STEP_PASSWORDRESET_DESCRIPTION',109,'top','#jform_requireReset0',2,3,'administrator/index.php?option=com_users&view=user&layout=edit','2025-04-25 17:26:00',672,'2025-04-25 17:26:00',672,NULL,NULL,'*','',NULL),
(110,11,'COM_GUIDEDTOURS_TOUR_USERS_STEP_SAVECLOSE_TITLE',1,'COM_GUIDEDTOURS_TOUR_USERS_STEP_SAVECLOSE_DESCRIPTION',110,'bottom','#save-group-children-save .button-save',2,1,'administrator/index.php?option=com_users&view=user&layout=edit','2025-04-25 17:26:00',672,'2025-04-25 17:26:00',672,NULL,NULL,'*','',NULL),
(111,11,'COM_GUIDEDTOURS_TOUR_USERS_STEP_CONGRATULATIONS_TITLE',1,'COM_GUIDEDTOURS_TOUR_USERS_STEP_CONGRATULATIONS_DESCRIPTION',111,'bottom','',0,1,'administrator/index.php?option=com_users&view=user&layout=edit','2025-04-25 17:26:00',672,'2025-04-25 17:26:00',672,NULL,NULL,'*','',NULL),
(112,12,'COM_GUIDEDTOURS_TOUR_WELCOMETOJOOMLA_STEP_MENUS_TITLE',1,'COM_GUIDEDTOURS_TOUR_WELCOMETOJOOMLA_STEP_MENUS_DESCRIPTION',112,'right','#sidebarmenu',0,1,'','2025-04-25 17:26:00',672,'2025-04-25 17:26:00',672,NULL,NULL,'*','',NULL),
(113,12,'COM_GUIDEDTOURS_TOUR_WELCOMETOJOOMLA_STEP_QUICKACCESS_TITLE',1,'COM_GUIDEDTOURS_TOUR_WELCOMETOJOOMLA_STEP_QUICKACCESS_DESCRIPTION',113,'center','',0,1,'','2025-04-25 17:26:00',672,'2025-04-25 17:26:00',672,NULL,NULL,'*','',NULL),
(114,12,'COM_GUIDEDTOURS_TOUR_WELCOMETOJOOMLA_STEP_NOTIFICATIONS_TITLE',1,'COM_GUIDEDTOURS_TOUR_WELCOMETOJOOMLA_STEP_NOTIFICATIONS_DESCRIPTION',114,'left','.quickicons-for-update_quickicon .card',0,1,'','2025-04-25 17:26:00',672,'2025-04-25 17:26:00',672,NULL,NULL,'*','',NULL),
(115,12,'COM_GUIDEDTOURS_TOUR_WELCOMETOJOOMLA_STEP_TOPBAR_TITLE',1,'COM_GUIDEDTOURS_TOUR_WELCOMETOJOOMLA_STEP_TOPBAR_DESCRIPTION',115,'bottom','#header',0,1,'','2025-04-25 17:26:00',672,'2025-04-25 17:26:00',672,NULL,NULL,'*','',NULL),
(116,12,'COM_GUIDEDTOURS_TOUR_WELCOMETOJOOMLA_STEP_FINALWORDS_TITLE',1,'COM_GUIDEDTOURS_TOUR_WELCOMETOJOOMLA_STEP_FINALWORDS_DESCRIPTION',116,'right','#sidebarmenu nav > ul:first-of-type > li:last-child',0,1,'','2025-04-25 17:26:00',672,'2025-04-25 17:26:00',672,NULL,NULL,'*','',NULL);

--
-- Table structure for table `dq6l9_guidedtours`
--

CREATE TABLE `dq6l9_guidedtours` (
  `id` int(11) NOT NULL AUTO_INCREMENT,
  `title` varchar(255) NOT NULL DEFAULT '',
  `uid` varchar(400) CHARACTER SET utf8mb4 COLLATE utf8mb4_bin NOT NULL,
  `description` text NOT NULL,
  `ordering` int(11) NOT NULL DEFAULT 0,
  `extensions` text NOT NULL,
  `url` varchar(255) NOT NULL,
  `created` datetime NOT NULL,
  `created_by` int(11) NOT NULL DEFAULT 0,
  `modified` datetime NOT NULL,
  `modified_by` int(11) NOT NULL DEFAULT 0,
  `checked_out_time` datetime DEFAULT NULL,
  `checked_out` int(10) unsigned DEFAULT NULL,
  `published` tinyint(4) NOT NULL DEFAULT 0,
  `language` varchar(7) NOT NULL,
  `note` varchar(255) NOT NULL DEFAULT '',
  `access` int(10) unsigned NOT NULL DEFAULT 0,
  `autostart` int(11) NOT NULL DEFAULT 0,
  PRIMARY KEY (`id`),
  KEY `idx_access` (`access`),
  KEY `idx_state` (`published`),
  KEY `idx_language` (`language`),
  KEY `idx_uid` (`uid`(191))
) ENGINE=InnoDB AUTO_INCREMENT=13 DEFAULT CHARSET=utf8mb4 COLLATE=utf8mb4_unicode_ci;

--
-- Dumping data for table `dq6l9_guidedtours`
--

INSERT INTO `dq6l9_guidedtours` VALUES
(1,'COM_GUIDEDTOURS_TOUR_GUIDEDTOURS_TITLE','joomla-guidedtours','COM_GUIDEDTOURS_TOUR_GUIDEDTOURS_DESCRIPTION',1,'[\"com_guidedtours\"]','administrator/index.php?option=com_guidedtours&view=tours','2025-04-25 17:26:00',672,'2025-04-25 17:26:00',672,NULL,NULL,1,'*','',1,0),
(2,'COM_GUIDEDTOURS_TOUR_GUIDEDTOURSTEPS_TITLE','joomla-guidedtoursteps','COM_GUIDEDTOURS_TOUR_GUIDEDTOURSTEPS_DESCRIPTION',2,'[\"com_guidedtours\"]','administrator/index.php?option=com_guidedtours&view=tours','2025-04-25 17:26:00',672,'2025-04-25 17:26:00',672,NULL,NULL,1,'*','',1,0),
(3,'COM_GUIDEDTOURS_TOUR_ARTICLES_TITLE','joomla-articles','COM_GUIDEDTOURS_TOUR_ARTICLES_DESCRIPTION',3,'[\"com_content\",\"com_categories\"]','administrator/index.php?option=com_content&view=articles','2025-04-25 17:26:00',672,'2025-04-25 17:26:00',672,NULL,NULL,1,'*','',1,0),
(4,'COM_GUIDEDTOURS_TOUR_CATEGORIES_TITLE','joomla-categories','COM_GUIDEDTOURS_TOUR_CATEGORIES_DESCRIPTION',4,'[\"com_content\",\"com_categories\"]','administrator/index.php?option=com_categories&view=categories&extension=com_content','2025-04-25 17:26:00',672,'2025-04-25 17:26:00',672,NULL,NULL,1,'*','',1,0),
(5,'COM_GUIDEDTOURS_TOUR_MENUS_TITLE','joomla-menus','COM_GUIDEDTOURS_TOUR_MENUS_DESCRIPTION',5,'[\"com_menus\"]','administrator/index.php?option=com_menus&view=menus','2025-04-25 17:26:00',672,'2025-04-25 17:26:00',672,NULL,NULL,1,'*','',1,0),
(6,'COM_GUIDEDTOURS_TOUR_TAGS_TITLE','joomla-tags','COM_GUIDEDTOURS_TOUR_TAGS_DESCRIPTION',6,'[\"com_tags\"]','administrator/index.php?option=com_tags&view=tags','2025-04-25 17:26:00',672,'2025-04-25 17:26:00',672,NULL,NULL,1,'*','',1,0),
(7,'COM_GUIDEDTOURS_TOUR_BANNERS_TITLE','joomla-banners','COM_GUIDEDTOURS_TOUR_BANNERS_DESCRIPTION',7,'[\"com_banners\"]','administrator/index.php?option=com_banners&view=banners','2025-04-25 17:26:00',672,'2025-04-25 17:26:00',672,NULL,NULL,1,'*','',1,0),
(8,'COM_GUIDEDTOURS_TOUR_CONTACTS_TITLE','joomla-contacts','COM_GUIDEDTOURS_TOUR_CONTACTS_DESCRIPTION',8,'[\"com_contact\"]','administrator/index.php?option=com_contact&view=contacts','2025-04-25 17:26:00',672,'2025-04-25 17:26:00',672,NULL,NULL,1,'*','',1,0),
(9,'COM_GUIDEDTOURS_TOUR_NEWSFEEDS_TITLE','joomla-newsfeeds','COM_GUIDEDTOURS_TOUR_NEWSFEEDS_DESCRIPTION',9,'[\"com_newsfeeds\"]','administrator/index.php?option=com_newsfeeds&view=newsfeeds','2025-04-25 17:26:00',672,'2025-04-25 17:26:00',672,NULL,NULL,1,'*','',1,0),
(10,'COM_GUIDEDTOURS_TOUR_SMARTSEARCH_TITLE','joomla-smartsearch','COM_GUIDEDTOURS_TOUR_SMARTSEARCH_DESCRIPTION',10,'[\"com_finder\"]','administrator/index.php?option=com_finder&view=filters','2025-04-25 17:26:00',672,'2025-04-25 17:26:00',672,NULL,NULL,1,'*','',1,0),
(11,'COM_GUIDEDTOURS_TOUR_USERS_TITLE','joomla-users','COM_GUIDEDTOURS_TOUR_USERS_DESCRIPTION',11,'[\"com_users\"]','administrator/index.php?option=com_users&view=users','2025-04-25 17:26:00',672,'2025-04-25 17:26:00',672,NULL,NULL,1,'*','',1,0),
(12,'COM_GUIDEDTOURS_TOUR_WELCOMETOJOOMLA_TITLE','joomla-welcome','COM_GUIDEDTOURS_TOUR_WELCOMETOJOOMLA_DESCRIPTION',12,'[\"com_cpanel\"]','administrator/index.php','2025-04-25 17:26:00',672,'2025-04-25 17:26:00',672,NULL,NULL,1,'*','',1,0);

--
-- Table structure for table `dq6l9_history`
--

CREATE TABLE `dq6l9_history` (
  `version_id` int(10) unsigned NOT NULL AUTO_INCREMENT,
  `item_id` varchar(50) NOT NULL,
  `version_note` varchar(255) NOT NULL DEFAULT '' COMMENT 'Optional version name',
  `save_date` datetime NOT NULL,
  `editor_user_id` int(10) unsigned NOT NULL DEFAULT 0,
  `character_count` int(10) unsigned NOT NULL DEFAULT 0 COMMENT 'Number of characters in this version.',
  `sha1_hash` varchar(50) NOT NULL DEFAULT '' COMMENT 'SHA1 hash of the version_data column.',
  `version_data` mediumtext NOT NULL COMMENT 'json-encoded string of version data',
  `keep_forever` tinyint(4) NOT NULL DEFAULT 0 COMMENT '0=auto delete; 1=keep',
  PRIMARY KEY (`version_id`),
  KEY `idx_ucm_item_id` (`item_id`),
  KEY `idx_save_date` (`save_date`)
) ENGINE=InnoDB AUTO_INCREMENT=86 DEFAULT CHARSET=utf8mb4 COLLATE=utf8mb4_unicode_ci;

--
-- Dumping data for table `dq6l9_history`
--

INSERT INTO `dq6l9_history` VALUES
(1,'com_content.article.1','','2025-04-25 17:54:18',672,2459,'0224c7914d20aaf3bfd68c7adefb7a57a972b5e5','{\"id\":1,\"asset_id\":101,\"title\":\"Misi\\u00f3n, Visi\\u00f3n y Objetivo\",\"alias\":\"mision-vision-y-objetivo\",\"introtext\":\"<div class=\\\"uk-container\\\">\\r\\n<h3>Misi\\u00f3n<\\/h3>\\r\\n<p>Impulsar el desarrollo integral del medio rural de forma ordenada, organizada y articulada, con la finalidad de incrementar la productividad del sector agr\\u00edcola, ganadero y acu\\u00edcola con un enfoque sustentable, considerando el Desarrollo Rural de la Entidad.<\\/p>\\r\\n\\r\\n<h3>Visi\\u00f3n<\\/h3>\\r\\n<p>Ser una dependencia que impulse e implemente pol\\u00edticas p\\u00fablicas acorde a las necesidades del medio rural, con la finalidad de fortalecer la productividad del campo con un enfoque sustentable que contribuya al Desarrollo Rural del Estado.<\\/p>\\r\\n\\r\\n<h3>Objetivo<\\/h3>\\r\\n<p>Mejorar la productividad del medio rural contribuyendo al bienestrar de las personas, potencializando al sector primario, con base en las vocaciones productivas regionales.<\\/p>\\r\\n<\\/div>\",\"fulltext\":\"\",\"state\":\"1\",\"catid\":2,\"created\":\"2025-04-25 17:54:18\",\"created_by\":672,\"created_by_alias\":\"\",\"modified\":\"2025-04-25 17:54:18\",\"modified_by\":672,\"checked_out\":null,\"checked_out_time\":null,\"publish_up\":\"2025-04-25 17:54:18\",\"publish_down\":null,\"images\":\"{\\\"image_intro\\\":\\\"\\\",\\\"image_intro_alt\\\":\\\"\\\",\\\"float_intro\\\":\\\"\\\",\\\"image_intro_caption\\\":\\\"\\\",\\\"image_fulltext\\\":\\\"\\\",\\\"image_fulltext_alt\\\":\\\"\\\",\\\"float_fulltext\\\":\\\"\\\",\\\"image_fulltext_caption\\\":\\\"\\\"}\",\"urls\":\"{\\\"urla\\\":\\\"\\\",\\\"urlatext\\\":\\\"\\\",\\\"targeta\\\":\\\"\\\",\\\"urlb\\\":\\\"\\\",\\\"urlbtext\\\":\\\"\\\",\\\"targetb\\\":\\\"\\\",\\\"urlc\\\":\\\"\\\",\\\"urlctext\\\":\\\"\\\",\\\"targetc\\\":\\\"\\\"}\",\"attribs\":\"{\\\"article_layout\\\":\\\"\\\",\\\"show_title\\\":\\\"\\\",\\\"link_titles\\\":\\\"\\\",\\\"show_tags\\\":\\\"\\\",\\\"show_intro\\\":\\\"\\\",\\\"info_block_position\\\":\\\"\\\",\\\"info_block_show_title\\\":\\\"\\\",\\\"show_category\\\":\\\"\\\",\\\"link_category\\\":\\\"\\\",\\\"show_parent_category\\\":\\\"\\\",\\\"link_parent_category\\\":\\\"\\\",\\\"show_author\\\":\\\"\\\",\\\"link_author\\\":\\\"\\\",\\\"show_create_date\\\":\\\"\\\",\\\"show_modify_date\\\":\\\"\\\",\\\"show_publish_date\\\":\\\"\\\",\\\"show_item_navigation\\\":\\\"\\\",\\\"show_hits\\\":\\\"\\\",\\\"show_noauth\\\":\\\"\\\",\\\"urls_position\\\":\\\"\\\",\\\"alternative_readmore\\\":\\\"\\\",\\\"article_page_title\\\":\\\"\\\",\\\"show_publishing_options\\\":\\\"\\\",\\\"show_article_options\\\":\\\"\\\",\\\"show_urls_images_backend\\\":\\\"\\\",\\\"show_urls_images_frontend\\\":\\\"\\\"}\",\"version\":\"1\",\"ordering\":null,\"metakey\":\"\",\"metadesc\":\"\",\"access\":1,\"hits\":0,\"metadata\":\"{\\\"robots\\\":\\\"\\\",\\\"author\\\":\\\"\\\",\\\"rights\\\":\\\"\\\"}\",\"featured\":\"0\",\"language\":\"*\",\"note\":\"\"}',0),
(5,'com_content.article.2','','2025-04-25 18:11:04',672,2338,'ae9ed8b714e2eeb2fa98bddb641618bd1f4ad25b','{\"id\":\"2\",\"asset_id\":103,\"title\":\"Ventanilla \",\"alias\":\"ventanilla\",\"introtext\":\"<ul class=\\\"uk-list uk-list-disc\\\">\\r\\n<li><a  href=\\\"images\\/ventanilla\\/Solicitudes_DVM_Signo_Distintivo.pdf\\\">Download Solicitudes_DVM_Signo_Distintivo<\\/a><\\/li>\\r\\n<li><a  href=\\\"images\\/ventanilla\\/Formato_ingreso_cat\\u00e1logosOrgPue.pdf\\\">Solicitudes DVM Signo Distintivo<\\/a><\\/li>\\r\\n<li><a  href=\\\"images\\/ventanilla\\/Solicitud_dise\\u00f1o_formato20192024.pdf\\\">Formato de Ingreso al Cat\\u00e1logo Productos Orgullo Puebla<\\/a><\\/li>\\r\\n<li><a  href=\\\"images\\/ventanilla\\/Solicitudes_DVM_Comercializaci\\u00f3n.pdf\\\">Solicitud de Trabajo de Dise\\u00f1o<\\/a><\\/li>\\r\\n<li><a  href=\\\"images\\/ventanilla\\/Formato_de_Atenci\\u00f3n_JLCPA.pdf\\\">Solicitud de Asesor\\u00eda para la Comercializaci\\u00f3n de Agroproductos<\\/a><\\/li>\\r\\n<\\/ul>\",\"fulltext\":\"\",\"state\":\"1\",\"catid\":2,\"created\":\"2025-04-25 18:04:26\",\"created_by\":\"672\",\"created_by_alias\":\"\",\"modified\":\"2025-04-25 18:11:04\",\"modified_by\":672,\"checked_out\":672,\"checked_out_time\":\"2025-04-25 18:10:21\",\"publish_up\":\"2025-04-25 18:04:26\",\"publish_down\":null,\"images\":\"{\\\"image_intro\\\":\\\"\\\",\\\"image_intro_alt\\\":\\\"\\\",\\\"float_intro\\\":\\\"\\\",\\\"image_intro_caption\\\":\\\"\\\",\\\"image_fulltext\\\":\\\"\\\",\\\"image_fulltext_alt\\\":\\\"\\\",\\\"float_fulltext\\\":\\\"\\\",\\\"image_fulltext_caption\\\":\\\"\\\"}\",\"urls\":\"{\\\"urla\\\":\\\"\\\",\\\"urlatext\\\":\\\"\\\",\\\"targeta\\\":\\\"\\\",\\\"urlb\\\":\\\"\\\",\\\"urlbtext\\\":\\\"\\\",\\\"targetb\\\":\\\"\\\",\\\"urlc\\\":\\\"\\\",\\\"urlctext\\\":\\\"\\\",\\\"targetc\\\":\\\"\\\"}\",\"attribs\":\"{\\\"article_layout\\\":\\\"\\\",\\\"show_title\\\":\\\"\\\",\\\"link_titles\\\":\\\"\\\",\\\"show_tags\\\":\\\"\\\",\\\"show_intro\\\":\\\"\\\",\\\"info_block_position\\\":\\\"\\\",\\\"info_block_show_title\\\":\\\"\\\",\\\"show_category\\\":\\\"\\\",\\\"link_category\\\":\\\"\\\",\\\"show_parent_category\\\":\\\"\\\",\\\"link_parent_category\\\":\\\"\\\",\\\"show_author\\\":\\\"\\\",\\\"link_author\\\":\\\"\\\",\\\"show_create_date\\\":\\\"\\\",\\\"show_modify_date\\\":\\\"\\\",\\\"show_publish_date\\\":\\\"\\\",\\\"show_item_navigation\\\":\\\"\\\",\\\"show_hits\\\":\\\"\\\",\\\"show_noauth\\\":\\\"\\\",\\\"urls_position\\\":\\\"\\\",\\\"alternative_readmore\\\":\\\"\\\",\\\"article_page_title\\\":\\\"\\\",\\\"show_publishing_options\\\":\\\"\\\",\\\"show_article_options\\\":\\\"\\\",\\\"show_urls_images_backend\\\":\\\"\\\",\\\"show_urls_images_frontend\\\":\\\"\\\"}\",\"version\":5,\"ordering\":0,\"metakey\":\"\",\"metadesc\":\"\",\"access\":1,\"hits\":4,\"metadata\":\"{\\\"robots\\\":\\\"\\\",\\\"author\\\":\\\"\\\",\\\"rights\\\":\\\"\\\"}\",\"featured\":\"0\",\"language\":\"*\",\"note\":\"\"}',0),
(6,'com_content.article.2','','2025-04-25 18:12:19',672,2381,'7d002a49b0b1e125f332830a8a17d7a6a3c2b996','{\"id\":\"2\",\"asset_id\":103,\"title\":\"Ventanilla \",\"alias\":\"ventanilla\",\"introtext\":\"<div class=\\\"uk-container\\\">\\r\\n<ul class=\\\"uk-list uk-list-disc\\\">\\r\\n<li><a  href=\\\"images\\/ventanilla\\/Solicitudes_DVM_Signo_Distintivo.pdf\\\">Download Solicitudes_DVM_Signo_Distintivo<\\/a><\\/li>\\r\\n<li><a  href=\\\"images\\/ventanilla\\/Formato_ingreso_cat\\u00e1logosOrgPue.pdf\\\">Solicitudes DVM Signo Distintivo<\\/a><\\/li>\\r\\n<li><a  href=\\\"images\\/ventanilla\\/Solicitud_dise\\u00f1o_formato20192024.pdf\\\">Formato de Ingreso al Cat\\u00e1logo Productos Orgullo Puebla<\\/a><\\/li>\\r\\n<li><a  href=\\\"images\\/ventanilla\\/Solicitudes_DVM_Comercializaci\\u00f3n.pdf\\\">Solicitud de Trabajo de Dise\\u00f1o<\\/a><\\/li>\\r\\n<li><a  href=\\\"images\\/ventanilla\\/Formato_de_Atenci\\u00f3n_JLCPA.pdf\\\">Solicitud de Asesor\\u00eda para la Comercializaci\\u00f3n de Agroproductos<\\/a><\\/li>\\r\\n<\\/ul>\\r\\n<\\/div>\",\"fulltext\":\"\",\"state\":\"1\",\"catid\":2,\"created\":\"2025-04-25 18:04:26\",\"created_by\":\"672\",\"created_by_alias\":\"\",\"modified\":\"2025-04-25 18:12:19\",\"modified_by\":672,\"checked_out\":672,\"checked_out_time\":\"2025-04-25 18:11:04\",\"publish_up\":\"2025-04-25 18:04:26\",\"publish_down\":null,\"images\":\"{\\\"image_intro\\\":\\\"\\\",\\\"image_intro_alt\\\":\\\"\\\",\\\"float_intro\\\":\\\"\\\",\\\"image_intro_caption\\\":\\\"\\\",\\\"image_fulltext\\\":\\\"\\\",\\\"image_fulltext_alt\\\":\\\"\\\",\\\"float_fulltext\\\":\\\"\\\",\\\"image_fulltext_caption\\\":\\\"\\\"}\",\"urls\":\"{\\\"urla\\\":\\\"\\\",\\\"urlatext\\\":\\\"\\\",\\\"targeta\\\":\\\"\\\",\\\"urlb\\\":\\\"\\\",\\\"urlbtext\\\":\\\"\\\",\\\"targetb\\\":\\\"\\\",\\\"urlc\\\":\\\"\\\",\\\"urlctext\\\":\\\"\\\",\\\"targetc\\\":\\\"\\\"}\",\"attribs\":\"{\\\"article_layout\\\":\\\"\\\",\\\"show_title\\\":\\\"\\\",\\\"link_titles\\\":\\\"\\\",\\\"show_tags\\\":\\\"\\\",\\\"show_intro\\\":\\\"\\\",\\\"info_block_position\\\":\\\"\\\",\\\"info_block_show_title\\\":\\\"\\\",\\\"show_category\\\":\\\"\\\",\\\"link_category\\\":\\\"\\\",\\\"show_parent_category\\\":\\\"\\\",\\\"link_parent_category\\\":\\\"\\\",\\\"show_author\\\":\\\"\\\",\\\"link_author\\\":\\\"\\\",\\\"show_create_date\\\":\\\"\\\",\\\"show_modify_date\\\":\\\"\\\",\\\"show_publish_date\\\":\\\"\\\",\\\"show_item_navigation\\\":\\\"\\\",\\\"show_hits\\\":\\\"\\\",\\\"show_noauth\\\":\\\"\\\",\\\"urls_position\\\":\\\"\\\",\\\"alternative_readmore\\\":\\\"\\\",\\\"article_page_title\\\":\\\"\\\",\\\"show_publishing_options\\\":\\\"\\\",\\\"show_article_options\\\":\\\"\\\",\\\"show_urls_images_backend\\\":\\\"\\\",\\\"show_urls_images_frontend\\\":\\\"\\\"}\",\"version\":6,\"ordering\":0,\"metakey\":\"\",\"metadesc\":\"\",\"access\":1,\"hits\":6,\"metadata\":\"{\\\"robots\\\":\\\"\\\",\\\"author\\\":\\\"\\\",\\\"rights\\\":\\\"\\\"}\",\"featured\":\"0\",\"language\":\"*\",\"note\":\"\"}',0),
(7,'com_content.article.2','','2025-04-25 18:12:34',672,2392,'cf8c686789d6a78d8d3cdfa07b497b7a14ceffe9','{\"id\":\"2\",\"asset_id\":103,\"title\":\"Ventanilla \",\"alias\":\"ventanilla\",\"introtext\":\"<div class=\\\"uk-container uk-padding\\\">\\r\\n<ul class=\\\"uk-list uk-list-disc\\\">\\r\\n<li><a  href=\\\"images\\/ventanilla\\/Solicitudes_DVM_Signo_Distintivo.pdf\\\">Download Solicitudes_DVM_Signo_Distintivo<\\/a><\\/li>\\r\\n<li><a  href=\\\"images\\/ventanilla\\/Formato_ingreso_cat\\u00e1logosOrgPue.pdf\\\">Solicitudes DVM Signo Distintivo<\\/a><\\/li>\\r\\n<li><a  href=\\\"images\\/ventanilla\\/Solicitud_dise\\u00f1o_formato20192024.pdf\\\">Formato de Ingreso al Cat\\u00e1logo Productos Orgullo Puebla<\\/a><\\/li>\\r\\n<li><a  href=\\\"images\\/ventanilla\\/Solicitudes_DVM_Comercializaci\\u00f3n.pdf\\\">Solicitud de Trabajo de Dise\\u00f1o<\\/a><\\/li>\\r\\n<li><a  href=\\\"images\\/ventanilla\\/Formato_de_Atenci\\u00f3n_JLCPA.pdf\\\">Solicitud de Asesor\\u00eda para la Comercializaci\\u00f3n de Agroproductos<\\/a><\\/li>\\r\\n<\\/ul>\\r\\n<\\/div>\",\"fulltext\":\"\",\"state\":\"1\",\"catid\":2,\"created\":\"2025-04-25 18:04:26\",\"created_by\":\"672\",\"created_by_alias\":\"\",\"modified\":\"2025-04-25 18:12:34\",\"modified_by\":672,\"checked_out\":672,\"checked_out_time\":\"2025-04-25 18:12:19\",\"publish_up\":\"2025-04-25 18:04:26\",\"publish_down\":null,\"images\":\"{\\\"image_intro\\\":\\\"\\\",\\\"image_intro_alt\\\":\\\"\\\",\\\"float_intro\\\":\\\"\\\",\\\"image_intro_caption\\\":\\\"\\\",\\\"image_fulltext\\\":\\\"\\\",\\\"image_fulltext_alt\\\":\\\"\\\",\\\"float_fulltext\\\":\\\"\\\",\\\"image_fulltext_caption\\\":\\\"\\\"}\",\"urls\":\"{\\\"urla\\\":\\\"\\\",\\\"urlatext\\\":\\\"\\\",\\\"targeta\\\":\\\"\\\",\\\"urlb\\\":\\\"\\\",\\\"urlbtext\\\":\\\"\\\",\\\"targetb\\\":\\\"\\\",\\\"urlc\\\":\\\"\\\",\\\"urlctext\\\":\\\"\\\",\\\"targetc\\\":\\\"\\\"}\",\"attribs\":\"{\\\"article_layout\\\":\\\"\\\",\\\"show_title\\\":\\\"\\\",\\\"link_titles\\\":\\\"\\\",\\\"show_tags\\\":\\\"\\\",\\\"show_intro\\\":\\\"\\\",\\\"info_block_position\\\":\\\"\\\",\\\"info_block_show_title\\\":\\\"\\\",\\\"show_category\\\":\\\"\\\",\\\"link_category\\\":\\\"\\\",\\\"show_parent_category\\\":\\\"\\\",\\\"link_parent_category\\\":\\\"\\\",\\\"show_author\\\":\\\"\\\",\\\"link_author\\\":\\\"\\\",\\\"show_create_date\\\":\\\"\\\",\\\"show_modify_date\\\":\\\"\\\",\\\"show_publish_date\\\":\\\"\\\",\\\"show_item_navigation\\\":\\\"\\\",\\\"show_hits\\\":\\\"\\\",\\\"show_noauth\\\":\\\"\\\",\\\"urls_position\\\":\\\"\\\",\\\"alternative_readmore\\\":\\\"\\\",\\\"article_page_title\\\":\\\"\\\",\\\"show_publishing_options\\\":\\\"\\\",\\\"show_article_options\\\":\\\"\\\",\\\"show_urls_images_backend\\\":\\\"\\\",\\\"show_urls_images_frontend\\\":\\\"\\\"}\",\"version\":7,\"ordering\":0,\"metakey\":\"\",\"metadesc\":\"\",\"access\":1,\"hits\":8,\"metadata\":\"{\\\"robots\\\":\\\"\\\",\\\"author\\\":\\\"\\\",\\\"rights\\\":\\\"\\\"}\",\"featured\":\"0\",\"language\":\"*\",\"note\":\"\"}',0),
(8,'com_content.article.1','','2025-04-25 19:23:30',672,2493,'19d6b400e6ea3f7e371e9a68f031b3c65c8c1dfa','{\"id\":\"1\",\"asset_id\":101,\"title\":\"Misi\\u00f3n, Visi\\u00f3n y Objetivo\",\"alias\":\"mision-vision-y-objetivo\",\"introtext\":\"<div class=\\\"uk-container uk-padding-bottom\\\">\\r\\n<h3>Misi\\u00f3n<\\/h3>\\r\\n<p>Impulsar el desarrollo integral del medio rural de forma ordenada, organizada y articulada, con la finalidad de incrementar la productividad del sector agr\\u00edcola, ganadero y acu\\u00edcola con un enfoque sustentable, considerando el Desarrollo Rural de la Entidad.<\\/p>\\r\\n\\r\\n<h3>Visi\\u00f3n<\\/h3>\\r\\n<p>Ser una dependencia que impulse e implemente pol\\u00edticas p\\u00fablicas acorde a las necesidades del medio rural, con la finalidad de fortalecer la productividad del campo con un enfoque sustentable que contribuya al Desarrollo Rural del Estado.<\\/p>\\r\\n\\r\\n<h3>Objetivo<\\/h3>\\r\\n<p>Mejorar la productividad del medio rural contribuyendo al bienestrar de las personas, potencializando al sector primario, con base en las vocaciones productivas regionales.<\\/p>\\r\\n<\\/div>\",\"fulltext\":\"\",\"state\":\"1\",\"catid\":2,\"created\":\"2025-04-25 17:54:18\",\"created_by\":\"672\",\"created_by_alias\":\"\",\"modified\":\"2025-04-25 19:23:30\",\"modified_by\":672,\"checked_out\":672,\"checked_out_time\":\"2025-04-25 19:23:18\",\"publish_up\":\"2025-04-25 17:54:18\",\"publish_down\":null,\"images\":\"{\\\"image_intro\\\":\\\"\\\",\\\"image_intro_alt\\\":\\\"\\\",\\\"float_intro\\\":\\\"\\\",\\\"image_intro_caption\\\":\\\"\\\",\\\"image_fulltext\\\":\\\"\\\",\\\"image_fulltext_alt\\\":\\\"\\\",\\\"float_fulltext\\\":\\\"\\\",\\\"image_fulltext_caption\\\":\\\"\\\"}\",\"urls\":\"{\\\"urla\\\":\\\"\\\",\\\"urlatext\\\":\\\"\\\",\\\"targeta\\\":\\\"\\\",\\\"urlb\\\":\\\"\\\",\\\"urlbtext\\\":\\\"\\\",\\\"targetb\\\":\\\"\\\",\\\"urlc\\\":\\\"\\\",\\\"urlctext\\\":\\\"\\\",\\\"targetc\\\":\\\"\\\"}\",\"attribs\":\"{\\\"article_layout\\\":\\\"\\\",\\\"show_title\\\":\\\"\\\",\\\"link_titles\\\":\\\"\\\",\\\"show_tags\\\":\\\"\\\",\\\"show_intro\\\":\\\"\\\",\\\"info_block_position\\\":\\\"\\\",\\\"info_block_show_title\\\":\\\"\\\",\\\"show_category\\\":\\\"\\\",\\\"link_category\\\":\\\"\\\",\\\"show_parent_category\\\":\\\"\\\",\\\"link_parent_category\\\":\\\"\\\",\\\"show_author\\\":\\\"\\\",\\\"link_author\\\":\\\"\\\",\\\"show_create_date\\\":\\\"\\\",\\\"show_modify_date\\\":\\\"\\\",\\\"show_publish_date\\\":\\\"\\\",\\\"show_item_navigation\\\":\\\"\\\",\\\"show_hits\\\":\\\"\\\",\\\"show_noauth\\\":\\\"\\\",\\\"urls_position\\\":\\\"\\\",\\\"alternative_readmore\\\":\\\"\\\",\\\"article_page_title\\\":\\\"\\\",\\\"show_publishing_options\\\":\\\"\\\",\\\"show_article_options\\\":\\\"\\\",\\\"show_urls_images_backend\\\":\\\"\\\",\\\"show_urls_images_frontend\\\":\\\"\\\"}\",\"version\":2,\"ordering\":1,\"metakey\":\"\",\"metadesc\":\"\",\"access\":1,\"hits\":46,\"metadata\":\"{\\\"robots\\\":\\\"\\\",\\\"author\\\":\\\"\\\",\\\"rights\\\":\\\"\\\"}\",\"featured\":\"0\",\"language\":\"*\",\"note\":\"\"}',0),
(9,'com_content.article.1','','2025-04-25 19:23:43',672,2492,'474cfe6cec40288489fef955508aac58296ed7d0','{\"id\":\"1\",\"asset_id\":101,\"title\":\"Misi\\u00f3n, Visi\\u00f3n y Objetivo\",\"alias\":\"mision-vision-y-objetivo\",\"introtext\":\"<div class=\\\"uk-container uk-margin-bottom\\\">\\r\\n<h3>Misi\\u00f3n<\\/h3>\\r\\n<p>Impulsar el desarrollo integral del medio rural de forma ordenada, organizada y articulada, con la finalidad de incrementar la productividad del sector agr\\u00edcola, ganadero y acu\\u00edcola con un enfoque sustentable, considerando el Desarrollo Rural de la Entidad.<\\/p>\\r\\n\\r\\n<h3>Visi\\u00f3n<\\/h3>\\r\\n<p>Ser una dependencia que impulse e implemente pol\\u00edticas p\\u00fablicas acorde a las necesidades del medio rural, con la finalidad de fortalecer la productividad del campo con un enfoque sustentable que contribuya al Desarrollo Rural del Estado.<\\/p>\\r\\n\\r\\n<h3>Objetivo<\\/h3>\\r\\n<p>Mejorar la productividad del medio rural contribuyendo al bienestrar de las personas, potencializando al sector primario, con base en las vocaciones productivas regionales.<\\/p>\\r\\n<\\/div>\",\"fulltext\":\"\",\"state\":\"1\",\"catid\":2,\"created\":\"2025-04-25 17:54:18\",\"created_by\":\"672\",\"created_by_alias\":\"\",\"modified\":\"2025-04-25 19:23:43\",\"modified_by\":672,\"checked_out\":672,\"checked_out_time\":\"2025-04-25 19:23:30\",\"publish_up\":\"2025-04-25 17:54:18\",\"publish_down\":null,\"images\":\"{\\\"image_intro\\\":\\\"\\\",\\\"image_intro_alt\\\":\\\"\\\",\\\"float_intro\\\":\\\"\\\",\\\"image_intro_caption\\\":\\\"\\\",\\\"image_fulltext\\\":\\\"\\\",\\\"image_fulltext_alt\\\":\\\"\\\",\\\"float_fulltext\\\":\\\"\\\",\\\"image_fulltext_caption\\\":\\\"\\\"}\",\"urls\":\"{\\\"urla\\\":\\\"\\\",\\\"urlatext\\\":\\\"\\\",\\\"targeta\\\":\\\"\\\",\\\"urlb\\\":\\\"\\\",\\\"urlbtext\\\":\\\"\\\",\\\"targetb\\\":\\\"\\\",\\\"urlc\\\":\\\"\\\",\\\"urlctext\\\":\\\"\\\",\\\"targetc\\\":\\\"\\\"}\",\"attribs\":\"{\\\"article_layout\\\":\\\"\\\",\\\"show_title\\\":\\\"\\\",\\\"link_titles\\\":\\\"\\\",\\\"show_tags\\\":\\\"\\\",\\\"show_intro\\\":\\\"\\\",\\\"info_block_position\\\":\\\"\\\",\\\"info_block_show_title\\\":\\\"\\\",\\\"show_category\\\":\\\"\\\",\\\"link_category\\\":\\\"\\\",\\\"show_parent_category\\\":\\\"\\\",\\\"link_parent_category\\\":\\\"\\\",\\\"show_author\\\":\\\"\\\",\\\"link_author\\\":\\\"\\\",\\\"show_create_date\\\":\\\"\\\",\\\"show_modify_date\\\":\\\"\\\",\\\"show_publish_date\\\":\\\"\\\",\\\"show_item_navigation\\\":\\\"\\\",\\\"show_hits\\\":\\\"\\\",\\\"show_noauth\\\":\\\"\\\",\\\"urls_position\\\":\\\"\\\",\\\"alternative_readmore\\\":\\\"\\\",\\\"article_page_title\\\":\\\"\\\",\\\"show_publishing_options\\\":\\\"\\\",\\\"show_article_options\\\":\\\"\\\",\\\"show_urls_images_backend\\\":\\\"\\\",\\\"show_urls_images_frontend\\\":\\\"\\\"}\",\"version\":3,\"ordering\":1,\"metakey\":\"\",\"metadesc\":\"\",\"access\":1,\"hits\":47,\"metadata\":\"{\\\"robots\\\":\\\"\\\",\\\"author\\\":\\\"\\\",\\\"rights\\\":\\\"\\\"}\",\"featured\":\"0\",\"language\":\"*\",\"note\":\"\"}',0),
(10,'com_content.article.1','','2025-04-25 19:24:18',672,2485,'f030b4241c33d35241813a5f7ac68e680d0321b9','{\"id\":\"1\",\"asset_id\":101,\"title\":\"Misi\\u00f3n, Visi\\u00f3n y Objetivo\",\"alias\":\"mision-vision-y-objetivo\",\"introtext\":\"<div class=\\\"uk-container uk-margin\\\">\\r\\n<h3>Misi\\u00f3n<\\/h3>\\r\\n<p>Impulsar el desarrollo integral del medio rural de forma ordenada, organizada y articulada, con la finalidad de incrementar la productividad del sector agr\\u00edcola, ganadero y acu\\u00edcola con un enfoque sustentable, considerando el Desarrollo Rural de la Entidad.<\\/p>\\r\\n\\r\\n<h3>Visi\\u00f3n<\\/h3>\\r\\n<p>Ser una dependencia que impulse e implemente pol\\u00edticas p\\u00fablicas acorde a las necesidades del medio rural, con la finalidad de fortalecer la productividad del campo con un enfoque sustentable que contribuya al Desarrollo Rural del Estado.<\\/p>\\r\\n\\r\\n<h3>Objetivo<\\/h3>\\r\\n<p>Mejorar la productividad del medio rural contribuyendo al bienestrar de las personas, potencializando al sector primario, con base en las vocaciones productivas regionales.<\\/p>\\r\\n<\\/div>\",\"fulltext\":\"\",\"state\":\"1\",\"catid\":2,\"created\":\"2025-04-25 17:54:18\",\"created_by\":\"672\",\"created_by_alias\":\"\",\"modified\":\"2025-04-25 19:24:18\",\"modified_by\":672,\"checked_out\":672,\"checked_out_time\":\"2025-04-25 19:23:43\",\"publish_up\":\"2025-04-25 17:54:18\",\"publish_down\":null,\"images\":\"{\\\"image_intro\\\":\\\"\\\",\\\"image_intro_alt\\\":\\\"\\\",\\\"float_intro\\\":\\\"\\\",\\\"image_intro_caption\\\":\\\"\\\",\\\"image_fulltext\\\":\\\"\\\",\\\"image_fulltext_alt\\\":\\\"\\\",\\\"float_fulltext\\\":\\\"\\\",\\\"image_fulltext_caption\\\":\\\"\\\"}\",\"urls\":\"{\\\"urla\\\":\\\"\\\",\\\"urlatext\\\":\\\"\\\",\\\"targeta\\\":\\\"\\\",\\\"urlb\\\":\\\"\\\",\\\"urlbtext\\\":\\\"\\\",\\\"targetb\\\":\\\"\\\",\\\"urlc\\\":\\\"\\\",\\\"urlctext\\\":\\\"\\\",\\\"targetc\\\":\\\"\\\"}\",\"attribs\":\"{\\\"article_layout\\\":\\\"\\\",\\\"show_title\\\":\\\"\\\",\\\"link_titles\\\":\\\"\\\",\\\"show_tags\\\":\\\"\\\",\\\"show_intro\\\":\\\"\\\",\\\"info_block_position\\\":\\\"\\\",\\\"info_block_show_title\\\":\\\"\\\",\\\"show_category\\\":\\\"\\\",\\\"link_category\\\":\\\"\\\",\\\"show_parent_category\\\":\\\"\\\",\\\"link_parent_category\\\":\\\"\\\",\\\"show_author\\\":\\\"\\\",\\\"link_author\\\":\\\"\\\",\\\"show_create_date\\\":\\\"\\\",\\\"show_modify_date\\\":\\\"\\\",\\\"show_publish_date\\\":\\\"\\\",\\\"show_item_navigation\\\":\\\"\\\",\\\"show_hits\\\":\\\"\\\",\\\"show_noauth\\\":\\\"\\\",\\\"urls_position\\\":\\\"\\\",\\\"alternative_readmore\\\":\\\"\\\",\\\"article_page_title\\\":\\\"\\\",\\\"show_publishing_options\\\":\\\"\\\",\\\"show_article_options\\\":\\\"\\\",\\\"show_urls_images_backend\\\":\\\"\\\",\\\"show_urls_images_frontend\\\":\\\"\\\"}\",\"version\":4,\"ordering\":1,\"metakey\":\"\",\"metadesc\":\"\",\"access\":1,\"hits\":47,\"metadata\":\"{\\\"robots\\\":\\\"\\\",\\\"author\\\":\\\"\\\",\\\"rights\\\":\\\"\\\"}\",\"featured\":\"0\",\"language\":\"*\",\"note\":\"\"}',0),
(11,'com_content.article.2','','2025-04-25 19:24:28',672,2392,'f9ed32f2458954c573fad01e09f4ba4d3ed2dba3','{\"id\":\"2\",\"asset_id\":103,\"title\":\"Ventanilla \",\"alias\":\"ventanilla\",\"introtext\":\"<div class=\\\"uk-container uk-margin\\\">\\r\\n<ul class=\\\"uk-list uk-list-disc\\\">\\r\\n<li><a  href=\\\"images\\/ventanilla\\/Solicitudes_DVM_Signo_Distintivo.pdf\\\">Download Solicitudes_DVM_Signo_Distintivo<\\/a><\\/li>\\r\\n<li><a  href=\\\"images\\/ventanilla\\/Formato_ingreso_cat\\u00e1logosOrgPue.pdf\\\">Solicitudes DVM Signo Distintivo<\\/a><\\/li>\\r\\n<li><a  href=\\\"images\\/ventanilla\\/Solicitud_dise\\u00f1o_formato20192024.pdf\\\">Formato de Ingreso al Cat\\u00e1logo Productos Orgullo Puebla<\\/a><\\/li>\\r\\n<li><a  href=\\\"images\\/ventanilla\\/Solicitudes_DVM_Comercializaci\\u00f3n.pdf\\\">Solicitud de Trabajo de Dise\\u00f1o<\\/a><\\/li>\\r\\n<li><a  href=\\\"images\\/ventanilla\\/Formato_de_Atenci\\u00f3n_JLCPA.pdf\\\">Solicitud de Asesor\\u00eda para la Comercializaci\\u00f3n de Agroproductos<\\/a><\\/li>\\r\\n<\\/ul>\\r\\n<\\/div>\",\"fulltext\":\"\",\"state\":\"1\",\"catid\":2,\"created\":\"2025-04-25 18:04:26\",\"created_by\":\"672\",\"created_by_alias\":\"\",\"modified\":\"2025-04-25 19:24:28\",\"modified_by\":672,\"checked_out\":672,\"checked_out_time\":\"2025-04-25 19:24:25\",\"publish_up\":\"2025-04-25 18:04:26\",\"publish_down\":null,\"images\":\"{\\\"image_intro\\\":\\\"\\\",\\\"image_intro_alt\\\":\\\"\\\",\\\"float_intro\\\":\\\"\\\",\\\"image_intro_caption\\\":\\\"\\\",\\\"image_fulltext\\\":\\\"\\\",\\\"image_fulltext_alt\\\":\\\"\\\",\\\"float_fulltext\\\":\\\"\\\",\\\"image_fulltext_caption\\\":\\\"\\\"}\",\"urls\":\"{\\\"urla\\\":\\\"\\\",\\\"urlatext\\\":\\\"\\\",\\\"targeta\\\":\\\"\\\",\\\"urlb\\\":\\\"\\\",\\\"urlbtext\\\":\\\"\\\",\\\"targetb\\\":\\\"\\\",\\\"urlc\\\":\\\"\\\",\\\"urlctext\\\":\\\"\\\",\\\"targetc\\\":\\\"\\\"}\",\"attribs\":\"{\\\"article_layout\\\":\\\"\\\",\\\"show_title\\\":\\\"\\\",\\\"link_titles\\\":\\\"\\\",\\\"show_tags\\\":\\\"\\\",\\\"show_intro\\\":\\\"\\\",\\\"info_block_position\\\":\\\"\\\",\\\"info_block_show_title\\\":\\\"\\\",\\\"show_category\\\":\\\"\\\",\\\"link_category\\\":\\\"\\\",\\\"show_parent_category\\\":\\\"\\\",\\\"link_parent_category\\\":\\\"\\\",\\\"show_author\\\":\\\"\\\",\\\"link_author\\\":\\\"\\\",\\\"show_create_date\\\":\\\"\\\",\\\"show_modify_date\\\":\\\"\\\",\\\"show_publish_date\\\":\\\"\\\",\\\"show_item_navigation\\\":\\\"\\\",\\\"show_hits\\\":\\\"\\\",\\\"show_noauth\\\":\\\"\\\",\\\"urls_position\\\":\\\"\\\",\\\"alternative_readmore\\\":\\\"\\\",\\\"article_page_title\\\":\\\"\\\",\\\"show_publishing_options\\\":\\\"\\\",\\\"show_article_options\\\":\\\"\\\",\\\"show_urls_images_backend\\\":\\\"\\\",\\\"show_urls_images_frontend\\\":\\\"\\\"}\",\"version\":9,\"ordering\":0,\"metakey\":\"\",\"metadesc\":\"\",\"access\":1,\"hits\":62,\"metadata\":\"{\\\"robots\\\":\\\"\\\",\\\"author\\\":\\\"\\\",\\\"rights\\\":\\\"\\\"}\",\"featured\":\"0\",\"language\":\"*\",\"note\":\"\"}',0),
(12,'com_content.article.2','','2025-04-25 19:34:45',672,2483,'00fc335bb0a8aa2dd76f003137313e8ff33642fe','{\"id\":\"2\",\"asset_id\":103,\"title\":\"Ventanilla \",\"alias\":\"ventanilla\",\"introtext\":\"<div class=\\\"uk-container uk-margin\\\">\\r\\n<ul class=\\\"uk-list uk-list-disc\\\">\\r\\n<li><a  href=\\\"images\\/site\\/documentos\\/ventanilla\\/Solicitudes_DVM_Signo_Distintivo.pdf\\\">Download Solicitudes_DVM_Signo_Distintivo<\\/a><\\/li>\\r\\n<li><a  href=\\\"images\\/site\\/documentos\\/ventanilla\\/Formato_ingreso_cat\\u00e1logosOrgPue.pdf\\\">Solicitudes DVM Signo Distintivo<\\/a><\\/li>\\r\\n<li><a  href=\\\"images\\/site\\/documentos\\/ventanilla\\/Solicitud_dise\\u00f1o_formato20192024.pdf\\\">Formato de Ingreso al Cat\\u00e1logo Productos Orgullo Puebla<\\/a><\\/li>\\r\\n<li><a  href=\\\"images\\/site\\/documentos\\/ventanilla\\/Solicitudes_DVM_Comercializaci\\u00f3n.pdf\\\">Solicitud de Trabajo de Dise\\u00f1o<\\/a><\\/li>\\r\\n<li><a  href=\\\"images\\/site\\/documentos\\/ventanilla\\/Formato_de_Atenci\\u00f3n_JLCPA.pdf\\\">Solicitud de Asesor\\u00eda para la Comercializaci\\u00f3n de Agroproductos<\\/a><\\/li>\\r\\n<\\/ul>\\r\\n<\\/div>\",\"fulltext\":\"\",\"state\":\"1\",\"catid\":2,\"created\":\"2025-04-25 18:04:26\",\"created_by\":\"672\",\"created_by_alias\":\"\",\"modified\":\"2025-04-25 19:34:45\",\"modified_by\":672,\"checked_out\":672,\"checked_out_time\":\"2025-04-25 19:34:12\",\"publish_up\":\"2025-04-25 18:04:26\",\"publish_down\":null,\"images\":\"{\\\"image_intro\\\":\\\"\\\",\\\"image_intro_alt\\\":\\\"\\\",\\\"float_intro\\\":\\\"\\\",\\\"image_intro_caption\\\":\\\"\\\",\\\"image_fulltext\\\":\\\"\\\",\\\"image_fulltext_alt\\\":\\\"\\\",\\\"float_fulltext\\\":\\\"\\\",\\\"image_fulltext_caption\\\":\\\"\\\"}\",\"urls\":\"{\\\"urla\\\":\\\"\\\",\\\"urlatext\\\":\\\"\\\",\\\"targeta\\\":\\\"\\\",\\\"urlb\\\":\\\"\\\",\\\"urlbtext\\\":\\\"\\\",\\\"targetb\\\":\\\"\\\",\\\"urlc\\\":\\\"\\\",\\\"urlctext\\\":\\\"\\\",\\\"targetc\\\":\\\"\\\"}\",\"attribs\":\"{\\\"article_layout\\\":\\\"\\\",\\\"show_title\\\":\\\"\\\",\\\"link_titles\\\":\\\"\\\",\\\"show_tags\\\":\\\"\\\",\\\"show_intro\\\":\\\"\\\",\\\"info_block_position\\\":\\\"\\\",\\\"info_block_show_title\\\":\\\"\\\",\\\"show_category\\\":\\\"\\\",\\\"link_category\\\":\\\"\\\",\\\"show_parent_category\\\":\\\"\\\",\\\"link_parent_category\\\":\\\"\\\",\\\"show_author\\\":\\\"\\\",\\\"link_author\\\":\\\"\\\",\\\"show_create_date\\\":\\\"\\\",\\\"show_modify_date\\\":\\\"\\\",\\\"show_publish_date\\\":\\\"\\\",\\\"show_item_navigation\\\":\\\"\\\",\\\"show_hits\\\":\\\"\\\",\\\"show_noauth\\\":\\\"\\\",\\\"urls_position\\\":\\\"\\\",\\\"alternative_readmore\\\":\\\"\\\",\\\"article_page_title\\\":\\\"\\\",\\\"show_publishing_options\\\":\\\"\\\",\\\"show_article_options\\\":\\\"\\\",\\\"show_urls_images_backend\\\":\\\"\\\",\\\"show_urls_images_frontend\\\":\\\"\\\"}\",\"version\":10,\"ordering\":0,\"metakey\":\"\",\"metadesc\":\"\",\"access\":1,\"hits\":69,\"metadata\":\"{\\\"robots\\\":\\\"\\\",\\\"author\\\":\\\"\\\",\\\"rights\\\":\\\"\\\"}\",\"featured\":\"0\",\"language\":\"*\",\"note\":\"\"}',0),
(13,'com_content.article.3','','2025-04-25 19:42:01',672,3129,'0afdbffb393a513428e8d7140052faeb1d18a911','{\"id\":3,\"asset_id\":104,\"title\":\"Programas Estatales\",\"alias\":\"programas-estatales\",\"introtext\":\"<div class=\\\"uk-container uk-margin\\\">\\r\\n<ul class=\\\"uk-list uk-list-disc\\\">\\r\\n  <li><a href=\\\"images\\/site\\/documentos\\/programas\\/estatales\\/DESARROLLO_DEL_SECTOR_PECUARIO_Y_ACUICOLA.pdf\\\">\\r\\n    REGLAS DE OPERACI\\u00d3N DEL PROGRAMA RECUPERACI\\u00d3N DEL CAMPO POBLANO. COMPONENTE DESARROLLO DEL SECTOR PECUARIO Y ACU\\u00cdCOLA.\\r\\n  <\\/a><\\/li>\\r\\n  <li><a href=\\\"images\\/site\\/documentos\\/programas\\/estatales\\/FOMENTO_E_INNOVACION_DE_LA_APLICULTURA.pdf\\\"> \\r\\n    REGLAS DE OPERACI\\u00d3N DEL PROGRAMA RECUPERACI\\u00d3N DEL CAMPO POBLANO. COMPONENTE FOMENTO E INNOVACI\\u00d3N DE LA APICULTURA.\\r\\n  <\\/a><\\/li>\\r\\n  <li><a href=\\\"images\\/site\\/documentos\\/programas\\/estatales\\/INNOVACION_Y_SOSTENIBILIDAD_DE_LA_CAFETICULTURA.pdf\\\"> \\r\\n    REGLAS DE OPERACI\\u00d3N DEL PROGRAMA RECUPERACI\\u00d3N DEL CAMPO POBLANO. COMPONENTE INNOVACI\\u00d3N Y SOSTENIBILIDAD DE LA CAFETICULTURA.\\r\\n  <\\/a><\\/li>\\r\\n  <li><a href=\\\"images\\/site\\/documentos\\/programas\\/estatales\\/MODERNIZACION_Y_EQUIPAMIENTO_DEL_CAMPO.pdf\\\"> \\r\\n    REGLAS DE OPERACI\\u00d3N DEL PROGRAMA DESARROLLO RURAL, PRODUCTIVIDAD DE LOS PEQUE\\u00d1OS PRODUCTORES. COMPONENTE MODERNIZACI\\u00d3N Y EQUIPAMIENTO DEL CAMPO.\\r\\n  <\\/a><\\/li>\\r\\n  <li><a href=\\\"images\\/site\\/documentos\\/programas\\/estatales\\/INSUMOS_ESTRATEGICOS_PARA_LA_PRODUCCION.pdf\\\"> \\r\\n   REGLAS DE OPERACI\\u00d3N DEL PROGRAMA DE DESARROLLO RURAL, PRODUCTIVIDAD DE LOS PEQUE\\u00d1OS PRODUCTORES. COMPONENTE INSUMOS ESTRAT\\u00c9GICOS PARA LA PRODUCCI\\u00d3N.\\r\\n  <\\/a><\\/li>\\r\\n<\\/ul>\\r\\n<\\/div>\",\"fulltext\":\"\",\"state\":\"1\",\"catid\":2,\"created\":\"2025-04-25 19:42:01\",\"created_by\":672,\"created_by_alias\":\"\",\"modified\":\"2025-04-25 19:42:01\",\"modified_by\":672,\"checked_out\":null,\"checked_out_time\":null,\"publish_up\":\"2025-04-25 19:42:01\",\"publish_down\":null,\"images\":\"{\\\"image_intro\\\":\\\"\\\",\\\"image_intro_alt\\\":\\\"\\\",\\\"float_intro\\\":\\\"\\\",\\\"image_intro_caption\\\":\\\"\\\",\\\"image_fulltext\\\":\\\"\\\",\\\"image_fulltext_alt\\\":\\\"\\\",\\\"float_fulltext\\\":\\\"\\\",\\\"image_fulltext_caption\\\":\\\"\\\"}\",\"urls\":\"{\\\"urla\\\":\\\"\\\",\\\"urlatext\\\":\\\"\\\",\\\"targeta\\\":\\\"\\\",\\\"urlb\\\":\\\"\\\",\\\"urlbtext\\\":\\\"\\\",\\\"targetb\\\":\\\"\\\",\\\"urlc\\\":\\\"\\\",\\\"urlctext\\\":\\\"\\\",\\\"targetc\\\":\\\"\\\"}\",\"attribs\":\"{\\\"article_layout\\\":\\\"\\\",\\\"show_title\\\":\\\"\\\",\\\"link_titles\\\":\\\"\\\",\\\"show_tags\\\":\\\"\\\",\\\"show_intro\\\":\\\"\\\",\\\"info_block_position\\\":\\\"\\\",\\\"info_block_show_title\\\":\\\"\\\",\\\"show_category\\\":\\\"\\\",\\\"link_category\\\":\\\"\\\",\\\"show_parent_category\\\":\\\"\\\",\\\"link_parent_category\\\":\\\"\\\",\\\"show_author\\\":\\\"\\\",\\\"link_author\\\":\\\"\\\",\\\"show_create_date\\\":\\\"\\\",\\\"show_modify_date\\\":\\\"\\\",\\\"show_publish_date\\\":\\\"\\\",\\\"show_item_navigation\\\":\\\"\\\",\\\"show_hits\\\":\\\"\\\",\\\"show_noauth\\\":\\\"\\\",\\\"urls_position\\\":\\\"\\\",\\\"alternative_readmore\\\":\\\"\\\",\\\"article_page_title\\\":\\\"\\\",\\\"show_publishing_options\\\":\\\"\\\",\\\"show_article_options\\\":\\\"\\\",\\\"show_urls_images_backend\\\":\\\"\\\",\\\"show_urls_images_frontend\\\":\\\"\\\"}\",\"version\":\"1\",\"ordering\":null,\"metakey\":\"\",\"metadesc\":\"\",\"access\":1,\"hits\":0,\"metadata\":\"{\\\"robots\\\":\\\"\\\",\\\"author\\\":\\\"\\\",\\\"rights\\\":\\\"\\\"}\",\"featured\":\"0\",\"language\":\"*\",\"note\":\"\"}',0),
(14,'com_content.article.4','','2025-04-25 19:52:13',672,2847,'579105272e0da7ed24ce5835995aeb70ccfb6363','{\"id\":4,\"asset_id\":105,\"title\":\"Programas Federales\",\"alias\":\"programas-federales\",\"introtext\":\"<div class=\\\"uk-container uk-margin\\\">\\r\\n<ul class=\\\"uk-list uk-list-disc\\\">\\r\\n   <li><a href=\\\"images\\/site\\/documentos\\/programas\\/federales\\/rop-programa-de-sanidad-e-inocuidad-agroalimentaria-2019.pdf\\\">\\r\\n    ROP Programa de Sanidad e Inocuidad Agroalimentaria 2019\\r\\n  <\\/a><\\/li>\\r\\n    <li><a href=\\\"images\\/site\\/documentos\\/programas\\/federales\\/programa-de-concurrencia-con-las-entidades-federativas-2019.pdf\\\">\\r\\n    Programa de Concurrencia con las entidades federativas 2019\\r\\n  <\\/a><\\/li>\\r\\n   <li><a href=\\\"images\\/site\\/documentos\\/programas\\/federales\\/lineamientos-tecnicos-especificos-para-la-ejecucion-y-operacion-del-programa-de-sanidad-e-inocuidad-agroalimentaria-2019.pdf\\\">\\r\\n    Lineamientos T\\u00e9cnicos Espec\\u00edficos para la Ejecuci\\u00f3n y Operaci\\u00f3n del Programa de Sanidad e Inocuidad Agroalimentaria 2019\\r\\n  <\\/a><\\/li>\\r\\n  <li><a href=\\\"images\\/site\\/documentos\\/programas\\/federales\\/lineamiento-de-operacion-del-programa-de-desarrollo-rural-de-la-secretaria-de-desarrollo-rural-para-el-ejercicio-fiscal-2019.pdf\\\">\\r\\n    Lineamiento de Operaci\\u00f3n del Programa de Desarrollo Rural de la Secretar\\u00eda de Desarrollo Rural para el ejercicio fiscal 2019\\r\\n  <\\/a><\\/li>\\r\\n<\\/ul>\\r\\n<\\/div>\",\"fulltext\":\"\",\"state\":\"1\",\"catid\":2,\"created\":\"2025-04-25 19:52:13\",\"created_by\":672,\"created_by_alias\":\"\",\"modified\":\"2025-04-25 19:52:13\",\"modified_by\":672,\"checked_out\":null,\"checked_out_time\":null,\"publish_up\":\"2025-04-25 19:52:13\",\"publish_down\":null,\"images\":\"{\\\"image_intro\\\":\\\"\\\",\\\"image_intro_alt\\\":\\\"\\\",\\\"float_intro\\\":\\\"\\\",\\\"image_intro_caption\\\":\\\"\\\",\\\"image_fulltext\\\":\\\"\\\",\\\"image_fulltext_alt\\\":\\\"\\\",\\\"float_fulltext\\\":\\\"\\\",\\\"image_fulltext_caption\\\":\\\"\\\"}\",\"urls\":\"{\\\"urla\\\":\\\"\\\",\\\"urlatext\\\":\\\"\\\",\\\"targeta\\\":\\\"\\\",\\\"urlb\\\":\\\"\\\",\\\"urlbtext\\\":\\\"\\\",\\\"targetb\\\":\\\"\\\",\\\"urlc\\\":\\\"\\\",\\\"urlctext\\\":\\\"\\\",\\\"targetc\\\":\\\"\\\"}\",\"attribs\":\"{\\\"article_layout\\\":\\\"\\\",\\\"show_title\\\":\\\"\\\",\\\"link_titles\\\":\\\"\\\",\\\"show_tags\\\":\\\"\\\",\\\"show_intro\\\":\\\"\\\",\\\"info_block_position\\\":\\\"\\\",\\\"info_block_show_title\\\":\\\"\\\",\\\"show_category\\\":\\\"\\\",\\\"link_category\\\":\\\"\\\",\\\"show_parent_category\\\":\\\"\\\",\\\"link_parent_category\\\":\\\"\\\",\\\"show_author\\\":\\\"\\\",\\\"link_author\\\":\\\"\\\",\\\"show_create_date\\\":\\\"\\\",\\\"show_modify_date\\\":\\\"\\\",\\\"show_publish_date\\\":\\\"\\\",\\\"show_item_navigation\\\":\\\"\\\",\\\"show_hits\\\":\\\"\\\",\\\"show_noauth\\\":\\\"\\\",\\\"urls_position\\\":\\\"\\\",\\\"alternative_readmore\\\":\\\"\\\",\\\"article_page_title\\\":\\\"\\\",\\\"show_publishing_options\\\":\\\"\\\",\\\"show_article_options\\\":\\\"\\\",\\\"show_urls_images_backend\\\":\\\"\\\",\\\"show_urls_images_frontend\\\":\\\"\\\"}\",\"version\":\"1\",\"ordering\":null,\"metakey\":\"\",\"metadesc\":\"\",\"access\":1,\"hits\":0,\"metadata\":\"{\\\"robots\\\":\\\"\\\",\\\"author\\\":\\\"\\\",\\\"rights\\\":\\\"\\\"}\",\"featured\":\"0\",\"language\":\"*\",\"note\":\"\"}',0),
(15,'com_content.article.4','','2025-04-25 19:53:00',672,2880,'c0ceb3029bad6a704482a4c800d16bf4f38c2779','{\"id\":\"4\",\"asset_id\":105,\"title\":\"Programas en concurrencia (federales)\",\"alias\":\"programas-federales\",\"introtext\":\"<div class=\\\"uk-container uk-margin\\\">\\r\\n<ul class=\\\"uk-list uk-list-disc\\\">\\r\\n   <li><a href=\\\"images\\/site\\/documentos\\/programas\\/federales\\/rop-programa-de-sanidad-e-inocuidad-agroalimentaria-2019.pdf\\\">\\r\\n    ROP Programa de Sanidad e Inocuidad Agroalimentaria 2019\\r\\n  <\\/a><\\/li>\\r\\n    <li><a href=\\\"images\\/site\\/documentos\\/programas\\/federales\\/programa-de-concurrencia-con-las-entidades-federativas-2019.pdf\\\">\\r\\n    Programa de Concurrencia con las entidades federativas 2019\\r\\n  <\\/a><\\/li>\\r\\n   <li><a href=\\\"images\\/site\\/documentos\\/programas\\/federales\\/lineamientos-tecnicos-especificos-para-la-ejecucion-y-operacion-del-programa-de-sanidad-e-inocuidad-agroalimentaria-2019.pdf\\\">\\r\\n    Lineamientos T\\u00e9cnicos Espec\\u00edficos para la Ejecuci\\u00f3n y Operaci\\u00f3n del Programa de Sanidad e Inocuidad Agroalimentaria 2019\\r\\n  <\\/a><\\/li>\\r\\n  <li><a href=\\\"images\\/site\\/documentos\\/programas\\/federales\\/lineamiento-de-operacion-del-programa-de-desarrollo-rural-de-la-secretaria-de-desarrollo-rural-para-el-ejercicio-fiscal-2019.pdf\\\">\\r\\n    Lineamiento de Operaci\\u00f3n del Programa de Desarrollo Rural de la Secretar\\u00eda de Desarrollo Rural para el ejercicio fiscal 2019\\r\\n  <\\/a><\\/li>\\r\\n<\\/ul>\\r\\n<\\/div>\",\"fulltext\":\"\",\"state\":\"1\",\"catid\":2,\"created\":\"2025-04-25 19:52:13\",\"created_by\":\"672\",\"created_by_alias\":\"\",\"modified\":\"2025-04-25 19:53:00\",\"modified_by\":672,\"checked_out\":672,\"checked_out_time\":\"2025-04-25 19:52:54\",\"publish_up\":\"2025-04-25 19:52:13\",\"publish_down\":null,\"images\":\"{\\\"image_intro\\\":\\\"\\\",\\\"image_intro_alt\\\":\\\"\\\",\\\"float_intro\\\":\\\"\\\",\\\"image_intro_caption\\\":\\\"\\\",\\\"image_fulltext\\\":\\\"\\\",\\\"image_fulltext_alt\\\":\\\"\\\",\\\"float_fulltext\\\":\\\"\\\",\\\"image_fulltext_caption\\\":\\\"\\\"}\",\"urls\":\"{\\\"urla\\\":\\\"\\\",\\\"urlatext\\\":\\\"\\\",\\\"targeta\\\":\\\"\\\",\\\"urlb\\\":\\\"\\\",\\\"urlbtext\\\":\\\"\\\",\\\"targetb\\\":\\\"\\\",\\\"urlc\\\":\\\"\\\",\\\"urlctext\\\":\\\"\\\",\\\"targetc\\\":\\\"\\\"}\",\"attribs\":\"{\\\"article_layout\\\":\\\"\\\",\\\"show_title\\\":\\\"\\\",\\\"link_titles\\\":\\\"\\\",\\\"show_tags\\\":\\\"\\\",\\\"show_intro\\\":\\\"\\\",\\\"info_block_position\\\":\\\"\\\",\\\"info_block_show_title\\\":\\\"\\\",\\\"show_category\\\":\\\"\\\",\\\"link_category\\\":\\\"\\\",\\\"show_parent_category\\\":\\\"\\\",\\\"link_parent_category\\\":\\\"\\\",\\\"show_author\\\":\\\"\\\",\\\"link_author\\\":\\\"\\\",\\\"show_create_date\\\":\\\"\\\",\\\"show_modify_date\\\":\\\"\\\",\\\"show_publish_date\\\":\\\"\\\",\\\"show_item_navigation\\\":\\\"\\\",\\\"show_hits\\\":\\\"\\\",\\\"show_noauth\\\":\\\"\\\",\\\"urls_position\\\":\\\"\\\",\\\"alternative_readmore\\\":\\\"\\\",\\\"article_page_title\\\":\\\"\\\",\\\"show_publishing_options\\\":\\\"\\\",\\\"show_article_options\\\":\\\"\\\",\\\"show_urls_images_backend\\\":\\\"\\\",\\\"show_urls_images_frontend\\\":\\\"\\\"}\",\"version\":3,\"ordering\":0,\"metakey\":\"\",\"metadesc\":\"\",\"access\":1,\"hits\":2,\"metadata\":\"{\\\"robots\\\":\\\"\\\",\\\"author\\\":\\\"\\\",\\\"rights\\\":\\\"\\\"}\",\"featured\":\"0\",\"language\":\"*\",\"note\":\"\"}',0),
(16,'com_content.category.8','','2025-05-02 23:34:30',672,542,'6393397e501d7dc7a0a98f7b1656bc75789c3016','{\"id\":8,\"asset_id\":111,\"parent_id\":1,\"lft\":11,\"rgt\":12,\"level\":1,\"path\":null,\"extension\":\"com_content\",\"title\":\"Slider\",\"alias\":\"slider\",\"note\":\"\",\"description\":\"\",\"published\":\"1\",\"checked_out\":null,\"checked_out_time\":null,\"access\":1,\"params\":\"{\\\"category_layout\\\":\\\"\\\",\\\"image\\\":\\\"\\\",\\\"image_alt\\\":\\\"\\\"}\",\"metadesc\":\"\",\"metakey\":\"\",\"metadata\":\"{\\\"author\\\":\\\"\\\",\\\"robots\\\":\\\"\\\"}\",\"created_user_id\":672,\"created_time\":\"2025-05-02 23:34:30\",\"modified_user_id\":672,\"modified_time\":\"2025-05-02 23:34:30\",\"hits\":null,\"language\":\"*\",\"version\":null}',0),
(17,'com_content.article.5','','2025-05-06 18:21:55',672,1777,'4014f689a48ef2042ba488d5dc52a43c94ebf1f2','{\"id\":5,\"asset_id\":113,\"title\":\"Slider Ceniza \",\"alias\":\"slider-ceniza\",\"introtext\":\"\",\"fulltext\":\"\",\"state\":\"1\",\"catid\":8,\"created\":\"2025-05-06 18:21:55\",\"created_by\":672,\"created_by_alias\":\"\",\"modified\":\"2025-05-06 18:21:55\",\"modified_by\":672,\"checked_out\":null,\"checked_out_time\":null,\"publish_up\":\"2025-05-06 18:21:55\",\"publish_down\":null,\"images\":\"{\\\"image_intro\\\":\\\"images\\\\\\/site\\\\\\/slider\\\\\\/CenizaVolcanica.jpg#joomlaImage:\\\\\\/\\\\\\/local-images\\\\\\/site\\\\\\/slider\\\\\\/CenizaVolcanica.jpg?width=1600&height=449\\\",\\\"image_intro_alt\\\":\\\"\\\",\\\"float_intro\\\":\\\"\\\",\\\"image_intro_caption\\\":\\\"\\\",\\\"image_fulltext\\\":\\\"\\\",\\\"image_fulltext_alt\\\":\\\"\\\",\\\"float_fulltext\\\":\\\"\\\",\\\"image_fulltext_caption\\\":\\\"\\\"}\",\"urls\":\"{\\\"urla\\\":\\\"https:\\\\\\/\\\\\\/proteccioncivil.puebla.gob.mx\\\\\\/\\\",\\\"urlatext\\\":\\\"\\\",\\\"targeta\\\":\\\"1\\\",\\\"urlb\\\":\\\"\\\",\\\"urlbtext\\\":\\\"\\\",\\\"targetb\\\":\\\"\\\",\\\"urlc\\\":\\\"\\\",\\\"urlctext\\\":\\\"\\\",\\\"targetc\\\":\\\"\\\"}\",\"attribs\":\"{\\\"article_layout\\\":\\\"\\\",\\\"show_title\\\":\\\"\\\",\\\"link_titles\\\":\\\"\\\",\\\"show_tags\\\":\\\"\\\",\\\"show_intro\\\":\\\"\\\",\\\"info_block_position\\\":\\\"\\\",\\\"info_block_show_title\\\":\\\"\\\",\\\"show_category\\\":\\\"\\\",\\\"link_category\\\":\\\"\\\",\\\"show_parent_category\\\":\\\"\\\",\\\"link_parent_category\\\":\\\"\\\",\\\"show_author\\\":\\\"\\\",\\\"link_author\\\":\\\"\\\",\\\"show_create_date\\\":\\\"\\\",\\\"show_modify_date\\\":\\\"\\\",\\\"show_publish_date\\\":\\\"\\\",\\\"show_item_navigation\\\":\\\"\\\",\\\"show_hits\\\":\\\"\\\",\\\"show_noauth\\\":\\\"\\\",\\\"urls_position\\\":\\\"\\\",\\\"alternative_readmore\\\":\\\"\\\",\\\"article_page_title\\\":\\\"\\\",\\\"show_publishing_options\\\":\\\"\\\",\\\"show_article_options\\\":\\\"\\\",\\\"show_urls_images_backend\\\":\\\"\\\",\\\"show_urls_images_frontend\\\":\\\"\\\"}\",\"version\":\"1\",\"ordering\":null,\"metakey\":\"\",\"metadesc\":\"\",\"access\":1,\"hits\":0,\"metadata\":\"{\\\"robots\\\":\\\"\\\",\\\"author\\\":\\\"\\\",\\\"rights\\\":\\\"\\\"}\",\"featured\":\"0\",\"language\":\"*\",\"note\":\"\"}',0),
(18,'com_content.article.6','','2025-05-06 18:28:53',672,1814,'4d91cf38e322f0c3e486c47174c2da4b8da5efaf','{\"id\":6,\"asset_id\":114,\"title\":\"Slider Ingresos Y Egresos \",\"alias\":\"slider-ingresos-y-egresos\",\"introtext\":\"\",\"fulltext\":\"\",\"state\":\"1\",\"catid\":2,\"created\":\"2025-05-06 18:28:53\",\"created_by\":672,\"created_by_alias\":\"\",\"modified\":\"2025-05-06 18:28:53\",\"modified_by\":672,\"checked_out\":null,\"checked_out_time\":null,\"publish_up\":\"2025-05-06 18:28:53\",\"publish_down\":null,\"images\":\"{\\\"image_intro\\\":\\\"images\\\\\\/site\\\\\\/slider\\\\\\/ProgresosYEgresos.jpg#joomlaImage:\\\\\\/\\\\\\/local-images\\\\\\/site\\\\\\/slider\\\\\\/ProgresosYEgresos.jpg?width=1600&height=452\\\",\\\"image_intro_alt\\\":\\\"\\\",\\\"float_intro\\\":\\\"\\\",\\\"image_intro_caption\\\":\\\"\\\",\\\"image_fulltext\\\":\\\"\\\",\\\"image_fulltext_alt\\\":\\\"\\\",\\\"float_fulltext\\\":\\\"\\\",\\\"image_fulltext_caption\\\":\\\"\\\"}\",\"urls\":\"{\\\"urla\\\":\\\"https:\\\\\\/\\\\\\/paqueteeconomico.puebla.gob.mx\\\\\\/2025\\\\\\/\\\",\\\"urlatext\\\":\\\"\\\",\\\"targeta\\\":\\\"1\\\",\\\"urlb\\\":\\\"\\\",\\\"urlbtext\\\":\\\"\\\",\\\"targetb\\\":\\\"\\\",\\\"urlc\\\":\\\"\\\",\\\"urlctext\\\":\\\"\\\",\\\"targetc\\\":\\\"\\\"}\",\"attribs\":\"{\\\"article_layout\\\":\\\"\\\",\\\"show_title\\\":\\\"\\\",\\\"link_titles\\\":\\\"\\\",\\\"show_tags\\\":\\\"\\\",\\\"show_intro\\\":\\\"\\\",\\\"info_block_position\\\":\\\"\\\",\\\"info_block_show_title\\\":\\\"\\\",\\\"show_category\\\":\\\"\\\",\\\"link_category\\\":\\\"\\\",\\\"show_parent_category\\\":\\\"\\\",\\\"link_parent_category\\\":\\\"\\\",\\\"show_author\\\":\\\"\\\",\\\"link_author\\\":\\\"\\\",\\\"show_create_date\\\":\\\"\\\",\\\"show_modify_date\\\":\\\"\\\",\\\"show_publish_date\\\":\\\"\\\",\\\"show_item_navigation\\\":\\\"\\\",\\\"show_hits\\\":\\\"\\\",\\\"show_noauth\\\":\\\"\\\",\\\"urls_position\\\":\\\"\\\",\\\"alternative_readmore\\\":\\\"\\\",\\\"article_page_title\\\":\\\"\\\",\\\"show_publishing_options\\\":\\\"\\\",\\\"show_article_options\\\":\\\"\\\",\\\"show_urls_images_backend\\\":\\\"\\\",\\\"show_urls_images_frontend\\\":\\\"\\\"}\",\"version\":\"1\",\"ordering\":null,\"metakey\":\"\",\"metadesc\":\"\",\"access\":1,\"hits\":0,\"metadata\":\"{\\\"robots\\\":\\\"\\\",\\\"author\\\":\\\"\\\",\\\"rights\\\":\\\"\\\"}\",\"featured\":\"0\",\"language\":\"*\",\"note\":\"\"}',0),
(19,'com_content.article.6','','2025-05-06 18:29:17',672,1829,'cbd10366eb7d2aa741c9b41eb4a31074836d7e73','{\"id\":\"6\",\"asset_id\":114,\"title\":\"Slider Ingresos Y Egresos \",\"alias\":\"slider-ingresos-y-egresos\",\"introtext\":\"\",\"fulltext\":\"\",\"state\":\"1\",\"catid\":8,\"created\":\"2025-05-06 18:28:53\",\"created_by\":\"672\",\"created_by_alias\":\"\",\"modified\":\"2025-05-06 18:29:17\",\"modified_by\":672,\"checked_out\":672,\"checked_out_time\":\"2025-05-06 18:28:53\",\"publish_up\":\"2025-05-06 18:28:53\",\"publish_down\":null,\"images\":\"{\\\"image_intro\\\":\\\"images\\\\\\/site\\\\\\/slider\\\\\\/ProgresosYEgresos.jpg#joomlaImage:\\\\\\/\\\\\\/local-images\\\\\\/site\\\\\\/slider\\\\\\/ProgresosYEgresos.jpg?width=1600&height=452\\\",\\\"image_intro_alt\\\":\\\"\\\",\\\"float_intro\\\":\\\"\\\",\\\"image_intro_caption\\\":\\\"\\\",\\\"image_fulltext\\\":\\\"\\\",\\\"image_fulltext_alt\\\":\\\"\\\",\\\"float_fulltext\\\":\\\"\\\",\\\"image_fulltext_caption\\\":\\\"\\\"}\",\"urls\":\"{\\\"urla\\\":\\\"https:\\\\\\/\\\\\\/paqueteeconomico.puebla.gob.mx\\\\\\/2025\\\\\\/\\\",\\\"urlatext\\\":\\\"\\\",\\\"targeta\\\":\\\"1\\\",\\\"urlb\\\":\\\"\\\",\\\"urlbtext\\\":\\\"\\\",\\\"targetb\\\":\\\"\\\",\\\"urlc\\\":\\\"\\\",\\\"urlctext\\\":\\\"\\\",\\\"targetc\\\":\\\"\\\"}\",\"attribs\":\"{\\\"article_layout\\\":\\\"\\\",\\\"show_title\\\":\\\"\\\",\\\"link_titles\\\":\\\"\\\",\\\"show_tags\\\":\\\"\\\",\\\"show_intro\\\":\\\"\\\",\\\"info_block_position\\\":\\\"\\\",\\\"info_block_show_title\\\":\\\"\\\",\\\"show_category\\\":\\\"\\\",\\\"link_category\\\":\\\"\\\",\\\"show_parent_category\\\":\\\"\\\",\\\"link_parent_category\\\":\\\"\\\",\\\"show_author\\\":\\\"\\\",\\\"link_author\\\":\\\"\\\",\\\"show_create_date\\\":\\\"\\\",\\\"show_modify_date\\\":\\\"\\\",\\\"show_publish_date\\\":\\\"\\\",\\\"show_item_navigation\\\":\\\"\\\",\\\"show_hits\\\":\\\"\\\",\\\"show_noauth\\\":\\\"\\\",\\\"urls_position\\\":\\\"\\\",\\\"alternative_readmore\\\":\\\"\\\",\\\"article_page_title\\\":\\\"\\\",\\\"show_publishing_options\\\":\\\"\\\",\\\"show_article_options\\\":\\\"\\\",\\\"show_urls_images_backend\\\":\\\"\\\",\\\"show_urls_images_frontend\\\":\\\"\\\"}\",\"version\":2,\"ordering\":0,\"metakey\":\"\",\"metadesc\":\"\",\"access\":1,\"hits\":0,\"metadata\":\"{\\\"robots\\\":\\\"\\\",\\\"author\\\":\\\"\\\",\\\"rights\\\":\\\"\\\"}\",\"featured\":\"0\",\"language\":\"*\",\"note\":\"\"}',0),
(20,'com_content.category.9','','2025-05-15 19:44:28',672,556,'b5b1d9742cf63850fbcebdba30fded6307401671','{\"id\":9,\"asset_id\":121,\"parent_id\":1,\"lft\":13,\"rgt\":14,\"level\":1,\"path\":null,\"extension\":\"com_content\",\"title\":\"Convocatorias\",\"alias\":\"convocatorias\",\"note\":\"\",\"description\":\"\",\"published\":\"1\",\"checked_out\":null,\"checked_out_time\":null,\"access\":1,\"params\":\"{\\\"category_layout\\\":\\\"\\\",\\\"image\\\":\\\"\\\",\\\"image_alt\\\":\\\"\\\"}\",\"metadesc\":\"\",\"metakey\":\"\",\"metadata\":\"{\\\"author\\\":\\\"\\\",\\\"robots\\\":\\\"\\\"}\",\"created_user_id\":672,\"created_time\":\"2025-05-15 19:44:28\",\"modified_user_id\":672,\"modified_time\":\"2025-05-15 19:44:28\",\"hits\":null,\"language\":\"*\",\"version\":null}',0),
(21,'com_content.article.7','','2025-05-15 19:44:35',672,1855,'c7b13bad6f36ce424bd37f14a64b17ff8958948f','{\"id\":7,\"asset_id\":122,\"title\":\"COMPONENTE: INSUMOS ESTRAT\\u00c9GICOS PARA LA PRODUCCI\\u00d3N.\",\"alias\":\"componente-insumos-estrategicos-para-la-produccion\",\"introtext\":\"25 DE MARZO AL 25 DE ABRIL DE 2025\",\"fulltext\":\"\",\"state\":\"1\",\"catid\":2,\"created\":\"2025-05-15 19:44:35\",\"created_by\":672,\"created_by_alias\":\"\",\"modified\":\"2025-05-15 19:44:35\",\"modified_by\":672,\"checked_out\":null,\"checked_out_time\":null,\"publish_up\":\"2025-05-15 19:44:35\",\"publish_down\":null,\"images\":\"{\\\"image_intro\\\":\\\"images\\\\\\/site\\\\\\/convocatoria\\\\\\/convocatoria1.jpg#joomlaImage:\\\\\\/\\\\\\/local-images\\\\\\/site\\\\\\/convocatoria\\\\\\/convocatoria1.jpg?width=900&height=987\\\",\\\"image_intro_alt\\\":\\\"\\\",\\\"float_intro\\\":\\\"\\\",\\\"image_intro_caption\\\":\\\"\\\",\\\"image_fulltext\\\":\\\"\\\",\\\"image_fulltext_alt\\\":\\\"\\\",\\\"float_fulltext\\\":\\\"\\\",\\\"image_fulltext_caption\\\":\\\"\\\"}\",\"urls\":\"{\\\"urla\\\":\\\"\\\",\\\"urlatext\\\":\\\"\\\",\\\"targeta\\\":\\\"\\\",\\\"urlb\\\":\\\"\\\",\\\"urlbtext\\\":\\\"\\\",\\\"targetb\\\":\\\"\\\",\\\"urlc\\\":\\\"\\\",\\\"urlctext\\\":\\\"\\\",\\\"targetc\\\":\\\"\\\"}\",\"attribs\":\"{\\\"article_layout\\\":\\\"\\\",\\\"show_title\\\":\\\"\\\",\\\"link_titles\\\":\\\"\\\",\\\"show_tags\\\":\\\"\\\",\\\"show_intro\\\":\\\"\\\",\\\"info_block_position\\\":\\\"\\\",\\\"info_block_show_title\\\":\\\"\\\",\\\"show_category\\\":\\\"\\\",\\\"link_category\\\":\\\"\\\",\\\"show_parent_category\\\":\\\"\\\",\\\"link_parent_category\\\":\\\"\\\",\\\"show_author\\\":\\\"\\\",\\\"link_author\\\":\\\"\\\",\\\"show_create_date\\\":\\\"\\\",\\\"show_modify_date\\\":\\\"\\\",\\\"show_publish_date\\\":\\\"\\\",\\\"show_item_navigation\\\":\\\"\\\",\\\"show_hits\\\":\\\"\\\",\\\"show_noauth\\\":\\\"\\\",\\\"urls_position\\\":\\\"\\\",\\\"alternative_readmore\\\":\\\"\\\",\\\"article_page_title\\\":\\\"\\\",\\\"show_publishing_options\\\":\\\"\\\",\\\"show_article_options\\\":\\\"\\\",\\\"show_urls_images_backend\\\":\\\"\\\",\\\"show_urls_images_frontend\\\":\\\"\\\"}\",\"version\":\"1\",\"ordering\":null,\"metakey\":\"\",\"metadesc\":\"\",\"access\":1,\"hits\":0,\"metadata\":\"{\\\"robots\\\":\\\"\\\",\\\"author\\\":\\\"\\\",\\\"rights\\\":\\\"\\\"}\",\"featured\":\"0\",\"language\":\"*\",\"note\":\"\"}',0),
(22,'com_content.article.7','','2025-05-15 19:44:40',672,1870,'73c88c8506080b2840f224d926198758430f362c','{\"id\":\"7\",\"asset_id\":122,\"title\":\"COMPONENTE: INSUMOS ESTRAT\\u00c9GICOS PARA LA PRODUCCI\\u00d3N.\",\"alias\":\"componente-insumos-estrategicos-para-la-produccion\",\"introtext\":\"25 DE MARZO AL 25 DE ABRIL DE 2025\",\"fulltext\":\"\",\"state\":\"1\",\"catid\":9,\"created\":\"2025-05-15 19:44:35\",\"created_by\":\"672\",\"created_by_alias\":\"\",\"modified\":\"2025-05-15 19:44:40\",\"modified_by\":672,\"checked_out\":672,\"checked_out_time\":\"2025-05-15 19:44:35\",\"publish_up\":\"2025-05-15 19:44:35\",\"publish_down\":null,\"images\":\"{\\\"image_intro\\\":\\\"images\\\\\\/site\\\\\\/convocatoria\\\\\\/convocatoria1.jpg#joomlaImage:\\\\\\/\\\\\\/local-images\\\\\\/site\\\\\\/convocatoria\\\\\\/convocatoria1.jpg?width=900&height=987\\\",\\\"image_intro_alt\\\":\\\"\\\",\\\"float_intro\\\":\\\"\\\",\\\"image_intro_caption\\\":\\\"\\\",\\\"image_fulltext\\\":\\\"\\\",\\\"image_fulltext_alt\\\":\\\"\\\",\\\"float_fulltext\\\":\\\"\\\",\\\"image_fulltext_caption\\\":\\\"\\\"}\",\"urls\":\"{\\\"urla\\\":\\\"\\\",\\\"urlatext\\\":\\\"\\\",\\\"targeta\\\":\\\"\\\",\\\"urlb\\\":\\\"\\\",\\\"urlbtext\\\":\\\"\\\",\\\"targetb\\\":\\\"\\\",\\\"urlc\\\":\\\"\\\",\\\"urlctext\\\":\\\"\\\",\\\"targetc\\\":\\\"\\\"}\",\"attribs\":\"{\\\"article_layout\\\":\\\"\\\",\\\"show_title\\\":\\\"\\\",\\\"link_titles\\\":\\\"\\\",\\\"show_tags\\\":\\\"\\\",\\\"show_intro\\\":\\\"\\\",\\\"info_block_position\\\":\\\"\\\",\\\"info_block_show_title\\\":\\\"\\\",\\\"show_category\\\":\\\"\\\",\\\"link_category\\\":\\\"\\\",\\\"show_parent_category\\\":\\\"\\\",\\\"link_parent_category\\\":\\\"\\\",\\\"show_author\\\":\\\"\\\",\\\"link_author\\\":\\\"\\\",\\\"show_create_date\\\":\\\"\\\",\\\"show_modify_date\\\":\\\"\\\",\\\"show_publish_date\\\":\\\"\\\",\\\"show_item_navigation\\\":\\\"\\\",\\\"show_hits\\\":\\\"\\\",\\\"show_noauth\\\":\\\"\\\",\\\"urls_position\\\":\\\"\\\",\\\"alternative_readmore\\\":\\\"\\\",\\\"article_page_title\\\":\\\"\\\",\\\"show_publishing_options\\\":\\\"\\\",\\\"show_article_options\\\":\\\"\\\",\\\"show_urls_images_backend\\\":\\\"\\\",\\\"show_urls_images_frontend\\\":\\\"\\\"}\",\"version\":2,\"ordering\":0,\"metakey\":\"\",\"metadesc\":\"\",\"access\":1,\"hits\":0,\"metadata\":\"{\\\"robots\\\":\\\"\\\",\\\"author\\\":\\\"\\\",\\\"rights\\\":\\\"\\\"}\",\"featured\":\"0\",\"language\":\"*\",\"note\":\"\"}',0),
(23,'com_content.article.7','','2025-05-15 19:47:48',672,2020,'2ba7ca4691e248a49982fdd5cd13aeb49bfd8434','{\"id\":\"7\",\"asset_id\":122,\"title\":\"COMPONENTE: INSUMOS ESTRAT\\u00c9GICOS PARA LA PRODUCCI\\u00d3N.\",\"alias\":\"componente-insumos-estrategicos-para-la-produccion\",\"introtext\":\"25 DE MARZO AL 25 DE ABRIL DE 2025\",\"fulltext\":\"\",\"state\":\"1\",\"catid\":9,\"created\":\"2025-05-15 19:44:35\",\"created_by\":\"672\",\"created_by_alias\":\"\",\"modified\":\"2025-05-15 19:47:48\",\"modified_by\":672,\"checked_out\":672,\"checked_out_time\":\"2025-05-15 19:44:40\",\"publish_up\":\"2025-05-15 19:44:35\",\"publish_down\":null,\"images\":\"{\\\"image_intro\\\":\\\"images\\\\\\/site\\\\\\/convocatoria\\\\\\/convocatoria1.jpg#joomlaImage:\\\\\\/\\\\\\/local-images\\\\\\/site\\\\\\/convocatoria\\\\\\/convocatoria1.jpg?width=900&height=987\\\",\\\"image_intro_alt\\\":\\\"\\\",\\\"float_intro\\\":\\\"\\\",\\\"image_intro_caption\\\":\\\"\\\",\\\"image_fulltext\\\":\\\"images\\\\\\/site\\\\\\/convocatoria\\\\\\/convocatoria1.jpg#joomlaImage:\\\\\\/\\\\\\/local-images\\\\\\/site\\\\\\/convocatoria\\\\\\/convocatoria1.jpg?width=900&height=987\\\",\\\"image_fulltext_alt\\\":\\\"\\\",\\\"float_fulltext\\\":\\\"\\\",\\\"image_fulltext_caption\\\":\\\"\\\"}\",\"urls\":\"{\\\"urla\\\":\\\"\\\",\\\"urlatext\\\":\\\"\\\",\\\"targeta\\\":\\\"\\\",\\\"urlb\\\":\\\"\\\",\\\"urlbtext\\\":\\\"\\\",\\\"targetb\\\":\\\"\\\",\\\"urlc\\\":\\\"\\\",\\\"urlctext\\\":\\\"\\\",\\\"targetc\\\":\\\"\\\"}\",\"attribs\":\"{\\\"article_layout\\\":\\\"\\\",\\\"show_title\\\":\\\"\\\",\\\"link_titles\\\":\\\"\\\",\\\"show_tags\\\":\\\"\\\",\\\"show_intro\\\":\\\"\\\",\\\"info_block_position\\\":\\\"\\\",\\\"info_block_show_title\\\":\\\"\\\",\\\"show_category\\\":\\\"\\\",\\\"link_category\\\":\\\"\\\",\\\"show_parent_category\\\":\\\"\\\",\\\"link_parent_category\\\":\\\"\\\",\\\"show_author\\\":\\\"\\\",\\\"link_author\\\":\\\"\\\",\\\"show_create_date\\\":\\\"\\\",\\\"show_modify_date\\\":\\\"\\\",\\\"show_publish_date\\\":\\\"\\\",\\\"show_item_navigation\\\":\\\"\\\",\\\"show_hits\\\":\\\"\\\",\\\"show_noauth\\\":\\\"\\\",\\\"urls_position\\\":\\\"\\\",\\\"alternative_readmore\\\":\\\"\\\",\\\"article_page_title\\\":\\\"\\\",\\\"show_publishing_options\\\":\\\"\\\",\\\"show_article_options\\\":\\\"\\\",\\\"show_urls_images_backend\\\":\\\"\\\",\\\"show_urls_images_frontend\\\":\\\"\\\"}\",\"version\":3,\"ordering\":0,\"metakey\":\"\",\"metadesc\":\"\",\"access\":1,\"hits\":0,\"metadata\":\"{\\\"robots\\\":\\\"\\\",\\\"author\\\":\\\"\\\",\\\"rights\\\":\\\"\\\"}\",\"featured\":\"0\",\"language\":\"*\",\"note\":\"\"}',0),
(24,'com_content.article.7','','2025-05-15 21:41:17',672,1991,'a43999d22c5e75fe62c03f2765678d1c74dcb901','{\"id\":\"7\",\"asset_id\":122,\"title\":\"COMPONENTE: INSUMOS ESTRAT\\u00c9GICOS PARA LA PRODUCCI\\u00d3N.\",\"alias\":\"componente-insumos-estrategicos-para-la-produccion\",\"introtext\":\"25 DE MARZO AL 25 DE ABRIL DE 2025\",\"fulltext\":\"\",\"state\":\"1\",\"catid\":9,\"created\":\"2025-05-15 19:44:35\",\"created_by\":\"672\",\"created_by_alias\":\"\",\"modified\":\"2025-05-15 21:41:17\",\"modified_by\":672,\"checked_out\":672,\"checked_out_time\":\"2025-05-15 21:35:52\",\"publish_up\":\"2025-05-15 19:44:35\",\"publish_down\":null,\"images\":\"{\\\"image_intro\\\":\\\"images\\\\\\/site\\\\\\/convocatoria\\\\\\/convocatoria1.jpg#joomlaImage:\\\\\\/\\\\\\/local-images\\\\\\/site\\\\\\/convocatoria\\\\\\/convocatoria1.jpg?width=900&height=987\\\",\\\"image_intro_alt\\\":\\\"\\\",\\\"float_intro\\\":\\\"\\\",\\\"image_intro_caption\\\":\\\"\\\",\\\"image_fulltext\\\":\\\"\\\",\\\"image_fulltext_alt\\\":\\\"\\\",\\\"float_fulltext\\\":\\\"\\\",\\\"image_fulltext_caption\\\":\\\"\\\"}\",\"urls\":\"{\\\"urla\\\":\\\"\\\\\\/sdr\\\\\\/images\\\\\\/site\\\\\\/documentos\\\\\\/convocatorias\\\\\\/CONVOCATORIA_INSUMOS_ESTRATEGICOS_PARA_LA_PRODUCCION_2025.pdf\\\",\\\"urlatext\\\":\\\"\\\",\\\"targeta\\\":\\\"\\\",\\\"urlb\\\":\\\"\\\",\\\"urlbtext\\\":\\\"\\\",\\\"targetb\\\":\\\"\\\",\\\"urlc\\\":\\\"\\\",\\\"urlctext\\\":\\\"\\\",\\\"targetc\\\":\\\"\\\"}\",\"attribs\":\"{\\\"article_layout\\\":\\\"\\\",\\\"show_title\\\":\\\"\\\",\\\"link_titles\\\":\\\"\\\",\\\"show_tags\\\":\\\"\\\",\\\"show_intro\\\":\\\"\\\",\\\"info_block_position\\\":\\\"\\\",\\\"info_block_show_title\\\":\\\"\\\",\\\"show_category\\\":\\\"\\\",\\\"link_category\\\":\\\"\\\",\\\"show_parent_category\\\":\\\"\\\",\\\"link_parent_category\\\":\\\"\\\",\\\"show_author\\\":\\\"\\\",\\\"link_author\\\":\\\"\\\",\\\"show_create_date\\\":\\\"\\\",\\\"show_modify_date\\\":\\\"\\\",\\\"show_publish_date\\\":\\\"\\\",\\\"show_item_navigation\\\":\\\"\\\",\\\"show_hits\\\":\\\"\\\",\\\"show_noauth\\\":\\\"\\\",\\\"urls_position\\\":\\\"\\\",\\\"alternative_readmore\\\":\\\"\\\",\\\"article_page_title\\\":\\\"\\\",\\\"show_publishing_options\\\":\\\"\\\",\\\"show_article_options\\\":\\\"\\\",\\\"show_urls_images_backend\\\":\\\"\\\",\\\"show_urls_images_frontend\\\":\\\"\\\"}\",\"version\":6,\"ordering\":0,\"metakey\":\"\",\"metadesc\":\"\",\"access\":1,\"hits\":0,\"metadata\":\"{\\\"robots\\\":\\\"\\\",\\\"author\\\":\\\"\\\",\\\"rights\\\":\\\"\\\"}\",\"featured\":\"0\",\"language\":\"*\",\"note\":\"\"}',0),
(25,'com_content.article.8','','2025-05-15 21:45:39',672,1982,'f6162732c692fd4a5cfcd319595aeb2738dec768','{\"id\":8,\"asset_id\":123,\"title\":\"COMPONENTE: MODERNIZACI\\u00d3N Y EQUIPAMIENTO DEL CAMPO.\",\"alias\":\"componente-modernizacion-y-equipamiento-del-campo\",\"introtext\":\"DEL 25 DE MARZO DEL 2025 AL 25 DE ABRIL DE 2025\",\"fulltext\":\"\",\"state\":\"1\",\"catid\":9,\"created\":\"2025-05-15 21:45:39\",\"created_by\":672,\"created_by_alias\":\"\",\"modified\":\"2025-05-15 21:45:39\",\"modified_by\":672,\"checked_out\":null,\"checked_out_time\":null,\"publish_up\":\"2025-05-15 21:45:39\",\"publish_down\":null,\"images\":\"{\\\"image_intro\\\":\\\"images\\\\\\/site\\\\\\/convocatoria\\\\\\/convocatoria2.jpg#joomlaImage:\\\\\\/\\\\\\/local-images\\\\\\/site\\\\\\/convocatoria\\\\\\/convocatoria2.jpg?width=900&height=987\\\",\\\"image_intro_alt\\\":\\\"\\\",\\\"float_intro\\\":\\\"\\\",\\\"image_intro_caption\\\":\\\"\\\",\\\"image_fulltext\\\":\\\"\\\",\\\"image_fulltext_alt\\\":\\\"\\\",\\\"float_fulltext\\\":\\\"\\\",\\\"image_fulltext_caption\\\":\\\"\\\"}\",\"urls\":\"{\\\"urla\\\":\\\"\\\\\\/sdr\\\\\\/images\\\\\\/site\\\\\\/documentos\\\\\\/convocatorias\\\\\\/CONVOCATORIA_INSUMOS_ESTRATEGICOS_PARA_LA_PRODUCCION_2025.pdf\\\",\\\"urlatext\\\":\\\"\\\",\\\"targeta\\\":\\\"\\\",\\\"urlb\\\":\\\"\\\",\\\"urlbtext\\\":\\\"\\\",\\\"targetb\\\":\\\"\\\",\\\"urlc\\\":\\\"\\\",\\\"urlctext\\\":\\\"\\\",\\\"targetc\\\":\\\"\\\"}\",\"attribs\":\"{\\\"article_layout\\\":\\\"\\\",\\\"show_title\\\":\\\"\\\",\\\"link_titles\\\":\\\"\\\",\\\"show_tags\\\":\\\"\\\",\\\"show_intro\\\":\\\"\\\",\\\"info_block_position\\\":\\\"\\\",\\\"info_block_show_title\\\":\\\"\\\",\\\"show_category\\\":\\\"\\\",\\\"link_category\\\":\\\"\\\",\\\"show_parent_category\\\":\\\"\\\",\\\"link_parent_category\\\":\\\"\\\",\\\"show_author\\\":\\\"\\\",\\\"link_author\\\":\\\"\\\",\\\"show_create_date\\\":\\\"\\\",\\\"show_modify_date\\\":\\\"\\\",\\\"show_publish_date\\\":\\\"\\\",\\\"show_item_navigation\\\":\\\"\\\",\\\"show_hits\\\":\\\"\\\",\\\"show_noauth\\\":\\\"\\\",\\\"urls_position\\\":\\\"\\\",\\\"alternative_readmore\\\":\\\"\\\",\\\"article_page_title\\\":\\\"\\\",\\\"show_publishing_options\\\":\\\"\\\",\\\"show_article_options\\\":\\\"\\\",\\\"show_urls_images_backend\\\":\\\"\\\",\\\"show_urls_images_frontend\\\":\\\"\\\"}\",\"version\":\"1\",\"ordering\":null,\"metakey\":\"\",\"metadesc\":\"\",\"access\":1,\"hits\":0,\"metadata\":\"{\\\"robots\\\":\\\"\\\",\\\"author\\\":\\\"\\\",\\\"rights\\\":\\\"\\\"}\",\"featured\":\"0\",\"language\":\"*\",\"note\":\"\"}',0),
(26,'com_content.article.8','','2025-05-15 21:46:38',672,1996,'0ee0ec6e9a6f0ad92b453a24a120513f8789481a','{\"id\":\"8\",\"asset_id\":123,\"title\":\"COMPONENTE: MODERNIZACI\\u00d3N Y EQUIPAMIENTO DEL CAMPO.\",\"alias\":\"componente-modernizacion-y-equipamiento-del-campo\",\"introtext\":\"DEL 25 DE MARZO DEL 2025 AL 25 DE ABRIL DE 2025\",\"fulltext\":\"\",\"state\":\"1\",\"catid\":9,\"created\":\"2025-05-15 21:45:39\",\"created_by\":\"672\",\"created_by_alias\":\"\",\"modified\":\"2025-05-15 21:46:38\",\"modified_by\":672,\"checked_out\":672,\"checked_out_time\":\"2025-05-15 21:45:39\",\"publish_up\":\"2025-05-15 21:45:39\",\"publish_down\":null,\"images\":\"{\\\"image_intro\\\":\\\"images\\\\\\/site\\\\\\/convocatoria\\\\\\/convocatoria2.jpg#joomlaImage:\\\\\\/\\\\\\/local-images\\\\\\/site\\\\\\/convocatoria\\\\\\/convocatoria2.jpg?width=900&height=987\\\",\\\"image_intro_alt\\\":\\\"\\\",\\\"float_intro\\\":\\\"\\\",\\\"image_intro_caption\\\":\\\"\\\",\\\"image_fulltext\\\":\\\"\\\",\\\"image_fulltext_alt\\\":\\\"\\\",\\\"float_fulltext\\\":\\\"\\\",\\\"image_fulltext_caption\\\":\\\"\\\"}\",\"urls\":\"{\\\"urla\\\":\\\"\\\\\\/sdr\\\\\\/images\\\\\\/site\\\\\\/documentos\\\\\\/convocatorias\\\\\\/CONVOCATORIA_MODERNIZACION_Y_EQUIPAMIENTO_DEL_CAMPO_2025.pdf\\\",\\\"urlatext\\\":\\\"\\\",\\\"targeta\\\":\\\"\\\",\\\"urlb\\\":\\\"\\\",\\\"urlbtext\\\":\\\"\\\",\\\"targetb\\\":\\\"\\\",\\\"urlc\\\":\\\"\\\",\\\"urlctext\\\":\\\"\\\",\\\"targetc\\\":\\\"\\\"}\",\"attribs\":\"{\\\"article_layout\\\":\\\"\\\",\\\"show_title\\\":\\\"\\\",\\\"link_titles\\\":\\\"\\\",\\\"show_tags\\\":\\\"\\\",\\\"show_intro\\\":\\\"\\\",\\\"info_block_position\\\":\\\"\\\",\\\"info_block_show_title\\\":\\\"\\\",\\\"show_category\\\":\\\"\\\",\\\"link_category\\\":\\\"\\\",\\\"show_parent_category\\\":\\\"\\\",\\\"link_parent_category\\\":\\\"\\\",\\\"show_author\\\":\\\"\\\",\\\"link_author\\\":\\\"\\\",\\\"show_create_date\\\":\\\"\\\",\\\"show_modify_date\\\":\\\"\\\",\\\"show_publish_date\\\":\\\"\\\",\\\"show_item_navigation\\\":\\\"\\\",\\\"show_hits\\\":\\\"\\\",\\\"show_noauth\\\":\\\"\\\",\\\"urls_position\\\":\\\"\\\",\\\"alternative_readmore\\\":\\\"\\\",\\\"article_page_title\\\":\\\"\\\",\\\"show_publishing_options\\\":\\\"\\\",\\\"show_article_options\\\":\\\"\\\",\\\"show_urls_images_backend\\\":\\\"\\\",\\\"show_urls_images_frontend\\\":\\\"\\\"}\",\"version\":2,\"ordering\":0,\"metakey\":\"\",\"metadesc\":\"\",\"access\":1,\"hits\":0,\"metadata\":\"{\\\"robots\\\":\\\"\\\",\\\"author\\\":\\\"\\\",\\\"rights\\\":\\\"\\\"}\",\"featured\":\"0\",\"language\":\"*\",\"note\":\"\"}',0),
(27,'com_content.article.9','','2025-05-15 21:47:59',672,1930,'d1648b3300abb8d58d5de612e9ded1d459bb6595','{\"id\":9,\"asset_id\":124,\"title\":\"COMPONENTE: DESARROLLO DEL SECTOR PECUARIO Y ACU\\u00cdCOLA.\",\"alias\":\"componente-desarrollo-del-sector-pecuario-y-acuicola\",\"introtext\":\"DEL 25 DE MARZO DE 2025 AL 25 DE ABRIL DE 2025\",\"fulltext\":\"\",\"state\":\"1\",\"catid\":2,\"created\":\"2025-05-15 21:47:59\",\"created_by\":672,\"created_by_alias\":\"\",\"modified\":\"2025-05-15 21:47:59\",\"modified_by\":672,\"checked_out\":null,\"checked_out_time\":null,\"publish_up\":\"2025-05-15 21:47:59\",\"publish_down\":null,\"images\":\"{\\\"image_intro\\\":\\\"images\\\\\\/site\\\\\\/convocatoria\\\\\\/convocatoria3.jpg#joomlaImage:\\\\\\/\\\\\\/local-images\\\\\\/site\\\\\\/convocatoria\\\\\\/convocatoria3.jpg?width=900&height=987\\\",\\\"image_intro_alt\\\":\\\"\\\",\\\"float_intro\\\":\\\"\\\",\\\"image_intro_caption\\\":\\\"\\\",\\\"image_fulltext\\\":\\\"\\\",\\\"image_fulltext_alt\\\":\\\"\\\",\\\"float_fulltext\\\":\\\"\\\",\\\"image_fulltext_caption\\\":\\\"\\\"}\",\"urls\":\"{\\\"urla\\\":\\\"\\\\\\/sdr\\\\\\/CONVOCATORIA_DESARROLLO_SECTOR_PECUARIO_ACUICOLA_2025\\\",\\\"urlatext\\\":\\\"\\\",\\\"targeta\\\":\\\"\\\",\\\"urlb\\\":\\\"\\\",\\\"urlbtext\\\":\\\"\\\",\\\"targetb\\\":\\\"\\\",\\\"urlc\\\":\\\"\\\",\\\"urlctext\\\":\\\"\\\",\\\"targetc\\\":\\\"\\\"}\",\"attribs\":\"{\\\"article_layout\\\":\\\"\\\",\\\"show_title\\\":\\\"\\\",\\\"link_titles\\\":\\\"\\\",\\\"show_tags\\\":\\\"\\\",\\\"show_intro\\\":\\\"\\\",\\\"info_block_position\\\":\\\"\\\",\\\"info_block_show_title\\\":\\\"\\\",\\\"show_category\\\":\\\"\\\",\\\"link_category\\\":\\\"\\\",\\\"show_parent_category\\\":\\\"\\\",\\\"link_parent_category\\\":\\\"\\\",\\\"show_author\\\":\\\"\\\",\\\"link_author\\\":\\\"\\\",\\\"show_create_date\\\":\\\"\\\",\\\"show_modify_date\\\":\\\"\\\",\\\"show_publish_date\\\":\\\"\\\",\\\"show_item_navigation\\\":\\\"\\\",\\\"show_hits\\\":\\\"\\\",\\\"show_noauth\\\":\\\"\\\",\\\"urls_position\\\":\\\"\\\",\\\"alternative_readmore\\\":\\\"\\\",\\\"article_page_title\\\":\\\"\\\",\\\"show_publishing_options\\\":\\\"\\\",\\\"show_article_options\\\":\\\"\\\",\\\"show_urls_images_backend\\\":\\\"\\\",\\\"show_urls_images_frontend\\\":\\\"\\\"}\",\"version\":\"1\",\"ordering\":null,\"metakey\":\"\",\"metadesc\":\"\",\"access\":1,\"hits\":0,\"metadata\":\"{\\\"robots\\\":\\\"\\\",\\\"author\\\":\\\"\\\",\\\"rights\\\":\\\"\\\"}\",\"featured\":\"0\",\"language\":\"*\",\"note\":\"\"}',0),
(28,'com_content.article.9','','2025-05-15 21:48:25',672,1994,'e3e4ae3a120ce16e2b1d90da891d2f6bb8df1c5b','{\"id\":\"9\",\"asset_id\":124,\"title\":\"COMPONENTE: DESARROLLO DEL SECTOR PECUARIO Y ACU\\u00cdCOLA.\",\"alias\":\"componente-desarrollo-del-sector-pecuario-y-acuicola\",\"introtext\":\"DEL 25 DE MARZO DE 2025 AL 25 DE ABRIL DE 2025\",\"fulltext\":\"\",\"state\":\"1\",\"catid\":2,\"created\":\"2025-05-15 21:47:59\",\"created_by\":\"672\",\"created_by_alias\":\"\",\"modified\":\"2025-05-15 21:48:25\",\"modified_by\":672,\"checked_out\":672,\"checked_out_time\":\"2025-05-15 21:48:09\",\"publish_up\":\"2025-05-15 21:47:59\",\"publish_down\":null,\"images\":\"{\\\"image_intro\\\":\\\"images\\\\\\/site\\\\\\/convocatoria\\\\\\/convocatoria3.jpg#joomlaImage:\\\\\\/\\\\\\/local-images\\\\\\/site\\\\\\/convocatoria\\\\\\/convocatoria3.jpg?width=900&height=987\\\",\\\"image_intro_alt\\\":\\\"\\\",\\\"float_intro\\\":\\\"\\\",\\\"image_intro_caption\\\":\\\"\\\",\\\"image_fulltext\\\":\\\"\\\",\\\"image_fulltext_alt\\\":\\\"\\\",\\\"float_fulltext\\\":\\\"\\\",\\\"image_fulltext_caption\\\":\\\"\\\"}\",\"urls\":\"{\\\"urla\\\":\\\"\\\\\\/sdr\\\\\\/images\\\\\\/site\\\\\\/documentos\\\\\\/convocatorias\\\\\\/CONVOCATORIA_DESARROLLO_SECTOR_PECUARIO_ACUICOLA_2025\\\",\\\"urlatext\\\":\\\"\\\",\\\"targeta\\\":\\\"\\\",\\\"urlb\\\":\\\"\\\",\\\"urlbtext\\\":\\\"\\\",\\\"targetb\\\":\\\"\\\",\\\"urlc\\\":\\\"\\\",\\\"urlctext\\\":\\\"\\\",\\\"targetc\\\":\\\"\\\"}\",\"attribs\":\"{\\\"article_layout\\\":\\\"\\\",\\\"show_title\\\":\\\"\\\",\\\"link_titles\\\":\\\"\\\",\\\"show_tags\\\":\\\"\\\",\\\"show_intro\\\":\\\"\\\",\\\"info_block_position\\\":\\\"\\\",\\\"info_block_show_title\\\":\\\"\\\",\\\"show_category\\\":\\\"\\\",\\\"link_category\\\":\\\"\\\",\\\"show_parent_category\\\":\\\"\\\",\\\"link_parent_category\\\":\\\"\\\",\\\"show_author\\\":\\\"\\\",\\\"link_author\\\":\\\"\\\",\\\"show_create_date\\\":\\\"\\\",\\\"show_modify_date\\\":\\\"\\\",\\\"show_publish_date\\\":\\\"\\\",\\\"show_item_navigation\\\":\\\"\\\",\\\"show_hits\\\":\\\"\\\",\\\"show_noauth\\\":\\\"\\\",\\\"urls_position\\\":\\\"\\\",\\\"alternative_readmore\\\":\\\"\\\",\\\"article_page_title\\\":\\\"\\\",\\\"show_publishing_options\\\":\\\"\\\",\\\"show_article_options\\\":\\\"\\\",\\\"show_urls_images_backend\\\":\\\"\\\",\\\"show_urls_images_frontend\\\":\\\"\\\"}\",\"version\":2,\"ordering\":0,\"metakey\":\"\",\"metadesc\":\"\",\"access\":1,\"hits\":0,\"metadata\":\"{\\\"robots\\\":\\\"\\\",\\\"author\\\":\\\"\\\",\\\"rights\\\":\\\"\\\"}\",\"featured\":\"0\",\"language\":\"*\",\"note\":\"\"}',0),
(29,'com_content.article.9','','2025-05-15 21:48:40',672,1994,'7e6304a637475e5054d4cbf03f8b59fb1dcfc91b','{\"id\":\"9\",\"asset_id\":124,\"title\":\"COMPONENTE: DESARROLLO DEL SECTOR PECUARIO Y ACU\\u00cdCOLA.\",\"alias\":\"componente-desarrollo-del-sector-pecuario-y-acuicola\",\"introtext\":\"DEL 25 DE MARZO DE 2025 AL 25 DE ABRIL DE 2025\",\"fulltext\":\"\",\"state\":\"1\",\"catid\":9,\"created\":\"2025-05-15 21:47:59\",\"created_by\":\"672\",\"created_by_alias\":\"\",\"modified\":\"2025-05-15 21:48:40\",\"modified_by\":672,\"checked_out\":672,\"checked_out_time\":\"2025-05-15 21:48:35\",\"publish_up\":\"2025-05-15 21:47:59\",\"publish_down\":null,\"images\":\"{\\\"image_intro\\\":\\\"images\\\\\\/site\\\\\\/convocatoria\\\\\\/convocatoria3.jpg#joomlaImage:\\\\\\/\\\\\\/local-images\\\\\\/site\\\\\\/convocatoria\\\\\\/convocatoria3.jpg?width=900&height=987\\\",\\\"image_intro_alt\\\":\\\"\\\",\\\"float_intro\\\":\\\"\\\",\\\"image_intro_caption\\\":\\\"\\\",\\\"image_fulltext\\\":\\\"\\\",\\\"image_fulltext_alt\\\":\\\"\\\",\\\"float_fulltext\\\":\\\"\\\",\\\"image_fulltext_caption\\\":\\\"\\\"}\",\"urls\":\"{\\\"urla\\\":\\\"\\\\\\/sdr\\\\\\/images\\\\\\/site\\\\\\/documentos\\\\\\/convocatorias\\\\\\/CONVOCATORIA_DESARROLLO_SECTOR_PECUARIO_ACUICOLA_2025\\\",\\\"urlatext\\\":\\\"\\\",\\\"targeta\\\":\\\"\\\",\\\"urlb\\\":\\\"\\\",\\\"urlbtext\\\":\\\"\\\",\\\"targetb\\\":\\\"\\\",\\\"urlc\\\":\\\"\\\",\\\"urlctext\\\":\\\"\\\",\\\"targetc\\\":\\\"\\\"}\",\"attribs\":\"{\\\"article_layout\\\":\\\"\\\",\\\"show_title\\\":\\\"\\\",\\\"link_titles\\\":\\\"\\\",\\\"show_tags\\\":\\\"\\\",\\\"show_intro\\\":\\\"\\\",\\\"info_block_position\\\":\\\"\\\",\\\"info_block_show_title\\\":\\\"\\\",\\\"show_category\\\":\\\"\\\",\\\"link_category\\\":\\\"\\\",\\\"show_parent_category\\\":\\\"\\\",\\\"link_parent_category\\\":\\\"\\\",\\\"show_author\\\":\\\"\\\",\\\"link_author\\\":\\\"\\\",\\\"show_create_date\\\":\\\"\\\",\\\"show_modify_date\\\":\\\"\\\",\\\"show_publish_date\\\":\\\"\\\",\\\"show_item_navigation\\\":\\\"\\\",\\\"show_hits\\\":\\\"\\\",\\\"show_noauth\\\":\\\"\\\",\\\"urls_position\\\":\\\"\\\",\\\"alternative_readmore\\\":\\\"\\\",\\\"article_page_title\\\":\\\"\\\",\\\"show_publishing_options\\\":\\\"\\\",\\\"show_article_options\\\":\\\"\\\",\\\"show_urls_images_backend\\\":\\\"\\\",\\\"show_urls_images_frontend\\\":\\\"\\\"}\",\"version\":3,\"ordering\":0,\"metakey\":\"\",\"metadesc\":\"\",\"access\":1,\"hits\":0,\"metadata\":\"{\\\"robots\\\":\\\"\\\",\\\"author\\\":\\\"\\\",\\\"rights\\\":\\\"\\\"}\",\"featured\":\"0\",\"language\":\"*\",\"note\":\"\"}',0),
(30,'com_content.article.9','','2025-05-15 21:49:32',672,1998,'f2e23e19f2fe1a191fe1d9cb20f1a821b50da2ca','{\"id\":\"9\",\"asset_id\":124,\"title\":\"COMPONENTE: DESARROLLO DEL SECTOR PECUARIO Y ACU\\u00cdCOLA.\",\"alias\":\"componente-desarrollo-del-sector-pecuario-y-acuicola\",\"introtext\":\"DEL 25 DE MARZO DE 2025 AL 25 DE ABRIL DE 2025\",\"fulltext\":\"\",\"state\":\"1\",\"catid\":9,\"created\":\"2025-05-15 21:47:59\",\"created_by\":\"672\",\"created_by_alias\":\"\",\"modified\":\"2025-05-15 21:49:32\",\"modified_by\":672,\"checked_out\":672,\"checked_out_time\":\"2025-05-15 21:48:40\",\"publish_up\":\"2025-05-15 21:47:59\",\"publish_down\":null,\"images\":\"{\\\"image_intro\\\":\\\"images\\\\\\/site\\\\\\/convocatoria\\\\\\/convocatoria3.jpg#joomlaImage:\\\\\\/\\\\\\/local-images\\\\\\/site\\\\\\/convocatoria\\\\\\/convocatoria3.jpg?width=900&height=987\\\",\\\"image_intro_alt\\\":\\\"\\\",\\\"float_intro\\\":\\\"\\\",\\\"image_intro_caption\\\":\\\"\\\",\\\"image_fulltext\\\":\\\"\\\",\\\"image_fulltext_alt\\\":\\\"\\\",\\\"float_fulltext\\\":\\\"\\\",\\\"image_fulltext_caption\\\":\\\"\\\"}\",\"urls\":\"{\\\"urla\\\":\\\"\\\\\\/sdr\\\\\\/images\\\\\\/site\\\\\\/documentos\\\\\\/convocatorias\\\\\\/CONVOCATORIA_DESARROLLO_SECTOR_PECUARIO_ACUICOLA_2025.pdf\\\",\\\"urlatext\\\":\\\"\\\",\\\"targeta\\\":\\\"\\\",\\\"urlb\\\":\\\"\\\",\\\"urlbtext\\\":\\\"\\\",\\\"targetb\\\":\\\"\\\",\\\"urlc\\\":\\\"\\\",\\\"urlctext\\\":\\\"\\\",\\\"targetc\\\":\\\"\\\"}\",\"attribs\":\"{\\\"article_layout\\\":\\\"\\\",\\\"show_title\\\":\\\"\\\",\\\"link_titles\\\":\\\"\\\",\\\"show_tags\\\":\\\"\\\",\\\"show_intro\\\":\\\"\\\",\\\"info_block_position\\\":\\\"\\\",\\\"info_block_show_title\\\":\\\"\\\",\\\"show_category\\\":\\\"\\\",\\\"link_category\\\":\\\"\\\",\\\"show_parent_category\\\":\\\"\\\",\\\"link_parent_category\\\":\\\"\\\",\\\"show_author\\\":\\\"\\\",\\\"link_author\\\":\\\"\\\",\\\"show_create_date\\\":\\\"\\\",\\\"show_modify_date\\\":\\\"\\\",\\\"show_publish_date\\\":\\\"\\\",\\\"show_item_navigation\\\":\\\"\\\",\\\"show_hits\\\":\\\"\\\",\\\"show_noauth\\\":\\\"\\\",\\\"urls_position\\\":\\\"\\\",\\\"alternative_readmore\\\":\\\"\\\",\\\"article_page_title\\\":\\\"\\\",\\\"show_publishing_options\\\":\\\"\\\",\\\"show_article_options\\\":\\\"\\\",\\\"show_urls_images_backend\\\":\\\"\\\",\\\"show_urls_images_frontend\\\":\\\"\\\"}\",\"version\":4,\"ordering\":0,\"metakey\":\"\",\"metadesc\":\"\",\"access\":1,\"hits\":0,\"metadata\":\"{\\\"robots\\\":\\\"\\\",\\\"author\\\":\\\"\\\",\\\"rights\\\":\\\"\\\"}\",\"featured\":\"0\",\"language\":\"*\",\"note\":\"\"}',0),
(31,'com_content.article.10','','2025-05-15 22:07:14',672,1803,'fea5757d0485c340c5789657c5d947eb1bfc6fba','{\"id\":10,\"asset_id\":126,\"title\":\"Resultados\",\"alias\":\"resultados\",\"introtext\":\"<a href=\\\"images\\/site\\/documentos\\/resultados\\/3._LISTADO_DE_NEGATIVOS._IMPULSO_COMERCIAL_DE_LOS_MAICES_NATIVOS_2024.pdf\\\">\\r\\n  COMPONENTE III. IMPULSO COMERCIAL DE LOS MAICES NATIVOS 2024. SOLICITUDES NEGATIVAS.\\r\\n<\\/a>\",\"fulltext\":\"\",\"state\":\"1\",\"catid\":2,\"created\":\"2025-05-15 22:07:14\",\"created_by\":672,\"created_by_alias\":\"\",\"modified\":\"2025-05-15 22:07:14\",\"modified_by\":672,\"checked_out\":null,\"checked_out_time\":null,\"publish_up\":\"2025-05-15 22:07:14\",\"publish_down\":null,\"images\":\"{\\\"image_intro\\\":\\\"\\\",\\\"image_intro_alt\\\":\\\"\\\",\\\"float_intro\\\":\\\"\\\",\\\"image_intro_caption\\\":\\\"\\\",\\\"image_fulltext\\\":\\\"\\\",\\\"image_fulltext_alt\\\":\\\"\\\",\\\"float_fulltext\\\":\\\"\\\",\\\"image_fulltext_caption\\\":\\\"\\\"}\",\"urls\":\"{\\\"urla\\\":\\\"\\\",\\\"urlatext\\\":\\\"\\\",\\\"targeta\\\":\\\"\\\",\\\"urlb\\\":\\\"\\\",\\\"urlbtext\\\":\\\"\\\",\\\"targetb\\\":\\\"\\\",\\\"urlc\\\":\\\"\\\",\\\"urlctext\\\":\\\"\\\",\\\"targetc\\\":\\\"\\\"}\",\"attribs\":\"{\\\"article_layout\\\":\\\"\\\",\\\"show_title\\\":\\\"\\\",\\\"link_titles\\\":\\\"\\\",\\\"show_tags\\\":\\\"\\\",\\\"show_intro\\\":\\\"\\\",\\\"info_block_position\\\":\\\"\\\",\\\"info_block_show_title\\\":\\\"\\\",\\\"show_category\\\":\\\"\\\",\\\"link_category\\\":\\\"\\\",\\\"show_parent_category\\\":\\\"\\\",\\\"link_parent_category\\\":\\\"\\\",\\\"show_author\\\":\\\"\\\",\\\"link_author\\\":\\\"\\\",\\\"show_create_date\\\":\\\"\\\",\\\"show_modify_date\\\":\\\"\\\",\\\"show_publish_date\\\":\\\"\\\",\\\"show_item_navigation\\\":\\\"\\\",\\\"show_hits\\\":\\\"\\\",\\\"show_noauth\\\":\\\"\\\",\\\"urls_position\\\":\\\"\\\",\\\"alternative_readmore\\\":\\\"\\\",\\\"article_page_title\\\":\\\"\\\",\\\"show_publishing_options\\\":\\\"\\\",\\\"show_article_options\\\":\\\"\\\",\\\"show_urls_images_backend\\\":\\\"\\\",\\\"show_urls_images_frontend\\\":\\\"\\\"}\",\"version\":\"1\",\"ordering\":null,\"metakey\":\"\",\"metadesc\":\"\",\"access\":1,\"hits\":0,\"metadata\":\"{\\\"robots\\\":\\\"\\\",\\\"author\\\":\\\"\\\",\\\"rights\\\":\\\"\\\"}\",\"featured\":\"0\",\"language\":\"*\",\"note\":\"\"}',0),
(32,'com_content.article.10','','2025-05-15 22:27:55',672,1932,'99bcd6651d008c4a068d3581ce6dc95e952574e4','{\"id\":\"10\",\"asset_id\":126,\"title\":\"Resultados\",\"alias\":\"resultados\",\"introtext\":\"<div class=\\\"uk-container uk-margin\\\">\\r\\n<ul class=\\\"uk-list uk-list-disc\\\">\\r\\n  <li><a href=\\\"images\\/site\\/documentos\\/resultados\\/3._LISTADO_DE_NEGATIVOS._IMPULSO_COMERCIAL_DE_LOS_MAICES_NATIVOS_2024.pdf\\\">\\r\\nCOMPONENTE III. IMPULSO COMERCIAL DE LOS MAICES NATIVOS 2024. SOLICITUDES NEGATIVAS.\\r\\n  <\\/a><\\/li>\\r\\n<\\/ul>\\r\\n<\\/div>\",\"fulltext\":\"\",\"state\":\"1\",\"catid\":2,\"created\":\"2025-05-15 22:07:14\",\"created_by\":\"672\",\"created_by_alias\":\"\",\"modified\":\"2025-05-15 22:27:55\",\"modified_by\":672,\"checked_out\":672,\"checked_out_time\":\"2025-05-15 22:27:22\",\"publish_up\":\"2025-05-15 22:07:14\",\"publish_down\":null,\"images\":\"{\\\"image_intro\\\":\\\"\\\",\\\"image_intro_alt\\\":\\\"\\\",\\\"float_intro\\\":\\\"\\\",\\\"image_intro_caption\\\":\\\"\\\",\\\"image_fulltext\\\":\\\"\\\",\\\"image_fulltext_alt\\\":\\\"\\\",\\\"float_fulltext\\\":\\\"\\\",\\\"image_fulltext_caption\\\":\\\"\\\"}\",\"urls\":\"{\\\"urla\\\":\\\"\\\",\\\"urlatext\\\":\\\"\\\",\\\"targeta\\\":\\\"\\\",\\\"urlb\\\":\\\"\\\",\\\"urlbtext\\\":\\\"\\\",\\\"targetb\\\":\\\"\\\",\\\"urlc\\\":\\\"\\\",\\\"urlctext\\\":\\\"\\\",\\\"targetc\\\":\\\"\\\"}\",\"attribs\":\"{\\\"article_layout\\\":\\\"\\\",\\\"show_title\\\":\\\"\\\",\\\"link_titles\\\":\\\"\\\",\\\"show_tags\\\":\\\"\\\",\\\"show_intro\\\":\\\"\\\",\\\"info_block_position\\\":\\\"\\\",\\\"info_block_show_title\\\":\\\"\\\",\\\"show_category\\\":\\\"\\\",\\\"link_category\\\":\\\"\\\",\\\"show_parent_category\\\":\\\"\\\",\\\"link_parent_category\\\":\\\"\\\",\\\"show_author\\\":\\\"\\\",\\\"link_author\\\":\\\"\\\",\\\"show_create_date\\\":\\\"\\\",\\\"show_modify_date\\\":\\\"\\\",\\\"show_publish_date\\\":\\\"\\\",\\\"show_item_navigation\\\":\\\"\\\",\\\"show_hits\\\":\\\"\\\",\\\"show_noauth\\\":\\\"\\\",\\\"urls_position\\\":\\\"\\\",\\\"alternative_readmore\\\":\\\"\\\",\\\"article_page_title\\\":\\\"\\\",\\\"show_publishing_options\\\":\\\"\\\",\\\"show_article_options\\\":\\\"\\\",\\\"show_urls_images_backend\\\":\\\"\\\",\\\"show_urls_images_frontend\\\":\\\"\\\"}\",\"version\":2,\"ordering\":0,\"metakey\":\"\",\"metadesc\":\"\",\"access\":1,\"hits\":2,\"metadata\":\"{\\\"robots\\\":\\\"\\\",\\\"author\\\":\\\"\\\",\\\"rights\\\":\\\"\\\"}\",\"featured\":\"0\",\"language\":\"*\",\"note\":\"\"}',0),
(33,'com_content.category.10','','2025-05-15 22:47:43',672,584,'0e6eead4b4b5dc17772f41c92f8283e9115e75ef','{\"id\":10,\"asset_id\":128,\"parent_id\":1,\"lft\":15,\"rgt\":16,\"level\":1,\"path\":null,\"extension\":\"com_content\",\"title\":\"MunicipiosAgrotur\\u00edsticos\",\"alias\":\"municipiosagroturisticos\",\"note\":\"\",\"description\":\"\",\"published\":\"1\",\"checked_out\":null,\"checked_out_time\":null,\"access\":1,\"params\":\"{\\\"category_layout\\\":\\\"\\\",\\\"image\\\":\\\"\\\",\\\"image_alt\\\":\\\"\\\"}\",\"metadesc\":\"\",\"metakey\":\"\",\"metadata\":\"{\\\"author\\\":\\\"\\\",\\\"robots\\\":\\\"\\\"}\",\"created_user_id\":672,\"created_time\":\"2025-05-15 22:47:43\",\"modified_user_id\":672,\"modified_time\":\"2025-05-15 22:47:43\",\"hits\":null,\"language\":\"*\",\"version\":null}',0),
(35,'com_content.article.12','','2025-05-15 22:50:59',672,2839,'12b3740bfbe52d5f0a6904c2d7611ed835c8c131','{\"id\":12,\"asset_id\":130,\"title\":\"Ruta del Caf\\u00e9\",\"alias\":\"ruta-del-cafe\",\"introtext\":\"<iframe src=\\\"https:\\/\\/www.google.com\\/maps\\/d\\/embed?mid=1jFumofbo_mookCgKt4BjHY_SiPtv-E5r\\\" width=\\\"100%\\\" height=\\\"320\\\"><\\/iframe>\\r\\n<h3>Municipios<\\/h3>\\r\\n<ul>\\r\\n  <li>Zacatl\\u00e1n<\\/li>\\r\\n  <li>Xicotepec<\\/li>\\r\\n<\\/ul>\\r\\n<h3>Atractivos Naturales, Arqueol\\u00f3gicos,  Arquitect\\u00f3nicos, Culturales<\\/h3>\\r\\n<ul>\\r\\n  <li>Zacatl\\u00e1n: Cascada de Quetzalapa, planta hidroel\\u00e9ctrica, valle de Piedras Encimadas.<\\/li>\\r\\n  <li>Xicotepec: Cueva azul, cascadas , virgen monumental ,La Xochipila.<\\/li>\\r\\n<\\/ul>\\r\\n<h3>Puntos Agrotur\\u00edsticos<\\/h3>\\r\\n<ul>\\r\\n  <li>Zacatl\\u00e1n: F\\u00e1brica de pan artesanal Pimentel, tirolesa, puente colgante.<\\/li>\\r\\n  <li>Xicotepec: Orquideario, finca cafetalera, recorrido a caballo, senderismo, restaurante de platillos t\\u00edpicos.<\\/li>\\r\\n<\\/ul>\\r\\n<h3>Establecimientos de hospedaje registrados seg\\u00fan tipo de alojamiento (Hoteles, Moteles, Caba\\u00f1as, Etc.)<\\/h3>\\r\\n<ul>\\r\\n  <li>Zacatl\\u00e1n: 75<\\/li>\\r\\n  <li>Xicotepec: 19<\\/li>\\r\\n<\\/ul>\\r\\n<h3>Establecimientos de servicio de alimentos y de bebidas con categor\\u00eda tur\\u00edstica (Restaurantes, Cafeter\\u00edas, Bares, Etc.)<\\/h3>\\r\\n<ul>\\r\\n  <li>Zacatl\\u00e1n: 123<\\/li>\\r\\n  <li>Xicotepec: 196<\\/li>\\r\\n<\\/ul>\",\"fulltext\":\"\",\"state\":\"1\",\"catid\":10,\"created\":\"2025-05-15 22:50:59\",\"created_by\":672,\"created_by_alias\":\"\",\"modified\":\"2025-05-15 22:50:59\",\"modified_by\":672,\"checked_out\":null,\"checked_out_time\":null,\"publish_up\":\"2025-05-15 22:50:59\",\"publish_down\":null,\"images\":\"{\\\"image_intro\\\":\\\"\\\",\\\"image_intro_alt\\\":\\\"\\\",\\\"float_intro\\\":\\\"\\\",\\\"image_intro_caption\\\":\\\"\\\",\\\"image_fulltext\\\":\\\"\\\",\\\"image_fulltext_alt\\\":\\\"\\\",\\\"float_fulltext\\\":\\\"\\\",\\\"image_fulltext_caption\\\":\\\"\\\"}\",\"urls\":\"{\\\"urla\\\":\\\"\\\",\\\"urlatext\\\":\\\"\\\",\\\"targeta\\\":\\\"\\\",\\\"urlb\\\":\\\"\\\",\\\"urlbtext\\\":\\\"\\\",\\\"targetb\\\":\\\"\\\",\\\"urlc\\\":\\\"\\\",\\\"urlctext\\\":\\\"\\\",\\\"targetc\\\":\\\"\\\"}\",\"attribs\":\"{\\\"article_layout\\\":\\\"\\\",\\\"show_title\\\":\\\"\\\",\\\"link_titles\\\":\\\"\\\",\\\"show_tags\\\":\\\"\\\",\\\"show_intro\\\":\\\"\\\",\\\"info_block_position\\\":\\\"\\\",\\\"info_block_show_title\\\":\\\"\\\",\\\"show_category\\\":\\\"\\\",\\\"link_category\\\":\\\"\\\",\\\"show_parent_category\\\":\\\"\\\",\\\"link_parent_category\\\":\\\"\\\",\\\"show_author\\\":\\\"\\\",\\\"link_author\\\":\\\"\\\",\\\"show_create_date\\\":\\\"\\\",\\\"show_modify_date\\\":\\\"\\\",\\\"show_publish_date\\\":\\\"\\\",\\\"show_item_navigation\\\":\\\"\\\",\\\"show_hits\\\":\\\"\\\",\\\"show_noauth\\\":\\\"\\\",\\\"urls_position\\\":\\\"\\\",\\\"alternative_readmore\\\":\\\"\\\",\\\"article_page_title\\\":\\\"\\\",\\\"show_publishing_options\\\":\\\"\\\",\\\"show_article_options\\\":\\\"\\\",\\\"show_urls_images_backend\\\":\\\"\\\",\\\"show_urls_images_frontend\\\":\\\"\\\"}\",\"version\":\"1\",\"ordering\":null,\"metakey\":\"\",\"metadesc\":\"\",\"access\":1,\"hits\":0,\"metadata\":\"{\\\"robots\\\":\\\"\\\",\\\"author\\\":\\\"\\\",\\\"rights\\\":\\\"\\\"}\",\"featured\":\"0\",\"language\":\"*\",\"note\":\"\"}',0),
(36,'com_content.article.13','','2025-05-15 22:52:55',672,2873,'753e1c34c8d10ed692230aacc2661e205193fc87','{\"id\":13,\"asset_id\":131,\"title\":\"Ruta de la Manzana\",\"alias\":\"ruta-de-la-manzana\",\"introtext\":\"<iframe src=\\\"https:\\/\\/www.google.com\\/maps\\/d\\/embed?mid=16tP3GzG5Ha-egoftaofAkS7Pv1__iWGB\\\" width=\\\"100%\\\" height=\\\"320\\\"><\\/iframe>\\r\\n<h3>Municipios<\\/h3>\\r\\n<ul>\\r\\n  <li>Zacatl\\u00e1n<\\/li>\\r\\n  <li>Zapotitl\\u00e1n de M\\u00e9ndez<\\/li>\\r\\n<\\/ul>\\r\\n\\r\\n<h3>Atractivos Naturales, Arqueol\\u00f3gicos,  Arquitect\\u00f3nicos, Culturales<\\/h3>\\r\\n<ul>\\r\\n  <li>Zacatl\\u00e1n: Cascada de Quetzalapa, planta hidroel\\u00e9ctrica, valle de Piedras Encimadas, centro hist\\u00f3rico.<\\/li>\\r\\n  <li>Zapotitl\\u00e1n de M\\u00e9ndez: Grutas Karmidas<\\/li>\\r\\n<\\/ul>\\r\\n\\r\\n<h3>Puntos Agrotur\\u00edsticos<\\/h3>\\r\\n<ul>\\r\\n  <li>Zacatl\\u00e1n: F\\u00e1brica de vinos La Primavera, plantaciones de manzana.<\\/li>\\r\\n  <li>Zapotitl\\u00e1n de M\\u00e9ndez: F\\u00e1brica de dulces artesanales.<\\/li>\\r\\n<\\/ul>\\r\\n\\r\\n<h3>Establecimientos de hospedaje registrados seg\\u00fan tipo de alojamiento (Hoteles, Moteles, Caba\\u00f1as, Etc.)<\\/h3>\\r\\n<ul>\\r\\n  <li>Zacatl\\u00e1n: 75<\\/li>\\r\\n  <li>Zapotitl\\u00e1n de M\\u00e9ndez: 2<\\/li>\\r\\n<\\/ul>\\r\\n\\r\\n<h3>Establecimientos de servicio de alimentos y de bebidas con categor\\u00eda tur\\u00edstica (Restaurantes, Cafeter\\u00edas, Bares, Etc.)<\\/h3>\\r\\n<ul>\\r\\n  <li>Zacatl\\u00e1n: 123<\\/li>\\r\\n  <li>Zapotitl\\u00e1n de M\\u00e9ndez: 14<\\/li>\\r\\n<\\/ul>\",\"fulltext\":\"\",\"state\":\"1\",\"catid\":10,\"created\":\"2025-05-15 22:52:55\",\"created_by\":672,\"created_by_alias\":\"\",\"modified\":\"2025-05-15 22:52:55\",\"modified_by\":672,\"checked_out\":null,\"checked_out_time\":null,\"publish_up\":\"2025-05-15 22:52:55\",\"publish_down\":null,\"images\":\"{\\\"image_intro\\\":\\\"\\\",\\\"image_intro_alt\\\":\\\"\\\",\\\"float_intro\\\":\\\"\\\",\\\"image_intro_caption\\\":\\\"\\\",\\\"image_fulltext\\\":\\\"\\\",\\\"image_fulltext_alt\\\":\\\"\\\",\\\"float_fulltext\\\":\\\"\\\",\\\"image_fulltext_caption\\\":\\\"\\\"}\",\"urls\":\"{\\\"urla\\\":\\\"\\\",\\\"urlatext\\\":\\\"\\\",\\\"targeta\\\":\\\"\\\",\\\"urlb\\\":\\\"\\\",\\\"urlbtext\\\":\\\"\\\",\\\"targetb\\\":\\\"\\\",\\\"urlc\\\":\\\"\\\",\\\"urlctext\\\":\\\"\\\",\\\"targetc\\\":\\\"\\\"}\",\"attribs\":\"{\\\"article_layout\\\":\\\"\\\",\\\"show_title\\\":\\\"\\\",\\\"link_titles\\\":\\\"\\\",\\\"show_tags\\\":\\\"\\\",\\\"show_intro\\\":\\\"\\\",\\\"info_block_position\\\":\\\"\\\",\\\"info_block_show_title\\\":\\\"\\\",\\\"show_category\\\":\\\"\\\",\\\"link_category\\\":\\\"\\\",\\\"show_parent_category\\\":\\\"\\\",\\\"link_parent_category\\\":\\\"\\\",\\\"show_author\\\":\\\"\\\",\\\"link_author\\\":\\\"\\\",\\\"show_create_date\\\":\\\"\\\",\\\"show_modify_date\\\":\\\"\\\",\\\"show_publish_date\\\":\\\"\\\",\\\"show_item_navigation\\\":\\\"\\\",\\\"show_hits\\\":\\\"\\\",\\\"show_noauth\\\":\\\"\\\",\\\"urls_position\\\":\\\"\\\",\\\"alternative_readmore\\\":\\\"\\\",\\\"article_page_title\\\":\\\"\\\",\\\"show_publishing_options\\\":\\\"\\\",\\\"show_article_options\\\":\\\"\\\",\\\"show_urls_images_backend\\\":\\\"\\\",\\\"show_urls_images_frontend\\\":\\\"\\\"}\",\"version\":\"1\",\"ordering\":null,\"metakey\":\"\",\"metadesc\":\"\",\"access\":1,\"hits\":0,\"metadata\":\"{\\\"robots\\\":\\\"\\\",\\\"author\\\":\\\"\\\",\\\"rights\\\":\\\"\\\"}\",\"featured\":\"0\",\"language\":\"*\",\"note\":\"\"}',0),
(38,'com_content.article.6','','2025-05-17 00:09:03',672,1810,'868419d4762949b141aabeaaeaf56d642b9105c4','{\"id\":\"6\",\"asset_id\":114,\"title\":\"Slider Ingresos Y Egresos \",\"alias\":\"slider-ingresos-y-egresos\",\"introtext\":\"\",\"fulltext\":\"\",\"state\":\"1\",\"catid\":8,\"created\":\"2025-05-06 18:28:53\",\"created_by\":\"672\",\"created_by_alias\":\"\",\"modified\":\"2025-05-17 00:09:03\",\"modified_by\":672,\"checked_out\":672,\"checked_out_time\":\"2025-05-17 00:08:49\",\"publish_up\":\"2025-05-06 18:28:53\",\"publish_down\":null,\"images\":\"{\\\"image_intro\\\":\\\"images\\\\\\/site\\\\\\/slider\\\\\\/sliderrs.jpg#joomlaImage:\\\\\\/\\\\\\/local-images\\\\\\/site\\\\\\/slider\\\\\\/sliderrs.jpg?width=300&height=171\\\",\\\"image_intro_alt\\\":\\\"\\\",\\\"float_intro\\\":\\\"\\\",\\\"image_intro_caption\\\":\\\"\\\",\\\"image_fulltext\\\":\\\"\\\",\\\"image_fulltext_alt\\\":\\\"\\\",\\\"float_fulltext\\\":\\\"\\\",\\\"image_fulltext_caption\\\":\\\"\\\"}\",\"urls\":\"{\\\"urla\\\":\\\"https:\\\\\\/\\\\\\/paqueteeconomico.puebla.gob.mx\\\\\\/2025\\\\\\/\\\",\\\"urlatext\\\":\\\"\\\",\\\"targeta\\\":\\\"1\\\",\\\"urlb\\\":\\\"\\\",\\\"urlbtext\\\":\\\"\\\",\\\"targetb\\\":\\\"\\\",\\\"urlc\\\":\\\"\\\",\\\"urlctext\\\":\\\"\\\",\\\"targetc\\\":\\\"\\\"}\",\"attribs\":\"{\\\"article_layout\\\":\\\"\\\",\\\"show_title\\\":\\\"\\\",\\\"link_titles\\\":\\\"\\\",\\\"show_tags\\\":\\\"\\\",\\\"show_intro\\\":\\\"\\\",\\\"info_block_position\\\":\\\"\\\",\\\"info_block_show_title\\\":\\\"\\\",\\\"show_category\\\":\\\"\\\",\\\"link_category\\\":\\\"\\\",\\\"show_parent_category\\\":\\\"\\\",\\\"link_parent_category\\\":\\\"\\\",\\\"show_author\\\":\\\"\\\",\\\"link_author\\\":\\\"\\\",\\\"show_create_date\\\":\\\"\\\",\\\"show_modify_date\\\":\\\"\\\",\\\"show_publish_date\\\":\\\"\\\",\\\"show_item_navigation\\\":\\\"\\\",\\\"show_hits\\\":\\\"\\\",\\\"show_noauth\\\":\\\"\\\",\\\"urls_position\\\":\\\"\\\",\\\"alternative_readmore\\\":\\\"\\\",\\\"article_page_title\\\":\\\"\\\",\\\"show_publishing_options\\\":\\\"\\\",\\\"show_article_options\\\":\\\"\\\",\\\"show_urls_images_backend\\\":\\\"\\\",\\\"show_urls_images_frontend\\\":\\\"\\\"}\",\"version\":3,\"ordering\":0,\"metakey\":\"\",\"metadesc\":\"\",\"access\":1,\"hits\":0,\"metadata\":\"{\\\"robots\\\":\\\"\\\",\\\"author\\\":\\\"\\\",\\\"rights\\\":\\\"\\\"}\",\"featured\":\"0\",\"language\":\"*\",\"note\":\"\"}',0),
(39,'com_content.article.6','','2025-05-17 00:10:21',672,1811,'793e8e790b0181b8f09ec171b3706876480b91d2','{\"id\":\"6\",\"asset_id\":114,\"title\":\"Slider Ingresos Y Egresos \",\"alias\":\"slider-ingresos-y-egresos\",\"introtext\":\"\",\"fulltext\":\"\",\"state\":\"1\",\"catid\":8,\"created\":\"2025-05-06 18:28:53\",\"created_by\":\"672\",\"created_by_alias\":\"\",\"modified\":\"2025-05-17 00:10:21\",\"modified_by\":672,\"checked_out\":672,\"checked_out_time\":\"2025-05-17 00:09:03\",\"publish_up\":\"2025-05-06 18:28:53\",\"publish_down\":null,\"images\":\"{\\\"image_intro\\\":\\\"images\\\\\\/site\\\\\\/slider\\\\\\/slider12.jpg#joomlaImage:\\\\\\/\\\\\\/local-images\\\\\\/site\\\\\\/slider\\\\\\/slider12.jpg?width=1400&height=800\\\",\\\"image_intro_alt\\\":\\\"\\\",\\\"float_intro\\\":\\\"\\\",\\\"image_intro_caption\\\":\\\"\\\",\\\"image_fulltext\\\":\\\"\\\",\\\"image_fulltext_alt\\\":\\\"\\\",\\\"float_fulltext\\\":\\\"\\\",\\\"image_fulltext_caption\\\":\\\"\\\"}\",\"urls\":\"{\\\"urla\\\":\\\"https:\\\\\\/\\\\\\/paqueteeconomico.puebla.gob.mx\\\\\\/2025\\\\\\/\\\",\\\"urlatext\\\":\\\"\\\",\\\"targeta\\\":\\\"1\\\",\\\"urlb\\\":\\\"\\\",\\\"urlbtext\\\":\\\"\\\",\\\"targetb\\\":\\\"\\\",\\\"urlc\\\":\\\"\\\",\\\"urlctext\\\":\\\"\\\",\\\"targetc\\\":\\\"\\\"}\",\"attribs\":\"{\\\"article_layout\\\":\\\"\\\",\\\"show_title\\\":\\\"\\\",\\\"link_titles\\\":\\\"\\\",\\\"show_tags\\\":\\\"\\\",\\\"show_intro\\\":\\\"\\\",\\\"info_block_position\\\":\\\"\\\",\\\"info_block_show_title\\\":\\\"\\\",\\\"show_category\\\":\\\"\\\",\\\"link_category\\\":\\\"\\\",\\\"show_parent_category\\\":\\\"\\\",\\\"link_parent_category\\\":\\\"\\\",\\\"show_author\\\":\\\"\\\",\\\"link_author\\\":\\\"\\\",\\\"show_create_date\\\":\\\"\\\",\\\"show_modify_date\\\":\\\"\\\",\\\"show_publish_date\\\":\\\"\\\",\\\"show_item_navigation\\\":\\\"\\\",\\\"show_hits\\\":\\\"\\\",\\\"show_noauth\\\":\\\"\\\",\\\"urls_position\\\":\\\"\\\",\\\"alternative_readmore\\\":\\\"\\\",\\\"article_page_title\\\":\\\"\\\",\\\"show_publishing_options\\\":\\\"\\\",\\\"show_article_options\\\":\\\"\\\",\\\"show_urls_images_backend\\\":\\\"\\\",\\\"show_urls_images_frontend\\\":\\\"\\\"}\",\"version\":4,\"ordering\":0,\"metakey\":\"\",\"metadesc\":\"\",\"access\":1,\"hits\":0,\"metadata\":\"{\\\"robots\\\":\\\"\\\",\\\"author\\\":\\\"\\\",\\\"rights\\\":\\\"\\\"}\",\"featured\":\"0\",\"language\":\"*\",\"note\":\"\"}',0),
(40,'com_content.article.6','','2025-05-19 20:34:00',672,1825,'dcd5822bfb5f202a161c01eb555fa17b720a9c8c','{\"id\":\"6\",\"asset_id\":114,\"title\":\"Slider Ingresos Y Egresos \",\"alias\":\"slider-ingresos-y-egresos\",\"introtext\":\"\",\"fulltext\":\"\",\"state\":\"1\",\"catid\":8,\"created\":\"2025-05-06 18:28:53\",\"created_by\":\"672\",\"created_by_alias\":\"\",\"modified\":\"2025-05-19 20:34:00\",\"modified_by\":672,\"checked_out\":672,\"checked_out_time\":\"2025-05-19 20:33:38\",\"publish_up\":\"2025-05-06 18:28:53\",\"publish_down\":null,\"images\":\"{\\\"image_intro\\\":\\\"images\\\\\\/site\\\\\\/slider\\\\\\/CenizaVolcanica.jpg#joomlaImage:\\\\\\/\\\\\\/local-images\\\\\\/site\\\\\\/slider\\\\\\/CenizaVolcanica.jpg?width=1600&height=449\\\",\\\"image_intro_alt\\\":\\\"\\\",\\\"float_intro\\\":\\\"\\\",\\\"image_intro_caption\\\":\\\"\\\",\\\"image_fulltext\\\":\\\"\\\",\\\"image_fulltext_alt\\\":\\\"\\\",\\\"float_fulltext\\\":\\\"\\\",\\\"image_fulltext_caption\\\":\\\"\\\"}\",\"urls\":\"{\\\"urla\\\":\\\"https:\\\\\\/\\\\\\/paqueteeconomico.puebla.gob.mx\\\\\\/2025\\\\\\/\\\",\\\"urlatext\\\":\\\"\\\",\\\"targeta\\\":\\\"1\\\",\\\"urlb\\\":\\\"\\\",\\\"urlbtext\\\":\\\"\\\",\\\"targetb\\\":\\\"\\\",\\\"urlc\\\":\\\"\\\",\\\"urlctext\\\":\\\"\\\",\\\"targetc\\\":\\\"\\\"}\",\"attribs\":\"{\\\"article_layout\\\":\\\"\\\",\\\"show_title\\\":\\\"\\\",\\\"link_titles\\\":\\\"\\\",\\\"show_tags\\\":\\\"\\\",\\\"show_intro\\\":\\\"\\\",\\\"info_block_position\\\":\\\"\\\",\\\"info_block_show_title\\\":\\\"\\\",\\\"show_category\\\":\\\"\\\",\\\"link_category\\\":\\\"\\\",\\\"show_parent_category\\\":\\\"\\\",\\\"link_parent_category\\\":\\\"\\\",\\\"show_author\\\":\\\"\\\",\\\"link_author\\\":\\\"\\\",\\\"show_create_date\\\":\\\"\\\",\\\"show_modify_date\\\":\\\"\\\",\\\"show_publish_date\\\":\\\"\\\",\\\"show_item_navigation\\\":\\\"\\\",\\\"show_hits\\\":\\\"\\\",\\\"show_noauth\\\":\\\"\\\",\\\"urls_position\\\":\\\"\\\",\\\"alternative_readmore\\\":\\\"\\\",\\\"article_page_title\\\":\\\"\\\",\\\"show_publishing_options\\\":\\\"\\\",\\\"show_article_options\\\":\\\"\\\",\\\"show_urls_images_backend\\\":\\\"\\\",\\\"show_urls_images_frontend\\\":\\\"\\\"}\",\"version\":5,\"ordering\":0,\"metakey\":\"\",\"metadesc\":\"\",\"access\":1,\"hits\":0,\"metadata\":\"{\\\"robots\\\":\\\"\\\",\\\"author\\\":\\\"\\\",\\\"rights\\\":\\\"\\\"}\",\"featured\":\"0\",\"language\":\"*\",\"note\":\"\"}',0),
(41,'com_content.article.6','','2025-05-19 20:35:33',672,1797,'c23ff0a841d7679f3b072eee0aac15317571990c','{\"id\":\"6\",\"asset_id\":114,\"title\":\"Slider Ingresos Y Egresos \",\"alias\":\"slider-ingresos-y-egresos\",\"introtext\":\"\",\"fulltext\":\"\",\"state\":\"1\",\"catid\":8,\"created\":\"2025-05-06 18:28:53\",\"created_by\":\"672\",\"created_by_alias\":\"\",\"modified\":\"2025-05-19 20:35:33\",\"modified_by\":672,\"checked_out\":null,\"checked_out_time\":null,\"publish_up\":\"2025-05-06 18:28:53\",\"publish_down\":null,\"images\":\"{\\\"image_intro\\\":\\\"images\\\\\\/site\\\\\\/slider\\\\\\/banner___.jpg#joomlaImage:\\\\\\/\\\\\\/local-images\\\\\\/site\\\\\\/slider\\\\\\/banner___.jpg?width=1400&height=600\\\",\\\"image_intro_alt\\\":\\\"\\\",\\\"float_intro\\\":\\\"\\\",\\\"image_intro_caption\\\":\\\"\\\",\\\"image_fulltext\\\":\\\"\\\",\\\"image_fulltext_alt\\\":\\\"\\\",\\\"float_fulltext\\\":\\\"\\\",\\\"image_fulltext_caption\\\":\\\"\\\"}\",\"urls\":\"{\\\"urla\\\":\\\"https:\\\\\\/\\\\\\/paqueteeconomico.puebla.gob.mx\\\\\\/2025\\\\\\/\\\",\\\"urlatext\\\":\\\"\\\",\\\"targeta\\\":\\\"1\\\",\\\"urlb\\\":\\\"\\\",\\\"urlbtext\\\":\\\"\\\",\\\"targetb\\\":\\\"\\\",\\\"urlc\\\":\\\"\\\",\\\"urlctext\\\":\\\"\\\",\\\"targetc\\\":\\\"\\\"}\",\"attribs\":\"{\\\"article_layout\\\":\\\"\\\",\\\"show_title\\\":\\\"\\\",\\\"link_titles\\\":\\\"\\\",\\\"show_tags\\\":\\\"\\\",\\\"show_intro\\\":\\\"\\\",\\\"info_block_position\\\":\\\"\\\",\\\"info_block_show_title\\\":\\\"\\\",\\\"show_category\\\":\\\"\\\",\\\"link_category\\\":\\\"\\\",\\\"show_parent_category\\\":\\\"\\\",\\\"link_parent_category\\\":\\\"\\\",\\\"show_author\\\":\\\"\\\",\\\"link_author\\\":\\\"\\\",\\\"show_create_date\\\":\\\"\\\",\\\"show_modify_date\\\":\\\"\\\",\\\"show_publish_date\\\":\\\"\\\",\\\"show_item_navigation\\\":\\\"\\\",\\\"show_hits\\\":\\\"\\\",\\\"show_noauth\\\":\\\"\\\",\\\"urls_position\\\":\\\"\\\",\\\"alternative_readmore\\\":\\\"\\\",\\\"article_page_title\\\":\\\"\\\",\\\"show_publishing_options\\\":\\\"\\\",\\\"show_article_options\\\":\\\"\\\",\\\"show_urls_images_backend\\\":\\\"\\\",\\\"show_urls_images_frontend\\\":\\\"\\\"}\",\"version\":6,\"ordering\":0,\"metakey\":\"\",\"metadesc\":\"\",\"access\":1,\"hits\":0,\"metadata\":\"{\\\"robots\\\":\\\"\\\",\\\"author\\\":\\\"\\\",\\\"rights\\\":\\\"\\\"}\",\"featured\":\"0\",\"language\":\"*\",\"note\":\"\"}',0),
(42,'com_content.article.15','','2025-05-20 16:30:56',672,4323,'c0ef5d16f29b3fdaf3081cc59a5847fbafdb8402','{\"id\":15,\"asset_id\":136,\"title\":\"Contacto\",\"alias\":\"contacto\",\"introtext\":\"<div class=\\\" contour \\\">\\r\\n  <div class=\\\"uk-grid-match uk-margin-remove\\\" uk-grid>\\r\\n   \\r\\n    <div class=\\\"uk-width-auto@m uk-width-1-1@s\\\">\\r\\n      <div class=\\\"uk-text-center uk-flex uk-flex-center correo-container lin\\\">\\r\\n            <spam class=\\\"c-b2b2b2\\\">Cont\\u00e1ctanos<\\/spam>\\r\\n     <\\/div>\\r\\n    <\\/div>\\r\\n    \\r\\n     <div class=\\\"uk-width-1-4@m uk-width-1-1@s\\\">\\r\\n       <div class=\\\"uk-text-center uk-flex uk-flex-center telefono-container\\\">\\r\\n         <img class=\\\"image-telefono c-794141\\\" src=\\\"images\\/icons\\/icon_phone.svg\\\" alt=\\\"Telefono\\\">\\r\\n       <!--  <a href=\\\"tel:2222296900\\\" class=\\\"c-b2b2b2 uk-text-bold\\\"> --->\\r\\n          <p  class=\\\"c-b2b2b2 uk-text-bold\\\">\\r\\n            (222) 9 84 34 69 \\r\\n         <\\/p> \\r\\n             <!--<\\/a>-->\\r\\n       <\\/div>\\r\\n    <\\/div>\\r\\n    \\r\\n     <div class=\\\"uk-width-1-4@m uk-width-1-1@s\\\">\\r\\n       <div class=\\\"dire\\\">\\r\\n         <spam class=\\\"c-b2b2b2\\\">Calle 33 Sur 2301, Col. Santa Cruz Los \\u00c1ngeles, Puebla, Pue.\\r\\n         <\\/spam>\\r\\n       <\\/div>\\r\\n    <\\/div>\\r\\n    \\r\\n      <div class=\\\"uk-width-auto@m uk-width-1-1@s\\\">\\r\\n       <div class=\\\"uk-text-center uk-flex uk-flex-center correo-container contac-email lin\\\">\\r\\n        <img class=\\\"image-correo\\\" src=\\\"images\\/icons\\/icon_mail.svg\\\">  \\r\\n        <!--<a href=\\\"mailto:correspondencia.secihti@puebla.gob.mx\\\"  target=\\\"_blank\\\" tabindex=\\\"0\\\" aria-label=\\\"correo electronico\\\">-->\\r\\n            <spam class=\\\"c-b2b2b2\\\">correspondencia.secihti@puebla.gob.mx<\\/spam>\\r\\n        <!--<\\/a>-->\\r\\n     <\\/div>\\r\\n    <\\/div>\\r\\n    \\r\\n  <\\/div>\\r\\n<\\/div>\\r\\n  \\r\\n\\r\\n\\r\\n<style>\\r\\n  .c-b2b2b2{\\r\\n    color: #b2b2b2;\\r\\n    font-size: 1.25rem;\\r\\n  }\\r\\n  \\r\\n.image-correo{\\r\\n  height: 35px;\\r\\n  filter: brightness(0) saturate(100%) invert(80%) sepia(3%) saturate(0%) hue-rotate(180deg);\\r\\n}\\r\\n  \\r\\n.image-telefono{\\r\\n  height: 40px;\\r\\n    filter: brightness(0) saturate(100%) invert(80%) sepia(3%) saturate(0%) hue-rotate(180deg);\\r\\n}\\r\\n\\r\\n.contour{\\r\\n  margin: 20px 0px 20px 0;\\r\\n  \\r\\n  background-color:white;\\r\\n  color:#c2c2c2;\\r\\n  border-radius: 20px;\\r\\n  padding:12px;\\r\\n  z-index: 1;\\r\\n }\\r\\n\\r\\n\\r\\n .correo-container,\\r\\n .telefono-container {\\r\\n     display: flex;\\r\\n    align-items: center;\\r\\n    gap: 8px;  \\r\\n  } \\r\\n  \\r\\n.lin a, \\r\\n.lin a:hover, \\r\\n.lin a:visited, \\r\\n.lin a:focus{\\r\\n  color: #c2c2c2;\\r\\n}\\r\\n\\r\\n.contac-email{\\r\\n  \\/*width: 200px; \\r\\n  border: 1px solid #ccc; *\\/\\r\\n  word-break: break-word;\\r\\n  }\\r\\n  \\r\\n@media only screen and (max-width:959px){\\r\\n .dire{\\r\\n  text-align:center;\\r\\n } \\r\\n  \\r\\n .correo-container,\\r\\n .telefono-container {\\r\\n      flex-direction: column;\\r\\n  }\\r\\n}\\r\\n<\\/style>\",\"fulltext\":\"\",\"state\":\"1\",\"catid\":2,\"created\":\"2025-05-20 16:30:56\",\"created_by\":672,\"created_by_alias\":\"\",\"modified\":\"2025-05-20 16:30:56\",\"modified_by\":672,\"checked_out\":null,\"checked_out_time\":null,\"publish_up\":\"2025-05-20 16:30:56\",\"publish_down\":null,\"images\":\"{\\\"image_intro\\\":\\\"\\\",\\\"image_intro_alt\\\":\\\"\\\",\\\"float_intro\\\":\\\"\\\",\\\"image_intro_caption\\\":\\\"\\\",\\\"image_fulltext\\\":\\\"\\\",\\\"image_fulltext_alt\\\":\\\"\\\",\\\"float_fulltext\\\":\\\"\\\",\\\"image_fulltext_caption\\\":\\\"\\\"}\",\"urls\":\"{\\\"urla\\\":\\\"\\\",\\\"urlatext\\\":\\\"\\\",\\\"targeta\\\":\\\"\\\",\\\"urlb\\\":\\\"\\\",\\\"urlbtext\\\":\\\"\\\",\\\"targetb\\\":\\\"\\\",\\\"urlc\\\":\\\"\\\",\\\"urlctext\\\":\\\"\\\",\\\"targetc\\\":\\\"\\\"}\",\"attribs\":\"{\\\"article_layout\\\":\\\"\\\",\\\"show_title\\\":\\\"\\\",\\\"link_titles\\\":\\\"\\\",\\\"show_tags\\\":\\\"\\\",\\\"show_intro\\\":\\\"\\\",\\\"info_block_position\\\":\\\"\\\",\\\"info_block_show_title\\\":\\\"\\\",\\\"show_category\\\":\\\"\\\",\\\"link_category\\\":\\\"\\\",\\\"show_parent_category\\\":\\\"\\\",\\\"link_parent_category\\\":\\\"\\\",\\\"show_author\\\":\\\"\\\",\\\"link_author\\\":\\\"\\\",\\\"show_create_date\\\":\\\"\\\",\\\"show_modify_date\\\":\\\"\\\",\\\"show_publish_date\\\":\\\"\\\",\\\"show_item_navigation\\\":\\\"\\\",\\\"show_hits\\\":\\\"\\\",\\\"show_noauth\\\":\\\"\\\",\\\"urls_position\\\":\\\"\\\",\\\"alternative_readmore\\\":\\\"\\\",\\\"article_page_title\\\":\\\"\\\",\\\"show_publishing_options\\\":\\\"\\\",\\\"show_article_options\\\":\\\"\\\",\\\"show_urls_images_backend\\\":\\\"\\\",\\\"show_urls_images_frontend\\\":\\\"\\\"}\",\"version\":\"1\",\"ordering\":null,\"metakey\":\"\",\"metadesc\":\"\",\"access\":1,\"hits\":0,\"metadata\":\"{\\\"robots\\\":\\\"\\\",\\\"author\\\":\\\"\\\",\\\"rights\\\":\\\"\\\"}\",\"featured\":\"0\",\"language\":\"*\",\"note\":\"\"}',0),
(43,'com_content.article.1','','2025-05-20 16:45:19',672,2496,'bdc4b382147af228e182231fe6c62a6b284c9e32','{\"id\":\"1\",\"asset_id\":101,\"title\":\"Misi\\u00f3n, Visi\\u00f3n y Objetivo\",\"alias\":\"mision-vision-y-objetivo\",\"introtext\":\"<div class=\\\"uk-container container uk-margin\\\">\\r\\n<h3>Misi\\u00f3n<\\/h3>\\r\\n<p>Impulsar el desarrollo integral del medio rural de forma ordenada, organizada y articulada, con la finalidad de incrementar la productividad del sector agr\\u00edcola, ganadero y acu\\u00edcola con un enfoque sustentable, considerando el Desarrollo Rural de la Entidad.<\\/p>\\r\\n\\r\\n<h3>Visi\\u00f3n<\\/h3>\\r\\n<p>Ser una dependencia que impulse e implemente pol\\u00edticas p\\u00fablicas acorde a las necesidades del medio rural, con la finalidad de fortalecer la productividad del campo con un enfoque sustentable que contribuya al Desarrollo Rural del Estado.<\\/p>\\r\\n\\r\\n<h3>Objetivo<\\/h3>\\r\\n<p>Mejorar la productividad del medio rural contribuyendo al bienestrar de las personas, potencializando al sector primario, con base en las vocaciones productivas regionales.<\\/p>\\r\\n<\\/div>\",\"fulltext\":\"\",\"state\":\"1\",\"catid\":2,\"created\":\"2025-04-25 17:54:18\",\"created_by\":\"672\",\"created_by_alias\":\"\",\"modified\":\"2025-05-20 16:45:19\",\"modified_by\":672,\"checked_out\":672,\"checked_out_time\":\"2025-05-20 16:45:13\",\"publish_up\":\"2025-04-25 17:54:18\",\"publish_down\":null,\"images\":\"{\\\"image_intro\\\":\\\"\\\",\\\"image_intro_alt\\\":\\\"\\\",\\\"float_intro\\\":\\\"\\\",\\\"image_intro_caption\\\":\\\"\\\",\\\"image_fulltext\\\":\\\"\\\",\\\"image_fulltext_alt\\\":\\\"\\\",\\\"float_fulltext\\\":\\\"\\\",\\\"image_fulltext_caption\\\":\\\"\\\"}\",\"urls\":\"{\\\"urla\\\":\\\"\\\",\\\"urlatext\\\":\\\"\\\",\\\"targeta\\\":\\\"\\\",\\\"urlb\\\":\\\"\\\",\\\"urlbtext\\\":\\\"\\\",\\\"targetb\\\":\\\"\\\",\\\"urlc\\\":\\\"\\\",\\\"urlctext\\\":\\\"\\\",\\\"targetc\\\":\\\"\\\"}\",\"attribs\":\"{\\\"article_layout\\\":\\\"\\\",\\\"show_title\\\":\\\"\\\",\\\"link_titles\\\":\\\"\\\",\\\"show_tags\\\":\\\"\\\",\\\"show_intro\\\":\\\"\\\",\\\"info_block_position\\\":\\\"\\\",\\\"info_block_show_title\\\":\\\"\\\",\\\"show_category\\\":\\\"\\\",\\\"link_category\\\":\\\"\\\",\\\"show_parent_category\\\":\\\"\\\",\\\"link_parent_category\\\":\\\"\\\",\\\"show_author\\\":\\\"\\\",\\\"link_author\\\":\\\"\\\",\\\"show_create_date\\\":\\\"\\\",\\\"show_modify_date\\\":\\\"\\\",\\\"show_publish_date\\\":\\\"\\\",\\\"show_item_navigation\\\":\\\"\\\",\\\"show_hits\\\":\\\"\\\",\\\"show_noauth\\\":\\\"\\\",\\\"urls_position\\\":\\\"\\\",\\\"alternative_readmore\\\":\\\"\\\",\\\"article_page_title\\\":\\\"\\\",\\\"show_publishing_options\\\":\\\"\\\",\\\"show_article_options\\\":\\\"\\\",\\\"show_urls_images_backend\\\":\\\"\\\",\\\"show_urls_images_frontend\\\":\\\"\\\"}\",\"version\":8,\"ordering\":5,\"metakey\":\"\",\"metadesc\":\"\",\"access\":1,\"hits\":165,\"metadata\":\"{\\\"robots\\\":\\\"\\\",\\\"author\\\":\\\"\\\",\\\"rights\\\":\\\"\\\"}\",\"featured\":\"0\",\"language\":\"*\",\"note\":\"\"}',0),
(44,'com_content.article.1','','2025-05-20 16:45:45',672,2486,'0e21119fa6ea895943029af86576f40dae4b09bb','{\"id\":\"1\",\"asset_id\":101,\"title\":\"Misi\\u00f3n, Visi\\u00f3n y Objetivo\",\"alias\":\"mision-vision-y-objetivo\",\"introtext\":\"<div class=\\\"uk-container container\\\">\\r\\n<h3>Misi\\u00f3n<\\/h3>\\r\\n<p>Impulsar el desarrollo integral del medio rural de forma ordenada, organizada y articulada, con la finalidad de incrementar la productividad del sector agr\\u00edcola, ganadero y acu\\u00edcola con un enfoque sustentable, considerando el Desarrollo Rural de la Entidad.<\\/p>\\r\\n\\r\\n<h3>Visi\\u00f3n<\\/h3>\\r\\n<p>Ser una dependencia que impulse e implemente pol\\u00edticas p\\u00fablicas acorde a las necesidades del medio rural, con la finalidad de fortalecer la productividad del campo con un enfoque sustentable que contribuya al Desarrollo Rural del Estado.<\\/p>\\r\\n\\r\\n<h3>Objetivo<\\/h3>\\r\\n<p>Mejorar la productividad del medio rural contribuyendo al bienestrar de las personas, potencializando al sector primario, con base en las vocaciones productivas regionales.<\\/p>\\r\\n<\\/div>\",\"fulltext\":\"\",\"state\":\"1\",\"catid\":2,\"created\":\"2025-04-25 17:54:18\",\"created_by\":\"672\",\"created_by_alias\":\"\",\"modified\":\"2025-05-20 16:45:45\",\"modified_by\":672,\"checked_out\":672,\"checked_out_time\":\"2025-05-20 16:45:19\",\"publish_up\":\"2025-04-25 17:54:18\",\"publish_down\":null,\"images\":\"{\\\"image_intro\\\":\\\"\\\",\\\"image_intro_alt\\\":\\\"\\\",\\\"float_intro\\\":\\\"\\\",\\\"image_intro_caption\\\":\\\"\\\",\\\"image_fulltext\\\":\\\"\\\",\\\"image_fulltext_alt\\\":\\\"\\\",\\\"float_fulltext\\\":\\\"\\\",\\\"image_fulltext_caption\\\":\\\"\\\"}\",\"urls\":\"{\\\"urla\\\":\\\"\\\",\\\"urlatext\\\":\\\"\\\",\\\"targeta\\\":\\\"\\\",\\\"urlb\\\":\\\"\\\",\\\"urlbtext\\\":\\\"\\\",\\\"targetb\\\":\\\"\\\",\\\"urlc\\\":\\\"\\\",\\\"urlctext\\\":\\\"\\\",\\\"targetc\\\":\\\"\\\"}\",\"attribs\":\"{\\\"article_layout\\\":\\\"\\\",\\\"show_title\\\":\\\"\\\",\\\"link_titles\\\":\\\"\\\",\\\"show_tags\\\":\\\"\\\",\\\"show_intro\\\":\\\"\\\",\\\"info_block_position\\\":\\\"\\\",\\\"info_block_show_title\\\":\\\"\\\",\\\"show_category\\\":\\\"\\\",\\\"link_category\\\":\\\"\\\",\\\"show_parent_category\\\":\\\"\\\",\\\"link_parent_category\\\":\\\"\\\",\\\"show_author\\\":\\\"\\\",\\\"link_author\\\":\\\"\\\",\\\"show_create_date\\\":\\\"\\\",\\\"show_modify_date\\\":\\\"\\\",\\\"show_publish_date\\\":\\\"\\\",\\\"show_item_navigation\\\":\\\"\\\",\\\"show_hits\\\":\\\"\\\",\\\"show_noauth\\\":\\\"\\\",\\\"urls_position\\\":\\\"\\\",\\\"alternative_readmore\\\":\\\"\\\",\\\"article_page_title\\\":\\\"\\\",\\\"show_publishing_options\\\":\\\"\\\",\\\"show_article_options\\\":\\\"\\\",\\\"show_urls_images_backend\\\":\\\"\\\",\\\"show_urls_images_frontend\\\":\\\"\\\"}\",\"version\":9,\"ordering\":5,\"metakey\":\"\",\"metadesc\":\"\",\"access\":1,\"hits\":166,\"metadata\":\"{\\\"robots\\\":\\\"\\\",\\\"author\\\":\\\"\\\",\\\"rights\\\":\\\"\\\"}\",\"featured\":\"0\",\"language\":\"*\",\"note\":\"\"}',0),
(45,'com_content.article.2','','2025-05-20 17:15:33',672,2485,'c271cd86965f904529862bfbfb86fed738d079ed','{\"id\":\"2\",\"asset_id\":103,\"title\":\"Ventanilla \",\"alias\":\"ventanilla\",\"introtext\":\"<div class=\\\"uk-container uk-margin\\\">\\r\\n<ul class=\\\"uk-list uk-list-disc\\\">\\r\\n<li><a  href=\\\"images\\/site\\/documentos\\/ventanilla\\/Solicitudes_DVM_Signo_Distintivo.pdf\\\">Download Solicitudes_DVM_Signo_Distintivo<\\/a><\\/li>\\r\\n<li><a  href=\\\"images\\/site\\/documentos\\/ventanilla\\/Formato_ingreso_cat\\u00e1logosOrgPue.pdf\\\">Solicitudes DVM Signo Distintivo<\\/a><\\/li>\\r\\n<li><a  href=\\\"images\\/site\\/documentos\\/ventanilla\\/Solicitud_dise\\u00f1o_formato20192024.pdf\\\">Formato de Ingreso al Cat\\u00e1logo Productos Orgullo Puebla<\\/a><\\/li>\\r\\n<li><a  href=\\\"images\\/site\\/documentos\\/ventanilla\\/Solicitudes_DVM_Comercializaci\\u00f3n.pdf\\\">Solicitud de Trabajo de Dise\\u00f1o<\\/a><\\/li>\\r\\n<li><a  href=\\\"images\\/site\\/documentos\\/ventanilla\\/Formato_de_Atenci\\u00f3n_JLCPA.pdf\\\">Solicitud de Asesor\\u00eda para la Comercializaci\\u00f3n de Agroproductos<\\/a><\\/li>\\r\\n<\\/ul>\\r\\n<\\/div>\",\"fulltext\":\"\",\"state\":\"1\",\"catid\":2,\"created\":\"2025-04-25 18:04:26\",\"created_by\":\"672\",\"created_by_alias\":\"\",\"modified\":\"2025-05-20 17:15:33\",\"modified_by\":672,\"checked_out\":672,\"checked_out_time\":\"2025-05-20 17:14:24\",\"publish_up\":\"2025-04-25 18:04:26\",\"publish_down\":null,\"images\":\"{\\\"image_intro\\\":\\\"\\\",\\\"image_intro_alt\\\":\\\"\\\",\\\"float_intro\\\":\\\"\\\",\\\"image_intro_caption\\\":\\\"\\\",\\\"image_fulltext\\\":\\\"\\\",\\\"image_fulltext_alt\\\":\\\"\\\",\\\"float_fulltext\\\":\\\"\\\",\\\"image_fulltext_caption\\\":\\\"\\\"}\",\"urls\":\"{\\\"urla\\\":\\\"\\\",\\\"urlatext\\\":\\\"\\\",\\\"targeta\\\":\\\"\\\",\\\"urlb\\\":\\\"\\\",\\\"urlbtext\\\":\\\"\\\",\\\"targetb\\\":\\\"\\\",\\\"urlc\\\":\\\"\\\",\\\"urlctext\\\":\\\"\\\",\\\"targetc\\\":\\\"\\\"}\",\"attribs\":\"{\\\"article_layout\\\":\\\"\\\",\\\"show_title\\\":\\\"0\\\",\\\"link_titles\\\":\\\"\\\",\\\"show_tags\\\":\\\"\\\",\\\"show_intro\\\":\\\"\\\",\\\"info_block_position\\\":\\\"\\\",\\\"info_block_show_title\\\":\\\"\\\",\\\"show_category\\\":\\\"\\\",\\\"link_category\\\":\\\"\\\",\\\"show_parent_category\\\":\\\"\\\",\\\"link_parent_category\\\":\\\"\\\",\\\"show_author\\\":\\\"\\\",\\\"link_author\\\":\\\"\\\",\\\"show_create_date\\\":\\\"\\\",\\\"show_modify_date\\\":\\\"\\\",\\\"show_publish_date\\\":\\\"\\\",\\\"show_item_navigation\\\":\\\"\\\",\\\"show_hits\\\":\\\"\\\",\\\"show_noauth\\\":\\\"\\\",\\\"urls_position\\\":\\\"\\\",\\\"alternative_readmore\\\":\\\"\\\",\\\"article_page_title\\\":\\\"\\\",\\\"show_publishing_options\\\":\\\"\\\",\\\"show_article_options\\\":\\\"\\\",\\\"show_urls_images_backend\\\":\\\"\\\",\\\"show_urls_images_frontend\\\":\\\"\\\"}\",\"version\":11,\"ordering\":4,\"metakey\":\"\",\"metadesc\":\"\",\"access\":1,\"hits\":111,\"metadata\":\"{\\\"robots\\\":\\\"\\\",\\\"author\\\":\\\"\\\",\\\"rights\\\":\\\"\\\"}\",\"featured\":\"0\",\"language\":\"*\",\"note\":\"\"}',0),
(46,'com_content.article.2','','2025-05-20 17:15:48',672,2485,'f87d07363c987daf236d1bf21ea9931cd0541dde','{\"id\":\"2\",\"asset_id\":103,\"title\":\"Ventanilla \",\"alias\":\"ventanilla\",\"introtext\":\"<div class=\\\"uk-container uk-margin\\\">\\r\\n<ul class=\\\"uk-list uk-list-disc\\\">\\r\\n<li><a  href=\\\"images\\/site\\/documentos\\/ventanilla\\/Solicitudes_DVM_Signo_Distintivo.pdf\\\">Download Solicitudes_DVM_Signo_Distintivo<\\/a><\\/li>\\r\\n<li><a  href=\\\"images\\/site\\/documentos\\/ventanilla\\/Formato_ingreso_cat\\u00e1logosOrgPue.pdf\\\">Solicitudes DVM Signo Distintivo<\\/a><\\/li>\\r\\n<li><a  href=\\\"images\\/site\\/documentos\\/ventanilla\\/Solicitud_dise\\u00f1o_formato20192024.pdf\\\">Formato de Ingreso al Cat\\u00e1logo Productos Orgullo Puebla<\\/a><\\/li>\\r\\n<li><a  href=\\\"images\\/site\\/documentos\\/ventanilla\\/Solicitudes_DVM_Comercializaci\\u00f3n.pdf\\\">Solicitud de Trabajo de Dise\\u00f1o<\\/a><\\/li>\\r\\n<li><a  href=\\\"images\\/site\\/documentos\\/ventanilla\\/Formato_de_Atenci\\u00f3n_JLCPA.pdf\\\">Solicitud de Asesor\\u00eda para la Comercializaci\\u00f3n de Agroproductos<\\/a><\\/li>\\r\\n<\\/ul>\\r\\n<\\/div>\",\"fulltext\":\"\",\"state\":\"1\",\"catid\":2,\"created\":\"2025-04-25 18:04:26\",\"created_by\":\"672\",\"created_by_alias\":\"\",\"modified\":\"2025-05-20 17:15:48\",\"modified_by\":672,\"checked_out\":672,\"checked_out_time\":\"2025-05-20 17:15:39\",\"publish_up\":\"2025-04-25 18:04:26\",\"publish_down\":null,\"images\":\"{\\\"image_intro\\\":\\\"\\\",\\\"image_intro_alt\\\":\\\"\\\",\\\"float_intro\\\":\\\"\\\",\\\"image_intro_caption\\\":\\\"\\\",\\\"image_fulltext\\\":\\\"\\\",\\\"image_fulltext_alt\\\":\\\"\\\",\\\"float_fulltext\\\":\\\"\\\",\\\"image_fulltext_caption\\\":\\\"\\\"}\",\"urls\":\"{\\\"urla\\\":\\\"\\\",\\\"urlatext\\\":\\\"\\\",\\\"targeta\\\":\\\"\\\",\\\"urlb\\\":\\\"\\\",\\\"urlbtext\\\":\\\"\\\",\\\"targetb\\\":\\\"\\\",\\\"urlc\\\":\\\"\\\",\\\"urlctext\\\":\\\"\\\",\\\"targetc\\\":\\\"\\\"}\",\"attribs\":\"{\\\"article_layout\\\":\\\"\\\",\\\"show_title\\\":\\\"\\\",\\\"link_titles\\\":\\\"\\\",\\\"show_tags\\\":\\\"\\\",\\\"show_intro\\\":\\\"\\\",\\\"info_block_position\\\":\\\"\\\",\\\"info_block_show_title\\\":\\\"\\\",\\\"show_category\\\":\\\"0\\\",\\\"link_category\\\":\\\"\\\",\\\"show_parent_category\\\":\\\"\\\",\\\"link_parent_category\\\":\\\"\\\",\\\"show_author\\\":\\\"\\\",\\\"link_author\\\":\\\"\\\",\\\"show_create_date\\\":\\\"\\\",\\\"show_modify_date\\\":\\\"\\\",\\\"show_publish_date\\\":\\\"\\\",\\\"show_item_navigation\\\":\\\"\\\",\\\"show_hits\\\":\\\"\\\",\\\"show_noauth\\\":\\\"\\\",\\\"urls_position\\\":\\\"\\\",\\\"alternative_readmore\\\":\\\"\\\",\\\"article_page_title\\\":\\\"\\\",\\\"show_publishing_options\\\":\\\"\\\",\\\"show_article_options\\\":\\\"\\\",\\\"show_urls_images_backend\\\":\\\"\\\",\\\"show_urls_images_frontend\\\":\\\"\\\"}\",\"version\":13,\"ordering\":4,\"metakey\":\"\",\"metadesc\":\"\",\"access\":1,\"hits\":113,\"metadata\":\"{\\\"robots\\\":\\\"\\\",\\\"author\\\":\\\"\\\",\\\"rights\\\":\\\"\\\"}\",\"featured\":\"0\",\"language\":\"*\",\"note\":\"\"}',0),
(47,'com_content.article.2','','2025-05-20 17:17:05',672,2494,'db99779f975e4b33a1deae3a155ff9b72aee8d87','{\"id\":\"2\",\"asset_id\":103,\"title\":\"Ventanilla \",\"alias\":\"ventanilla\",\"introtext\":\"<div class=\\\"uk-container container uk-margin\\\">\\r\\n<ul class=\\\"uk-list uk-list-disc\\\">\\r\\n<li><a  href=\\\"images\\/site\\/documentos\\/ventanilla\\/Solicitudes_DVM_Signo_Distintivo.pdf\\\">Download Solicitudes_DVM_Signo_Distintivo<\\/a><\\/li>\\r\\n<li><a  href=\\\"images\\/site\\/documentos\\/ventanilla\\/Formato_ingreso_cat\\u00e1logosOrgPue.pdf\\\">Solicitudes DVM Signo Distintivo<\\/a><\\/li>\\r\\n<li><a  href=\\\"images\\/site\\/documentos\\/ventanilla\\/Solicitud_dise\\u00f1o_formato20192024.pdf\\\">Formato de Ingreso al Cat\\u00e1logo Productos Orgullo Puebla<\\/a><\\/li>\\r\\n<li><a  href=\\\"images\\/site\\/documentos\\/ventanilla\\/Solicitudes_DVM_Comercializaci\\u00f3n.pdf\\\">Solicitud de Trabajo de Dise\\u00f1o<\\/a><\\/li>\\r\\n<li><a  href=\\\"images\\/site\\/documentos\\/ventanilla\\/Formato_de_Atenci\\u00f3n_JLCPA.pdf\\\">Solicitud de Asesor\\u00eda para la Comercializaci\\u00f3n de Agroproductos<\\/a><\\/li>\\r\\n<\\/ul>\\r\\n<\\/div>\",\"fulltext\":\"\",\"state\":\"1\",\"catid\":2,\"created\":\"2025-04-25 18:04:26\",\"created_by\":\"672\",\"created_by_alias\":\"\",\"modified\":\"2025-05-20 17:17:05\",\"modified_by\":672,\"checked_out\":672,\"checked_out_time\":\"2025-05-20 17:15:57\",\"publish_up\":\"2025-04-25 18:04:26\",\"publish_down\":null,\"images\":\"{\\\"image_intro\\\":\\\"\\\",\\\"image_intro_alt\\\":\\\"\\\",\\\"float_intro\\\":\\\"\\\",\\\"image_intro_caption\\\":\\\"\\\",\\\"image_fulltext\\\":\\\"\\\",\\\"image_fulltext_alt\\\":\\\"\\\",\\\"float_fulltext\\\":\\\"\\\",\\\"image_fulltext_caption\\\":\\\"\\\"}\",\"urls\":\"{\\\"urla\\\":\\\"\\\",\\\"urlatext\\\":\\\"\\\",\\\"targeta\\\":\\\"\\\",\\\"urlb\\\":\\\"\\\",\\\"urlbtext\\\":\\\"\\\",\\\"targetb\\\":\\\"\\\",\\\"urlc\\\":\\\"\\\",\\\"urlctext\\\":\\\"\\\",\\\"targetc\\\":\\\"\\\"}\",\"attribs\":\"{\\\"article_layout\\\":\\\"\\\",\\\"show_title\\\":\\\"\\\",\\\"link_titles\\\":\\\"\\\",\\\"show_tags\\\":\\\"\\\",\\\"show_intro\\\":\\\"\\\",\\\"info_block_position\\\":\\\"\\\",\\\"info_block_show_title\\\":\\\"\\\",\\\"show_category\\\":\\\"\\\",\\\"link_category\\\":\\\"\\\",\\\"show_parent_category\\\":\\\"\\\",\\\"link_parent_category\\\":\\\"\\\",\\\"show_author\\\":\\\"\\\",\\\"link_author\\\":\\\"\\\",\\\"show_create_date\\\":\\\"\\\",\\\"show_modify_date\\\":\\\"\\\",\\\"show_publish_date\\\":\\\"\\\",\\\"show_item_navigation\\\":\\\"\\\",\\\"show_hits\\\":\\\"\\\",\\\"show_noauth\\\":\\\"\\\",\\\"urls_position\\\":\\\"\\\",\\\"alternative_readmore\\\":\\\"\\\",\\\"article_page_title\\\":\\\"\\\",\\\"show_publishing_options\\\":\\\"\\\",\\\"show_article_options\\\":\\\"\\\",\\\"show_urls_images_backend\\\":\\\"\\\",\\\"show_urls_images_frontend\\\":\\\"\\\"}\",\"version\":15,\"ordering\":4,\"metakey\":\"\",\"metadesc\":\"\",\"access\":1,\"hits\":118,\"metadata\":\"{\\\"robots\\\":\\\"\\\",\\\"author\\\":\\\"\\\",\\\"rights\\\":\\\"\\\"}\",\"featured\":\"0\",\"language\":\"*\",\"note\":\"\"}',0),
(48,'com_content.article.2','','2025-05-20 17:17:28',672,2495,'29d22799f88ee020bbf230d3068521901f02a071','{\"id\":\"2\",\"asset_id\":103,\"title\":\"Ventanilla \",\"alias\":\"ventanilla\",\"introtext\":\"<div class=\\\"uk-container container uk-padding\\\">\\r\\n<ul class=\\\"uk-list uk-list-disc\\\">\\r\\n<li><a  href=\\\"images\\/site\\/documentos\\/ventanilla\\/Solicitudes_DVM_Signo_Distintivo.pdf\\\">Download Solicitudes_DVM_Signo_Distintivo<\\/a><\\/li>\\r\\n<li><a  href=\\\"images\\/site\\/documentos\\/ventanilla\\/Formato_ingreso_cat\\u00e1logosOrgPue.pdf\\\">Solicitudes DVM Signo Distintivo<\\/a><\\/li>\\r\\n<li><a  href=\\\"images\\/site\\/documentos\\/ventanilla\\/Solicitud_dise\\u00f1o_formato20192024.pdf\\\">Formato de Ingreso al Cat\\u00e1logo Productos Orgullo Puebla<\\/a><\\/li>\\r\\n<li><a  href=\\\"images\\/site\\/documentos\\/ventanilla\\/Solicitudes_DVM_Comercializaci\\u00f3n.pdf\\\">Solicitud de Trabajo de Dise\\u00f1o<\\/a><\\/li>\\r\\n<li><a  href=\\\"images\\/site\\/documentos\\/ventanilla\\/Formato_de_Atenci\\u00f3n_JLCPA.pdf\\\">Solicitud de Asesor\\u00eda para la Comercializaci\\u00f3n de Agroproductos<\\/a><\\/li>\\r\\n<\\/ul>\\r\\n<\\/div>\",\"fulltext\":\"\",\"state\":\"1\",\"catid\":2,\"created\":\"2025-04-25 18:04:26\",\"created_by\":\"672\",\"created_by_alias\":\"\",\"modified\":\"2025-05-20 17:17:28\",\"modified_by\":672,\"checked_out\":672,\"checked_out_time\":\"2025-05-20 17:17:05\",\"publish_up\":\"2025-04-25 18:04:26\",\"publish_down\":null,\"images\":\"{\\\"image_intro\\\":\\\"\\\",\\\"image_intro_alt\\\":\\\"\\\",\\\"float_intro\\\":\\\"\\\",\\\"image_intro_caption\\\":\\\"\\\",\\\"image_fulltext\\\":\\\"\\\",\\\"image_fulltext_alt\\\":\\\"\\\",\\\"float_fulltext\\\":\\\"\\\",\\\"image_fulltext_caption\\\":\\\"\\\"}\",\"urls\":\"{\\\"urla\\\":\\\"\\\",\\\"urlatext\\\":\\\"\\\",\\\"targeta\\\":\\\"\\\",\\\"urlb\\\":\\\"\\\",\\\"urlbtext\\\":\\\"\\\",\\\"targetb\\\":\\\"\\\",\\\"urlc\\\":\\\"\\\",\\\"urlctext\\\":\\\"\\\",\\\"targetc\\\":\\\"\\\"}\",\"attribs\":\"{\\\"article_layout\\\":\\\"\\\",\\\"show_title\\\":\\\"\\\",\\\"link_titles\\\":\\\"\\\",\\\"show_tags\\\":\\\"\\\",\\\"show_intro\\\":\\\"\\\",\\\"info_block_position\\\":\\\"\\\",\\\"info_block_show_title\\\":\\\"\\\",\\\"show_category\\\":\\\"\\\",\\\"link_category\\\":\\\"\\\",\\\"show_parent_category\\\":\\\"\\\",\\\"link_parent_category\\\":\\\"\\\",\\\"show_author\\\":\\\"\\\",\\\"link_author\\\":\\\"\\\",\\\"show_create_date\\\":\\\"\\\",\\\"show_modify_date\\\":\\\"\\\",\\\"show_publish_date\\\":\\\"\\\",\\\"show_item_navigation\\\":\\\"\\\",\\\"show_hits\\\":\\\"\\\",\\\"show_noauth\\\":\\\"\\\",\\\"urls_position\\\":\\\"\\\",\\\"alternative_readmore\\\":\\\"\\\",\\\"article_page_title\\\":\\\"\\\",\\\"show_publishing_options\\\":\\\"\\\",\\\"show_article_options\\\":\\\"\\\",\\\"show_urls_images_backend\\\":\\\"\\\",\\\"show_urls_images_frontend\\\":\\\"\\\"}\",\"version\":16,\"ordering\":4,\"metakey\":\"\",\"metadesc\":\"\",\"access\":1,\"hits\":119,\"metadata\":\"{\\\"robots\\\":\\\"\\\",\\\"author\\\":\\\"\\\",\\\"rights\\\":\\\"\\\"}\",\"featured\":\"0\",\"language\":\"*\",\"note\":\"\"}',0),
(49,'com_content.article.2','','2025-05-20 17:17:54',672,2501,'bc88dc178df88c466d67eb1736a11721a6f564a5','{\"id\":\"2\",\"asset_id\":103,\"title\":\"Ventanilla \",\"alias\":\"ventanilla\",\"introtext\":\"<div class=\\\"uk-container container uk-padding-small\\\">\\r\\n<ul class=\\\"uk-list uk-list-disc\\\">\\r\\n<li><a  href=\\\"images\\/site\\/documentos\\/ventanilla\\/Solicitudes_DVM_Signo_Distintivo.pdf\\\">Download Solicitudes_DVM_Signo_Distintivo<\\/a><\\/li>\\r\\n<li><a  href=\\\"images\\/site\\/documentos\\/ventanilla\\/Formato_ingreso_cat\\u00e1logosOrgPue.pdf\\\">Solicitudes DVM Signo Distintivo<\\/a><\\/li>\\r\\n<li><a  href=\\\"images\\/site\\/documentos\\/ventanilla\\/Solicitud_dise\\u00f1o_formato20192024.pdf\\\">Formato de Ingreso al Cat\\u00e1logo Productos Orgullo Puebla<\\/a><\\/li>\\r\\n<li><a  href=\\\"images\\/site\\/documentos\\/ventanilla\\/Solicitudes_DVM_Comercializaci\\u00f3n.pdf\\\">Solicitud de Trabajo de Dise\\u00f1o<\\/a><\\/li>\\r\\n<li><a  href=\\\"images\\/site\\/documentos\\/ventanilla\\/Formato_de_Atenci\\u00f3n_JLCPA.pdf\\\">Solicitud de Asesor\\u00eda para la Comercializaci\\u00f3n de Agroproductos<\\/a><\\/li>\\r\\n<\\/ul>\\r\\n<\\/div>\",\"fulltext\":\"\",\"state\":\"1\",\"catid\":2,\"created\":\"2025-04-25 18:04:26\",\"created_by\":\"672\",\"created_by_alias\":\"\",\"modified\":\"2025-05-20 17:17:54\",\"modified_by\":672,\"checked_out\":672,\"checked_out_time\":\"2025-05-20 17:17:28\",\"publish_up\":\"2025-04-25 18:04:26\",\"publish_down\":null,\"images\":\"{\\\"image_intro\\\":\\\"\\\",\\\"image_intro_alt\\\":\\\"\\\",\\\"float_intro\\\":\\\"\\\",\\\"image_intro_caption\\\":\\\"\\\",\\\"image_fulltext\\\":\\\"\\\",\\\"image_fulltext_alt\\\":\\\"\\\",\\\"float_fulltext\\\":\\\"\\\",\\\"image_fulltext_caption\\\":\\\"\\\"}\",\"urls\":\"{\\\"urla\\\":\\\"\\\",\\\"urlatext\\\":\\\"\\\",\\\"targeta\\\":\\\"\\\",\\\"urlb\\\":\\\"\\\",\\\"urlbtext\\\":\\\"\\\",\\\"targetb\\\":\\\"\\\",\\\"urlc\\\":\\\"\\\",\\\"urlctext\\\":\\\"\\\",\\\"targetc\\\":\\\"\\\"}\",\"attribs\":\"{\\\"article_layout\\\":\\\"\\\",\\\"show_title\\\":\\\"\\\",\\\"link_titles\\\":\\\"\\\",\\\"show_tags\\\":\\\"\\\",\\\"show_intro\\\":\\\"\\\",\\\"info_block_position\\\":\\\"\\\",\\\"info_block_show_title\\\":\\\"\\\",\\\"show_category\\\":\\\"\\\",\\\"link_category\\\":\\\"\\\",\\\"show_parent_category\\\":\\\"\\\",\\\"link_parent_category\\\":\\\"\\\",\\\"show_author\\\":\\\"\\\",\\\"link_author\\\":\\\"\\\",\\\"show_create_date\\\":\\\"\\\",\\\"show_modify_date\\\":\\\"\\\",\\\"show_publish_date\\\":\\\"\\\",\\\"show_item_navigation\\\":\\\"\\\",\\\"show_hits\\\":\\\"\\\",\\\"show_noauth\\\":\\\"\\\",\\\"urls_position\\\":\\\"\\\",\\\"alternative_readmore\\\":\\\"\\\",\\\"article_page_title\\\":\\\"\\\",\\\"show_publishing_options\\\":\\\"\\\",\\\"show_article_options\\\":\\\"\\\",\\\"show_urls_images_backend\\\":\\\"\\\",\\\"show_urls_images_frontend\\\":\\\"\\\"}\",\"version\":17,\"ordering\":4,\"metakey\":\"\",\"metadesc\":\"\",\"access\":1,\"hits\":120,\"metadata\":\"{\\\"robots\\\":\\\"\\\",\\\"author\\\":\\\"\\\",\\\"rights\\\":\\\"\\\"}\",\"featured\":\"0\",\"language\":\"*\",\"note\":\"\"}',0),
(50,'com_content.article.3','','2025-05-20 17:19:17',672,3156,'d1d6e2c63c5d4179d5043d041a30950c69816bca','{\"id\":\"3\",\"asset_id\":104,\"title\":\"Programas Estatales\",\"alias\":\"programas-estatales\",\"introtext\":\"<div class=\\\"uk-container container uk-padding\\\">\\r\\n<ul class=\\\"uk-list uk-list-disc\\\">\\r\\n  <li><a href=\\\"images\\/site\\/documentos\\/programas\\/estatales\\/DESARROLLO_DEL_SECTOR_PECUARIO_Y_ACUICOLA.pdf\\\">\\r\\n    REGLAS DE OPERACI\\u00d3N DEL PROGRAMA RECUPERACI\\u00d3N DEL CAMPO POBLANO. COMPONENTE DESARROLLO DEL SECTOR PECUARIO Y ACU\\u00cdCOLA.\\r\\n  <\\/a><\\/li>\\r\\n  <li><a href=\\\"images\\/site\\/documentos\\/programas\\/estatales\\/FOMENTO_E_INNOVACION_DE_LA_APLICULTURA.pdf\\\"> \\r\\n    REGLAS DE OPERACI\\u00d3N DEL PROGRAMA RECUPERACI\\u00d3N DEL CAMPO POBLANO. COMPONENTE FOMENTO E INNOVACI\\u00d3N DE LA APICULTURA.\\r\\n  <\\/a><\\/li>\\r\\n  <li><a href=\\\"images\\/site\\/documentos\\/programas\\/estatales\\/INNOVACION_Y_SOSTENIBILIDAD_DE_LA_CAFETICULTURA.pdf\\\"> \\r\\n    REGLAS DE OPERACI\\u00d3N DEL PROGRAMA RECUPERACI\\u00d3N DEL CAMPO POBLANO. COMPONENTE INNOVACI\\u00d3N Y SOSTENIBILIDAD DE LA CAFETICULTURA.\\r\\n  <\\/a><\\/li>\\r\\n  <li><a href=\\\"images\\/site\\/documentos\\/programas\\/estatales\\/MODERNIZACION_Y_EQUIPAMIENTO_DEL_CAMPO.pdf\\\"> \\r\\n    REGLAS DE OPERACI\\u00d3N DEL PROGRAMA DESARROLLO RURAL, PRODUCTIVIDAD DE LOS PEQUE\\u00d1OS PRODUCTORES. COMPONENTE MODERNIZACI\\u00d3N Y EQUIPAMIENTO DEL CAMPO.\\r\\n  <\\/a><\\/li>\\r\\n  <li><a href=\\\"images\\/site\\/documentos\\/programas\\/estatales\\/INSUMOS_ESTRATEGICOS_PARA_LA_PRODUCCION.pdf\\\"> \\r\\n   REGLAS DE OPERACI\\u00d3N DEL PROGRAMA DE DESARROLLO RURAL, PRODUCTIVIDAD DE LOS PEQUE\\u00d1OS PRODUCTORES. COMPONENTE INSUMOS ESTRAT\\u00c9GICOS PARA LA PRODUCCI\\u00d3N.\\r\\n  <\\/a><\\/li>\\r\\n<\\/ul>\\r\\n<\\/div>\",\"fulltext\":\"\",\"state\":\"1\",\"catid\":2,\"created\":\"2025-04-25 19:42:01\",\"created_by\":\"672\",\"created_by_alias\":\"\",\"modified\":\"2025-05-20 17:19:17\",\"modified_by\":672,\"checked_out\":672,\"checked_out_time\":\"2025-05-20 17:19:06\",\"publish_up\":\"2025-04-25 19:42:01\",\"publish_down\":null,\"images\":\"{\\\"image_intro\\\":\\\"\\\",\\\"image_intro_alt\\\":\\\"\\\",\\\"float_intro\\\":\\\"\\\",\\\"image_intro_caption\\\":\\\"\\\",\\\"image_fulltext\\\":\\\"\\\",\\\"image_fulltext_alt\\\":\\\"\\\",\\\"float_fulltext\\\":\\\"\\\",\\\"image_fulltext_caption\\\":\\\"\\\"}\",\"urls\":\"{\\\"urla\\\":\\\"\\\",\\\"urlatext\\\":\\\"\\\",\\\"targeta\\\":\\\"\\\",\\\"urlb\\\":\\\"\\\",\\\"urlbtext\\\":\\\"\\\",\\\"targetb\\\":\\\"\\\",\\\"urlc\\\":\\\"\\\",\\\"urlctext\\\":\\\"\\\",\\\"targetc\\\":\\\"\\\"}\",\"attribs\":\"{\\\"article_layout\\\":\\\"\\\",\\\"show_title\\\":\\\"\\\",\\\"link_titles\\\":\\\"\\\",\\\"show_tags\\\":\\\"\\\",\\\"show_intro\\\":\\\"\\\",\\\"info_block_position\\\":\\\"\\\",\\\"info_block_show_title\\\":\\\"\\\",\\\"show_category\\\":\\\"\\\",\\\"link_category\\\":\\\"\\\",\\\"show_parent_category\\\":\\\"\\\",\\\"link_parent_category\\\":\\\"\\\",\\\"show_author\\\":\\\"\\\",\\\"link_author\\\":\\\"\\\",\\\"show_create_date\\\":\\\"\\\",\\\"show_modify_date\\\":\\\"\\\",\\\"show_publish_date\\\":\\\"\\\",\\\"show_item_navigation\\\":\\\"\\\",\\\"show_hits\\\":\\\"\\\",\\\"show_noauth\\\":\\\"\\\",\\\"urls_position\\\":\\\"\\\",\\\"alternative_readmore\\\":\\\"\\\",\\\"article_page_title\\\":\\\"\\\",\\\"show_publishing_options\\\":\\\"\\\",\\\"show_article_options\\\":\\\"\\\",\\\"show_urls_images_backend\\\":\\\"\\\",\\\"show_urls_images_frontend\\\":\\\"\\\"}\",\"version\":2,\"ordering\":3,\"metakey\":\"\",\"metadesc\":\"\",\"access\":1,\"hits\":38,\"metadata\":\"{\\\"robots\\\":\\\"\\\",\\\"author\\\":\\\"\\\",\\\"rights\\\":\\\"\\\"}\",\"featured\":\"0\",\"language\":\"*\",\"note\":\"\"}',0),
(51,'com_content.article.4','','2025-05-20 17:19:51',672,2892,'9a959cc42de3271546a5a3990fbfb70081641d17','{\"id\":\"4\",\"asset_id\":105,\"title\":\"Programas en concurrencia (federales)\",\"alias\":\"programas-federales\",\"introtext\":\"<div class=\\\"uk-container container uk-padding\\\">\\r\\n<ul class=\\\"uk-list uk-list-disc\\\">\\r\\n   <li><a href=\\\"images\\/site\\/documentos\\/programas\\/federales\\/rop-programa-de-sanidad-e-inocuidad-agroalimentaria-2019.pdf\\\">\\r\\n    ROP Programa de Sanidad e Inocuidad Agroalimentaria 2019\\r\\n  <\\/a><\\/li>\\r\\n    <li><a href=\\\"images\\/site\\/documentos\\/programas\\/federales\\/programa-de-concurrencia-con-las-entidades-federativas-2019.pdf\\\">\\r\\n    Programa de Concurrencia con las entidades federativas 2019\\r\\n  <\\/a><\\/li>\\r\\n   <li><a href=\\\"images\\/site\\/documentos\\/programas\\/federales\\/lineamientos-tecnicos-especificos-para-la-ejecucion-y-operacion-del-programa-de-sanidad-e-inocuidad-agroalimentaria-2019.pdf\\\">\\r\\n    Lineamientos T\\u00e9cnicos Espec\\u00edficos para la Ejecuci\\u00f3n y Operaci\\u00f3n del Programa de Sanidad e Inocuidad Agroalimentaria 2019\\r\\n  <\\/a><\\/li>\\r\\n  <li><a href=\\\"images\\/site\\/documentos\\/programas\\/federales\\/lineamiento-de-operacion-del-programa-de-desarrollo-rural-de-la-secretaria-de-desarrollo-rural-para-el-ejercicio-fiscal-2019.pdf\\\">\\r\\n    Lineamiento de Operaci\\u00f3n del Programa de Desarrollo Rural de la Secretar\\u00eda de Desarrollo Rural para el ejercicio fiscal 2019\\r\\n  <\\/a><\\/li>\\r\\n<\\/ul>\\r\\n<\\/div>\",\"fulltext\":\"\",\"state\":\"1\",\"catid\":2,\"created\":\"2025-04-25 19:52:13\",\"created_by\":\"672\",\"created_by_alias\":\"\",\"modified\":\"2025-05-20 17:19:51\",\"modified_by\":672,\"checked_out\":672,\"checked_out_time\":\"2025-05-20 17:19:44\",\"publish_up\":\"2025-04-25 19:52:13\",\"publish_down\":null,\"images\":\"{\\\"image_intro\\\":\\\"\\\",\\\"image_intro_alt\\\":\\\"\\\",\\\"float_intro\\\":\\\"\\\",\\\"image_intro_caption\\\":\\\"\\\",\\\"image_fulltext\\\":\\\"\\\",\\\"image_fulltext_alt\\\":\\\"\\\",\\\"float_fulltext\\\":\\\"\\\",\\\"image_fulltext_caption\\\":\\\"\\\"}\",\"urls\":\"{\\\"urla\\\":\\\"\\\",\\\"urlatext\\\":\\\"\\\",\\\"targeta\\\":\\\"\\\",\\\"urlb\\\":\\\"\\\",\\\"urlbtext\\\":\\\"\\\",\\\"targetb\\\":\\\"\\\",\\\"urlc\\\":\\\"\\\",\\\"urlctext\\\":\\\"\\\",\\\"targetc\\\":\\\"\\\"}\",\"attribs\":\"{\\\"article_layout\\\":\\\"\\\",\\\"show_title\\\":\\\"\\\",\\\"link_titles\\\":\\\"\\\",\\\"show_tags\\\":\\\"\\\",\\\"show_intro\\\":\\\"\\\",\\\"info_block_position\\\":\\\"\\\",\\\"info_block_show_title\\\":\\\"\\\",\\\"show_category\\\":\\\"\\\",\\\"link_category\\\":\\\"\\\",\\\"show_parent_category\\\":\\\"\\\",\\\"link_parent_category\\\":\\\"\\\",\\\"show_author\\\":\\\"\\\",\\\"link_author\\\":\\\"\\\",\\\"show_create_date\\\":\\\"\\\",\\\"show_modify_date\\\":\\\"\\\",\\\"show_publish_date\\\":\\\"\\\",\\\"show_item_navigation\\\":\\\"\\\",\\\"show_hits\\\":\\\"\\\",\\\"show_noauth\\\":\\\"\\\",\\\"urls_position\\\":\\\"\\\",\\\"alternative_readmore\\\":\\\"\\\",\\\"article_page_title\\\":\\\"\\\",\\\"show_publishing_options\\\":\\\"\\\",\\\"show_article_options\\\":\\\"\\\",\\\"show_urls_images_backend\\\":\\\"\\\",\\\"show_urls_images_frontend\\\":\\\"\\\"}\",\"version\":4,\"ordering\":2,\"metakey\":\"\",\"metadesc\":\"\",\"access\":1,\"hits\":29,\"metadata\":\"{\\\"robots\\\":\\\"\\\",\\\"author\\\":\\\"\\\",\\\"rights\\\":\\\"\\\"}\",\"featured\":\"0\",\"language\":\"*\",\"note\":\"\"}',0),
(52,'com_content.article.9','','2025-05-20 18:20:50',672,1952,'0334e00fea045278ee96c8991c6d8b3b4e6c63f0','{\"id\":\"9\",\"asset_id\":124,\"title\":\"COMPONENTE: DESARROLLO DEL SECTOR PECUARIO Y ACU\\u00cdCOLA.\",\"alias\":\"componente-desarrollo-del-sector-pecuario-y-acuicola\",\"introtext\":\"\",\"fulltext\":\"\",\"state\":\"1\",\"catid\":9,\"created\":\"2025-05-15 21:47:59\",\"created_by\":\"672\",\"created_by_alias\":\"\",\"modified\":\"2025-05-20 18:20:50\",\"modified_by\":672,\"checked_out\":672,\"checked_out_time\":\"2025-05-20 18:20:21\",\"publish_up\":\"2025-05-15 21:47:59\",\"publish_down\":null,\"images\":\"{\\\"image_intro\\\":\\\"images\\\\\\/site\\\\\\/convocatoria\\\\\\/convocatoria3.jpg#joomlaImage:\\\\\\/\\\\\\/local-images\\\\\\/site\\\\\\/convocatoria\\\\\\/convocatoria3.jpg?width=900&height=987\\\",\\\"image_intro_alt\\\":\\\"\\\",\\\"float_intro\\\":\\\"\\\",\\\"image_intro_caption\\\":\\\"\\\",\\\"image_fulltext\\\":\\\"\\\",\\\"image_fulltext_alt\\\":\\\"\\\",\\\"float_fulltext\\\":\\\"\\\",\\\"image_fulltext_caption\\\":\\\"\\\"}\",\"urls\":\"{\\\"urla\\\":\\\"\\\\\\/sdr\\\\\\/images\\\\\\/site\\\\\\/documentos\\\\\\/convocatorias\\\\\\/CONVOCATORIA_DESARROLLO_SECTOR_PECUARIO_ACUICOLA_2025.pdf\\\",\\\"urlatext\\\":\\\"\\\",\\\"targeta\\\":\\\"\\\",\\\"urlb\\\":\\\"\\\",\\\"urlbtext\\\":\\\"\\\",\\\"targetb\\\":\\\"\\\",\\\"urlc\\\":\\\"\\\",\\\"urlctext\\\":\\\"\\\",\\\"targetc\\\":\\\"\\\"}\",\"attribs\":\"{\\\"article_layout\\\":\\\"\\\",\\\"show_title\\\":\\\"\\\",\\\"link_titles\\\":\\\"\\\",\\\"show_tags\\\":\\\"\\\",\\\"show_intro\\\":\\\"\\\",\\\"info_block_position\\\":\\\"\\\",\\\"info_block_show_title\\\":\\\"\\\",\\\"show_category\\\":\\\"\\\",\\\"link_category\\\":\\\"\\\",\\\"show_parent_category\\\":\\\"\\\",\\\"link_parent_category\\\":\\\"\\\",\\\"show_author\\\":\\\"\\\",\\\"link_author\\\":\\\"\\\",\\\"show_create_date\\\":\\\"\\\",\\\"show_modify_date\\\":\\\"\\\",\\\"show_publish_date\\\":\\\"\\\",\\\"show_item_navigation\\\":\\\"\\\",\\\"show_hits\\\":\\\"\\\",\\\"show_noauth\\\":\\\"\\\",\\\"urls_position\\\":\\\"\\\",\\\"alternative_readmore\\\":\\\"\\\",\\\"article_page_title\\\":\\\"\\\",\\\"show_publishing_options\\\":\\\"\\\",\\\"show_article_options\\\":\\\"\\\",\\\"show_urls_images_backend\\\":\\\"\\\",\\\"show_urls_images_frontend\\\":\\\"\\\"}\",\"version\":5,\"ordering\":0,\"metakey\":\"\",\"metadesc\":\"\",\"access\":1,\"hits\":0,\"metadata\":\"{\\\"robots\\\":\\\"\\\",\\\"author\\\":\\\"\\\",\\\"rights\\\":\\\"\\\"}\",\"featured\":\"0\",\"language\":\"*\",\"note\":\"\"}',0),
(53,'com_content.article.8','','2025-05-20 18:21:08',672,1949,'449b1a9d645d46e49fbdd46c136b44e2fe443887','{\"id\":\"8\",\"asset_id\":123,\"title\":\"COMPONENTE: MODERNIZACI\\u00d3N Y EQUIPAMIENTO DEL CAMPO.\",\"alias\":\"componente-modernizacion-y-equipamiento-del-campo\",\"introtext\":\"\",\"fulltext\":\"\",\"state\":\"1\",\"catid\":9,\"created\":\"2025-05-15 21:45:39\",\"created_by\":\"672\",\"created_by_alias\":\"\",\"modified\":\"2025-05-20 18:21:08\",\"modified_by\":672,\"checked_out\":672,\"checked_out_time\":\"2025-05-20 18:20:54\",\"publish_up\":\"2025-05-15 21:45:39\",\"publish_down\":null,\"images\":\"{\\\"image_intro\\\":\\\"images\\\\\\/site\\\\\\/convocatoria\\\\\\/convocatoria2.jpg#joomlaImage:\\\\\\/\\\\\\/local-images\\\\\\/site\\\\\\/convocatoria\\\\\\/convocatoria2.jpg?width=900&height=987\\\",\\\"image_intro_alt\\\":\\\"\\\",\\\"float_intro\\\":\\\"\\\",\\\"image_intro_caption\\\":\\\"\\\",\\\"image_fulltext\\\":\\\"\\\",\\\"image_fulltext_alt\\\":\\\"\\\",\\\"float_fulltext\\\":\\\"\\\",\\\"image_fulltext_caption\\\":\\\"\\\"}\",\"urls\":\"{\\\"urla\\\":\\\"\\\\\\/sdr\\\\\\/images\\\\\\/site\\\\\\/documentos\\\\\\/convocatorias\\\\\\/CONVOCATORIA_MODERNIZACION_Y_EQUIPAMIENTO_DEL_CAMPO_2025.pdf\\\",\\\"urlatext\\\":\\\"\\\",\\\"targeta\\\":\\\"\\\",\\\"urlb\\\":\\\"\\\",\\\"urlbtext\\\":\\\"\\\",\\\"targetb\\\":\\\"\\\",\\\"urlc\\\":\\\"\\\",\\\"urlctext\\\":\\\"\\\",\\\"targetc\\\":\\\"\\\"}\",\"attribs\":\"{\\\"article_layout\\\":\\\"\\\",\\\"show_title\\\":\\\"\\\",\\\"link_titles\\\":\\\"\\\",\\\"show_tags\\\":\\\"\\\",\\\"show_intro\\\":\\\"\\\",\\\"info_block_position\\\":\\\"\\\",\\\"info_block_show_title\\\":\\\"\\\",\\\"show_category\\\":\\\"\\\",\\\"link_category\\\":\\\"\\\",\\\"show_parent_category\\\":\\\"\\\",\\\"link_parent_category\\\":\\\"\\\",\\\"show_author\\\":\\\"\\\",\\\"link_author\\\":\\\"\\\",\\\"show_create_date\\\":\\\"\\\",\\\"show_modify_date\\\":\\\"\\\",\\\"show_publish_date\\\":\\\"\\\",\\\"show_item_navigation\\\":\\\"\\\",\\\"show_hits\\\":\\\"\\\",\\\"show_noauth\\\":\\\"\\\",\\\"urls_position\\\":\\\"\\\",\\\"alternative_readmore\\\":\\\"\\\",\\\"article_page_title\\\":\\\"\\\",\\\"show_publishing_options\\\":\\\"\\\",\\\"show_article_options\\\":\\\"\\\",\\\"show_urls_images_backend\\\":\\\"\\\",\\\"show_urls_images_frontend\\\":\\\"\\\"}\",\"version\":4,\"ordering\":0,\"metakey\":\"\",\"metadesc\":\"\",\"access\":1,\"hits\":0,\"metadata\":\"{\\\"robots\\\":\\\"\\\",\\\"author\\\":\\\"\\\",\\\"rights\\\":\\\"\\\"}\",\"featured\":\"0\",\"language\":\"*\",\"note\":\"\"}',0),
(54,'com_content.article.7','','2025-05-20 18:21:23',672,1957,'a0545b9d797ea0712846ebf7fa40d3ee5eb04998','{\"id\":\"7\",\"asset_id\":122,\"title\":\"COMPONENTE: INSUMOS ESTRAT\\u00c9GICOS PARA LA PRODUCCI\\u00d3N.\",\"alias\":\"componente-insumos-estrategicos-para-la-produccion\",\"introtext\":\"\",\"fulltext\":\"\",\"state\":\"1\",\"catid\":9,\"created\":\"2025-05-15 19:44:35\",\"created_by\":\"672\",\"created_by_alias\":\"\",\"modified\":\"2025-05-20 18:21:23\",\"modified_by\":672,\"checked_out\":672,\"checked_out_time\":\"2025-05-20 18:21:12\",\"publish_up\":\"2025-05-15 19:44:35\",\"publish_down\":null,\"images\":\"{\\\"image_intro\\\":\\\"images\\\\\\/site\\\\\\/convocatoria\\\\\\/convocatoria1.jpg#joomlaImage:\\\\\\/\\\\\\/local-images\\\\\\/site\\\\\\/convocatoria\\\\\\/convocatoria1.jpg?width=900&height=987\\\",\\\"image_intro_alt\\\":\\\"\\\",\\\"float_intro\\\":\\\"\\\",\\\"image_intro_caption\\\":\\\"\\\",\\\"image_fulltext\\\":\\\"\\\",\\\"image_fulltext_alt\\\":\\\"\\\",\\\"float_fulltext\\\":\\\"\\\",\\\"image_fulltext_caption\\\":\\\"\\\"}\",\"urls\":\"{\\\"urla\\\":\\\"\\\\\\/sdr\\\\\\/images\\\\\\/site\\\\\\/documentos\\\\\\/convocatorias\\\\\\/CONVOCATORIA_INSUMOS_ESTRATEGICOS_PARA_LA_PRODUCCION_2025.pdf\\\",\\\"urlatext\\\":\\\"\\\",\\\"targeta\\\":\\\"\\\",\\\"urlb\\\":\\\"\\\",\\\"urlbtext\\\":\\\"\\\",\\\"targetb\\\":\\\"\\\",\\\"urlc\\\":\\\"\\\",\\\"urlctext\\\":\\\"\\\",\\\"targetc\\\":\\\"\\\"}\",\"attribs\":\"{\\\"article_layout\\\":\\\"\\\",\\\"show_title\\\":\\\"\\\",\\\"link_titles\\\":\\\"\\\",\\\"show_tags\\\":\\\"\\\",\\\"show_intro\\\":\\\"\\\",\\\"info_block_position\\\":\\\"\\\",\\\"info_block_show_title\\\":\\\"\\\",\\\"show_category\\\":\\\"\\\",\\\"link_category\\\":\\\"\\\",\\\"show_parent_category\\\":\\\"\\\",\\\"link_parent_category\\\":\\\"\\\",\\\"show_author\\\":\\\"\\\",\\\"link_author\\\":\\\"\\\",\\\"show_create_date\\\":\\\"\\\",\\\"show_modify_date\\\":\\\"\\\",\\\"show_publish_date\\\":\\\"\\\",\\\"show_item_navigation\\\":\\\"\\\",\\\"show_hits\\\":\\\"\\\",\\\"show_noauth\\\":\\\"\\\",\\\"urls_position\\\":\\\"\\\",\\\"alternative_readmore\\\":\\\"\\\",\\\"article_page_title\\\":\\\"\\\",\\\"show_publishing_options\\\":\\\"\\\",\\\"show_article_options\\\":\\\"\\\",\\\"show_urls_images_backend\\\":\\\"\\\",\\\"show_urls_images_frontend\\\":\\\"\\\"}\",\"version\":7,\"ordering\":1,\"metakey\":\"\",\"metadesc\":\"\",\"access\":1,\"hits\":0,\"metadata\":\"{\\\"robots\\\":\\\"\\\",\\\"author\\\":\\\"\\\",\\\"rights\\\":\\\"\\\"}\",\"featured\":\"0\",\"language\":\"*\",\"note\":\"\"}',0),
(55,'com_content.article.16','','2025-05-20 18:45:40',672,1779,'0bf97a17dbfedf721889c9fc36c107e0d5b428c9','{\"id\":16,\"asset_id\":144,\"title\":\" PROGRAMA MUJER RURAL EMPRENDEDORA\",\"alias\":\"programa-mujer-rural-emprendedora\",\"introtext\":\"\",\"fulltext\":\"\",\"state\":\"1\",\"catid\":9,\"created\":\"2025-05-20 18:45:40\",\"created_by\":672,\"created_by_alias\":\"\",\"modified\":\"2025-05-20 18:45:40\",\"modified_by\":672,\"checked_out\":null,\"checked_out_time\":null,\"publish_up\":\"2025-05-20 18:45:40\",\"publish_down\":null,\"images\":\"{\\\"image_intro\\\":\\\"images\\\\\\/site\\\\\\/convocatoria\\\\\\/convocatoria10.jpg#joomlaImage:\\\\\\/\\\\\\/local-images\\\\\\/site\\\\\\/convocatoria\\\\\\/convocatoria10.jpg?width=600&height=658\\\",\\\"image_intro_alt\\\":\\\"\\\",\\\"float_intro\\\":\\\"\\\",\\\"image_intro_caption\\\":\\\"\\\",\\\"image_fulltext\\\":\\\"\\\",\\\"image_fulltext_alt\\\":\\\"\\\",\\\"float_fulltext\\\":\\\"\\\",\\\"image_fulltext_caption\\\":\\\"\\\"}\",\"urls\":\"{\\\"urla\\\":\\\"\\\",\\\"urlatext\\\":\\\"\\\",\\\"targeta\\\":\\\"\\\",\\\"urlb\\\":\\\"\\\",\\\"urlbtext\\\":\\\"\\\",\\\"targetb\\\":\\\"\\\",\\\"urlc\\\":\\\"\\\",\\\"urlctext\\\":\\\"\\\",\\\"targetc\\\":\\\"\\\"}\",\"attribs\":\"{\\\"article_layout\\\":\\\"\\\",\\\"show_title\\\":\\\"\\\",\\\"link_titles\\\":\\\"\\\",\\\"show_tags\\\":\\\"\\\",\\\"show_intro\\\":\\\"\\\",\\\"info_block_position\\\":\\\"\\\",\\\"info_block_show_title\\\":\\\"\\\",\\\"show_category\\\":\\\"\\\",\\\"link_category\\\":\\\"\\\",\\\"show_parent_category\\\":\\\"\\\",\\\"link_parent_category\\\":\\\"\\\",\\\"show_author\\\":\\\"\\\",\\\"link_author\\\":\\\"\\\",\\\"show_create_date\\\":\\\"\\\",\\\"show_modify_date\\\":\\\"\\\",\\\"show_publish_date\\\":\\\"\\\",\\\"show_item_navigation\\\":\\\"\\\",\\\"show_hits\\\":\\\"\\\",\\\"show_noauth\\\":\\\"\\\",\\\"urls_position\\\":\\\"\\\",\\\"alternative_readmore\\\":\\\"\\\",\\\"article_page_title\\\":\\\"\\\",\\\"show_publishing_options\\\":\\\"\\\",\\\"show_article_options\\\":\\\"\\\",\\\"show_urls_images_backend\\\":\\\"\\\",\\\"show_urls_images_frontend\\\":\\\"\\\"}\",\"version\":\"1\",\"ordering\":null,\"metakey\":\"\",\"metadesc\":\"\",\"access\":1,\"hits\":0,\"metadata\":\"{\\\"robots\\\":\\\"\\\",\\\"author\\\":\\\"\\\",\\\"rights\\\":\\\"\\\"}\",\"featured\":\"0\",\"language\":\"*\",\"note\":\"\"}',0),
(56,'com_content.article.16','','2025-05-20 18:46:28',672,1895,'0d69f8c46c706a078a04aca234c0334ccf4ea953','{\"id\":\"16\",\"asset_id\":144,\"title\":\" PROGRAMA MUJER RURAL EMPRENDEDORA\",\"alias\":\"programa-mujer-rural-emprendedora\",\"introtext\":\"\",\"fulltext\":\"\",\"state\":\"1\",\"catid\":9,\"created\":\"2025-05-20 18:45:40\",\"created_by\":\"672\",\"created_by_alias\":\"\",\"modified\":\"2025-05-20 18:46:28\",\"modified_by\":672,\"checked_out\":672,\"checked_out_time\":\"2025-05-20 18:45:56\",\"publish_up\":\"2025-05-20 18:45:40\",\"publish_down\":null,\"images\":\"{\\\"image_intro\\\":\\\"images\\\\\\/site\\\\\\/convocatoria\\\\\\/convocatoria10.jpg#joomlaImage:\\\\\\/\\\\\\/local-images\\\\\\/site\\\\\\/convocatoria\\\\\\/convocatoria10.jpg?width=600&height=658\\\",\\\"image_intro_alt\\\":\\\"\\\",\\\"float_intro\\\":\\\"\\\",\\\"image_intro_caption\\\":\\\"\\\",\\\"image_fulltext\\\":\\\"\\\",\\\"image_fulltext_alt\\\":\\\"\\\",\\\"float_fulltext\\\":\\\"\\\",\\\"image_fulltext_caption\\\":\\\"\\\"}\",\"urls\":\"{\\\"urla\\\":\\\"\\\\\\/sdr\\\\\\/images\\\\\\/site\\\\\\/documentos\\\\\\/convocatorias\\\\\\/CONVOCATORIA_MUJER_RURAL_EMPRENDEDORA.pdf\\\",\\\"urlatext\\\":\\\"\\\",\\\"targeta\\\":\\\"\\\",\\\"urlb\\\":\\\"\\\",\\\"urlbtext\\\":\\\"\\\",\\\"targetb\\\":\\\"\\\",\\\"urlc\\\":\\\"\\\",\\\"urlctext\\\":\\\"\\\",\\\"targetc\\\":\\\"\\\"}\",\"attribs\":\"{\\\"article_layout\\\":\\\"\\\",\\\"show_title\\\":\\\"\\\",\\\"link_titles\\\":\\\"\\\",\\\"show_tags\\\":\\\"\\\",\\\"show_intro\\\":\\\"\\\",\\\"info_block_position\\\":\\\"\\\",\\\"info_block_show_title\\\":\\\"\\\",\\\"show_category\\\":\\\"\\\",\\\"link_category\\\":\\\"\\\",\\\"show_parent_category\\\":\\\"\\\",\\\"link_parent_category\\\":\\\"\\\",\\\"show_author\\\":\\\"\\\",\\\"link_author\\\":\\\"\\\",\\\"show_create_date\\\":\\\"\\\",\\\"show_modify_date\\\":\\\"\\\",\\\"show_publish_date\\\":\\\"\\\",\\\"show_item_navigation\\\":\\\"\\\",\\\"show_hits\\\":\\\"\\\",\\\"show_noauth\\\":\\\"\\\",\\\"urls_position\\\":\\\"\\\",\\\"alternative_readmore\\\":\\\"\\\",\\\"article_page_title\\\":\\\"\\\",\\\"show_publishing_options\\\":\\\"\\\",\\\"show_article_options\\\":\\\"\\\",\\\"show_urls_images_backend\\\":\\\"\\\",\\\"show_urls_images_frontend\\\":\\\"\\\"}\",\"version\":2,\"ordering\":0,\"metakey\":\"\",\"metadesc\":\"\",\"access\":1,\"hits\":0,\"metadata\":\"{\\\"robots\\\":\\\"\\\",\\\"author\\\":\\\"\\\",\\\"rights\\\":\\\"\\\"}\",\"featured\":\"0\",\"language\":\"*\",\"note\":\"\"}',0),
(59,'com_content.article.14','','2025-05-20 22:15:37',672,3761,'c6d96bbd1fbe1bcfcd655993113bf880b352c3ed','{\"id\":\"14\",\"asset_id\":132,\"title\":\"Ruta del Mezcal\",\"alias\":\"ruta-del-mezcal\",\"introtext\":\"<div class=\\\"uk-child-width-expand@s\\\" uk-grid>\\r\\n    <div class=\\\"uk-grid-item-match\\\">\\r\\n        <div class=\\\"uk-card uk-card-default \\\">\\r\\n             <iframe src=\\\"https:\\/\\/www.google.com\\/maps\\/d\\/embed?mid=1LmGr8KMQaP2HvuiU3qzGg-Yso23Qp8fQ\\\" width=\\\"100%\\\" height=\\\"320\\\"><\\/iframe>\\r\\n        <\\/div>\\r\\n        <div class=\\\"uk-panel\\\">\\r\\n            <h3>Municipios<\\/h3>\\r\\n            <ul>\\r\\n                <li>Huehuetl\\u00e1n el Grande<\\/li>\\r\\n                <li>Tzicatlacoyan<\\/li>\\r\\n            <\\/ul>\\r\\n        <\\/div>\\r\\n        <div class=\\\"uk-panel\\\">\\r\\n            <h3>Atractivos Naturales, Arqueol\\u00f3gicos,  Arquitect\\u00f3nicos, Culturales<\\/h3>\\r\\n            <ul>\\r\\n                <li>Huehuetl\\u00e1n el Grande: Cordillera del Tenzo, balneario aguas termales Atotonilco, cascada San Agust\\u00edn Ahuehuetla, <\\/li>\\r\\n                <li>Tzicatlacoyan: Templo San Bernardino Tepenene.<\\/li>\\r\\n            <\\/ul>\\r\\n        <\\/div>\\r\\n    <\\/div>\\r\\n\\r\\n    <div class=\\\"uk-grid-item-match\\\">\\r\\n        <div class=\\\"uk-panel\\\">\\r\\n            <h3>Puntos Agrotur\\u00edsticos<\\/h3>\\r\\n            <ul>\\r\\n                <li>Huehuetl\\u00e1n el Grande: Vivero, parcelas y palenques: Rancho el Gallo mezcalero, Orgullo Poblano, Tesoro de Atlapulco<\\/li>\\r\\n                <li>Tzicatlacoyan: Palenque mezcalero la Perla del Tepenene<\\/li>\\r\\n            <\\/ul>\\r\\n        <\\/div>\\r\\n\\r\\n        <div class=\\\"uk-panel\\\"><\\/div>\\r\\n            <h3>Establecimientos de hospedaje registrados seg\\u00fan tipo de alojamiento (Hoteles, Moteles, Caba\\u00f1as, Etc.)<\\/h3>\\r\\n            <ul>\\r\\n                <li>Huehuetl\\u00e1n el Grande: 0<\\/li>\\r\\n                <li>Tzicatlacoyan: 0<\\/li>\\r\\n            <\\/ul>\\r\\n        <\\/div>\\r\\n\\r\\n        <div class=\\\"uk-panel\\\">\\r\\n            <h3>Establecimientos de servicio de alimentos y de bebidas con categor\\u00eda tur\\u00edstica (Restaurantes, Cafeter\\u00edas, Bares, Etc.)<\\/h3>\\r\\n            <ul>\\r\\n                <li>Huehuetl\\u00e1n el Grande: 6<\\/li>\\r\\n                <li>Tzicatlacoyan: 0<\\/li>\\r\\n            <\\/ul>\\r\\n        <\\/div>\\r\\n    <\\/div>\\r\\n<\\/div>\",\"fulltext\":\"\",\"state\":\"1\",\"catid\":10,\"created\":\"2025-05-15 22:53:17\",\"created_by\":\"672\",\"created_by_alias\":\"\",\"modified\":\"2025-05-20 22:15:37\",\"modified_by\":672,\"checked_out\":672,\"checked_out_time\":\"2025-05-20 22:14:29\",\"publish_up\":\"2025-05-15 22:53:17\",\"publish_down\":null,\"images\":\"{\\\"image_intro\\\":\\\"\\\",\\\"image_intro_alt\\\":\\\"\\\",\\\"float_intro\\\":\\\"\\\",\\\"image_intro_caption\\\":\\\"\\\",\\\"image_fulltext\\\":\\\"\\\",\\\"image_fulltext_alt\\\":\\\"\\\",\\\"float_fulltext\\\":\\\"\\\",\\\"image_fulltext_caption\\\":\\\"\\\"}\",\"urls\":\"{\\\"urla\\\":\\\"\\\",\\\"urlatext\\\":\\\"\\\",\\\"targeta\\\":\\\"\\\",\\\"urlb\\\":\\\"\\\",\\\"urlbtext\\\":\\\"\\\",\\\"targetb\\\":\\\"\\\",\\\"urlc\\\":\\\"\\\",\\\"urlctext\\\":\\\"\\\",\\\"targetc\\\":\\\"\\\"}\",\"attribs\":\"{\\\"article_layout\\\":\\\"\\\",\\\"show_title\\\":\\\"\\\",\\\"link_titles\\\":\\\"\\\",\\\"show_tags\\\":\\\"\\\",\\\"show_intro\\\":\\\"\\\",\\\"info_block_position\\\":\\\"\\\",\\\"info_block_show_title\\\":\\\"\\\",\\\"show_category\\\":\\\"\\\",\\\"link_category\\\":\\\"\\\",\\\"show_parent_category\\\":\\\"\\\",\\\"link_parent_category\\\":\\\"\\\",\\\"show_author\\\":\\\"\\\",\\\"link_author\\\":\\\"\\\",\\\"show_create_date\\\":\\\"\\\",\\\"show_modify_date\\\":\\\"\\\",\\\"show_publish_date\\\":\\\"\\\",\\\"show_item_navigation\\\":\\\"\\\",\\\"show_hits\\\":\\\"\\\",\\\"show_noauth\\\":\\\"\\\",\\\"urls_position\\\":\\\"\\\",\\\"alternative_readmore\\\":\\\"\\\",\\\"article_page_title\\\":\\\"\\\",\\\"show_publishing_options\\\":\\\"\\\",\\\"show_article_options\\\":\\\"\\\",\\\"show_urls_images_backend\\\":\\\"\\\",\\\"show_urls_images_frontend\\\":\\\"\\\"}\",\"version\":4,\"ordering\":0,\"metakey\":\"\",\"metadesc\":\"\",\"access\":1,\"hits\":27,\"metadata\":\"{\\\"robots\\\":\\\"\\\",\\\"author\\\":\\\"\\\",\\\"rights\\\":\\\"\\\"}\",\"featured\":\"0\",\"language\":\"*\",\"note\":\"\"}',0),
(60,'com_content.article.14','','2025-05-20 22:17:13',672,3766,'8b656689312f0c25ddfe9074376b5abc4b446e41','{\"id\":\"14\",\"asset_id\":132,\"title\":\"Ruta del Mezcal\",\"alias\":\"ruta-del-mezcal\",\"introtext\":\"<div class=\\\"uk-grid uk-child-width-1-2@s\\\" uk-grid>\\r\\n    <div class=\\\"uk-grid-item-match\\\">\\r\\n        <div class=\\\"uk-card uk-card-default \\\">\\r\\n             <iframe src=\\\"https:\\/\\/www.google.com\\/maps\\/d\\/embed?mid=1LmGr8KMQaP2HvuiU3qzGg-Yso23Qp8fQ\\\" width=\\\"100%\\\" height=\\\"320\\\"><\\/iframe>\\r\\n        <\\/div>\\r\\n        <div class=\\\"uk-panel\\\">\\r\\n            <h3>Municipios<\\/h3>\\r\\n            <ul>\\r\\n                <li>Huehuetl\\u00e1n el Grande<\\/li>\\r\\n                <li>Tzicatlacoyan<\\/li>\\r\\n            <\\/ul>\\r\\n        <\\/div>\\r\\n        <div class=\\\"uk-panel\\\">\\r\\n            <h3>Atractivos Naturales, Arqueol\\u00f3gicos,  Arquitect\\u00f3nicos, Culturales<\\/h3>\\r\\n            <ul>\\r\\n                <li>Huehuetl\\u00e1n el Grande: Cordillera del Tenzo, balneario aguas termales Atotonilco, cascada San Agust\\u00edn Ahuehuetla, <\\/li>\\r\\n                <li>Tzicatlacoyan: Templo San Bernardino Tepenene.<\\/li>\\r\\n            <\\/ul>\\r\\n        <\\/div>\\r\\n    <\\/div>\\r\\n\\r\\n    <div class=\\\"uk-grid-item-match\\\">\\r\\n        <div class=\\\"uk-panel\\\">\\r\\n            <h3>Puntos Agrotur\\u00edsticos<\\/h3>\\r\\n            <ul>\\r\\n                <li>Huehuetl\\u00e1n el Grande: Vivero, parcelas y palenques: Rancho el Gallo mezcalero, Orgullo Poblano, Tesoro de Atlapulco<\\/li>\\r\\n                <li>Tzicatlacoyan: Palenque mezcalero la Perla del Tepenene<\\/li>\\r\\n            <\\/ul>\\r\\n        <\\/div>\\r\\n\\r\\n        <div class=\\\"uk-panel\\\"><\\/div>\\r\\n            <h3>Establecimientos de hospedaje registrados seg\\u00fan tipo de alojamiento (Hoteles, Moteles, Caba\\u00f1as, Etc.)<\\/h3>\\r\\n            <ul>\\r\\n                <li>Huehuetl\\u00e1n el Grande: 0<\\/li>\\r\\n                <li>Tzicatlacoyan: 0<\\/li>\\r\\n            <\\/ul>\\r\\n        <\\/div>\\r\\n\\r\\n        <div class=\\\"uk-panel\\\">\\r\\n            <h3>Establecimientos de servicio de alimentos y de bebidas con categor\\u00eda tur\\u00edstica (Restaurantes, Cafeter\\u00edas, Bares, Etc.)<\\/h3>\\r\\n            <ul>\\r\\n                <li>Huehuetl\\u00e1n el Grande: 6<\\/li>\\r\\n                <li>Tzicatlacoyan: 0<\\/li>\\r\\n            <\\/ul>\\r\\n        <\\/div>\\r\\n    <\\/div>\\r\\n<\\/div>\",\"fulltext\":\"\",\"state\":\"1\",\"catid\":10,\"created\":\"2025-05-15 22:53:17\",\"created_by\":\"672\",\"created_by_alias\":\"\",\"modified\":\"2025-05-20 22:17:13\",\"modified_by\":672,\"checked_out\":672,\"checked_out_time\":\"2025-05-20 22:15:37\",\"publish_up\":\"2025-05-15 22:53:17\",\"publish_down\":null,\"images\":\"{\\\"image_intro\\\":\\\"\\\",\\\"image_intro_alt\\\":\\\"\\\",\\\"float_intro\\\":\\\"\\\",\\\"image_intro_caption\\\":\\\"\\\",\\\"image_fulltext\\\":\\\"\\\",\\\"image_fulltext_alt\\\":\\\"\\\",\\\"float_fulltext\\\":\\\"\\\",\\\"image_fulltext_caption\\\":\\\"\\\"}\",\"urls\":\"{\\\"urla\\\":\\\"\\\",\\\"urlatext\\\":\\\"\\\",\\\"targeta\\\":\\\"\\\",\\\"urlb\\\":\\\"\\\",\\\"urlbtext\\\":\\\"\\\",\\\"targetb\\\":\\\"\\\",\\\"urlc\\\":\\\"\\\",\\\"urlctext\\\":\\\"\\\",\\\"targetc\\\":\\\"\\\"}\",\"attribs\":\"{\\\"article_layout\\\":\\\"\\\",\\\"show_title\\\":\\\"\\\",\\\"link_titles\\\":\\\"\\\",\\\"show_tags\\\":\\\"\\\",\\\"show_intro\\\":\\\"\\\",\\\"info_block_position\\\":\\\"\\\",\\\"info_block_show_title\\\":\\\"\\\",\\\"show_category\\\":\\\"\\\",\\\"link_category\\\":\\\"\\\",\\\"show_parent_category\\\":\\\"\\\",\\\"link_parent_category\\\":\\\"\\\",\\\"show_author\\\":\\\"\\\",\\\"link_author\\\":\\\"\\\",\\\"show_create_date\\\":\\\"\\\",\\\"show_modify_date\\\":\\\"\\\",\\\"show_publish_date\\\":\\\"\\\",\\\"show_item_navigation\\\":\\\"\\\",\\\"show_hits\\\":\\\"\\\",\\\"show_noauth\\\":\\\"\\\",\\\"urls_position\\\":\\\"\\\",\\\"alternative_readmore\\\":\\\"\\\",\\\"article_page_title\\\":\\\"\\\",\\\"show_publishing_options\\\":\\\"\\\",\\\"show_article_options\\\":\\\"\\\",\\\"show_urls_images_backend\\\":\\\"\\\",\\\"show_urls_images_frontend\\\":\\\"\\\"}\",\"version\":5,\"ordering\":0,\"metakey\":\"\",\"metadesc\":\"\",\"access\":1,\"hits\":28,\"metadata\":\"{\\\"robots\\\":\\\"\\\",\\\"author\\\":\\\"\\\",\\\"rights\\\":\\\"\\\"}\",\"featured\":\"0\",\"language\":\"*\",\"note\":\"\"}',0),
(61,'com_content.article.14','','2025-05-20 22:17:47',672,3759,'7d6ef3349e72ef4bf5ce309100d4769ec0d0f609','{\"id\":\"14\",\"asset_id\":132,\"title\":\"Ruta del Mezcal\",\"alias\":\"ruta-del-mezcal\",\"introtext\":\"<div class=\\\"uk-grid uk-child-width-1-2@s\\\" uk-grid>\\r\\n    <div class=\\\"uk-grid-item-match\\\">\\r\\n        <div class=\\\"uk-card uk-card-default \\\">\\r\\n             <iframe src=\\\"https:\\/\\/www.google.com\\/maps\\/d\\/embed?mid=1LmGr8KMQaP2HvuiU3qzGg-Yso23Qp8fQ\\\" width=\\\"100%\\\" height=\\\"320\\\"><\\/iframe>\\r\\n        <\\/div>\\r\\n        <div class=\\\"uk-panel\\\">\\r\\n            <h3>Municipios<\\/h3>\\r\\n            <ul>\\r\\n                <li>Huehuetl\\u00e1n el Grande<\\/li>\\r\\n                <li>Tzicatlacoyan<\\/li>\\r\\n            <\\/ul>\\r\\n        <\\/div>\\r\\n        <div class=\\\"uk-panel\\\">\\r\\n            <h3>Atractivos Naturales, Arqueol\\u00f3gicos,  Arquitect\\u00f3nicos, Culturales<\\/h3>\\r\\n            <ul>\\r\\n                <li>Huehuetl\\u00e1n el Grande: Cordillera del Tenzo, balneario aguas termales Atotonilco, cascada San Agust\\u00edn Ahuehuetla, <\\/li>\\r\\n                <li>Tzicatlacoyan: Templo San Bernardino Tepenene.<\\/li>\\r\\n            <\\/ul>\\r\\n        <\\/div>\\r\\n    <\\/div>\\r\\n\\r\\n    <div class=\\\"uk-grid-item-match\\\">\\r\\n        <div class=\\\"uk-panel\\\">\\r\\n            <h3>Puntos Agrotur\\u00edsticos<\\/h3>\\r\\n            <ul>\\r\\n                <li>Huehuetl\\u00e1n el Grande: Vivero, parcelas y palenques: Rancho el Gallo mezcalero, Orgullo Poblano, Tesoro de Atlapulco<\\/li>\\r\\n                <li>Tzicatlacoyan: Palenque mezcalero la Perla del Tepenene<\\/li>\\r\\n            <\\/ul>\\r\\n        <\\/div>\\r\\n\\r\\n        <div class=\\\"uk-panel\\\">\\r\\n            <h3>Establecimientos de hospedaje registrados seg\\u00fan tipo de alojamiento (Hoteles, Moteles, Caba\\u00f1as, Etc.)<\\/h3>\\r\\n            <ul>\\r\\n                <li>Huehuetl\\u00e1n el Grande: 0<\\/li>\\r\\n                <li>Tzicatlacoyan: 0<\\/li>\\r\\n            <\\/ul>\\r\\n        <\\/div>\\r\\n\\r\\n        <div class=\\\"uk-panel\\\">\\r\\n            <h3>Establecimientos de servicio de alimentos y de bebidas con categor\\u00eda tur\\u00edstica (Restaurantes, Cafeter\\u00edas, Bares, Etc.)<\\/h3>\\r\\n            <ul>\\r\\n                <li>Huehuetl\\u00e1n el Grande: 6<\\/li>\\r\\n                <li>Tzicatlacoyan: 0<\\/li>\\r\\n            <\\/ul>\\r\\n        <\\/div>\\r\\n    <\\/div>\\r\\n<\\/div>\",\"fulltext\":\"\",\"state\":\"1\",\"catid\":10,\"created\":\"2025-05-15 22:53:17\",\"created_by\":\"672\",\"created_by_alias\":\"\",\"modified\":\"2025-05-20 22:17:47\",\"modified_by\":672,\"checked_out\":672,\"checked_out_time\":\"2025-05-20 22:17:13\",\"publish_up\":\"2025-05-15 22:53:17\",\"publish_down\":null,\"images\":\"{\\\"image_intro\\\":\\\"\\\",\\\"image_intro_alt\\\":\\\"\\\",\\\"float_intro\\\":\\\"\\\",\\\"image_intro_caption\\\":\\\"\\\",\\\"image_fulltext\\\":\\\"\\\",\\\"image_fulltext_alt\\\":\\\"\\\",\\\"float_fulltext\\\":\\\"\\\",\\\"image_fulltext_caption\\\":\\\"\\\"}\",\"urls\":\"{\\\"urla\\\":\\\"\\\",\\\"urlatext\\\":\\\"\\\",\\\"targeta\\\":\\\"\\\",\\\"urlb\\\":\\\"\\\",\\\"urlbtext\\\":\\\"\\\",\\\"targetb\\\":\\\"\\\",\\\"urlc\\\":\\\"\\\",\\\"urlctext\\\":\\\"\\\",\\\"targetc\\\":\\\"\\\"}\",\"attribs\":\"{\\\"article_layout\\\":\\\"\\\",\\\"show_title\\\":\\\"\\\",\\\"link_titles\\\":\\\"\\\",\\\"show_tags\\\":\\\"\\\",\\\"show_intro\\\":\\\"\\\",\\\"info_block_position\\\":\\\"\\\",\\\"info_block_show_title\\\":\\\"\\\",\\\"show_category\\\":\\\"\\\",\\\"link_category\\\":\\\"\\\",\\\"show_parent_category\\\":\\\"\\\",\\\"link_parent_category\\\":\\\"\\\",\\\"show_author\\\":\\\"\\\",\\\"link_author\\\":\\\"\\\",\\\"show_create_date\\\":\\\"\\\",\\\"show_modify_date\\\":\\\"\\\",\\\"show_publish_date\\\":\\\"\\\",\\\"show_item_navigation\\\":\\\"\\\",\\\"show_hits\\\":\\\"\\\",\\\"show_noauth\\\":\\\"\\\",\\\"urls_position\\\":\\\"\\\",\\\"alternative_readmore\\\":\\\"\\\",\\\"article_page_title\\\":\\\"\\\",\\\"show_publishing_options\\\":\\\"\\\",\\\"show_article_options\\\":\\\"\\\",\\\"show_urls_images_backend\\\":\\\"\\\",\\\"show_urls_images_frontend\\\":\\\"\\\"}\",\"version\":6,\"ordering\":0,\"metakey\":\"\",\"metadesc\":\"\",\"access\":1,\"hits\":29,\"metadata\":\"{\\\"robots\\\":\\\"\\\",\\\"author\\\":\\\"\\\",\\\"rights\\\":\\\"\\\"}\",\"featured\":\"0\",\"language\":\"*\",\"note\":\"\"}',0),
(62,'com_content.article.14','','2025-05-20 22:19:32',672,3770,'265e24c86695e823e50b7bf8c67288ab652d0d58','{\"id\":\"14\",\"asset_id\":132,\"title\":\"Ruta del Mezcal\",\"alias\":\"ruta-del-mezcal\",\"introtext\":\"<div class=\\\"uk-grid uk-child-width-1-2@s uk-padding\\\" uk-grid>\\r\\n    <div class=\\\"uk-grid-item-match\\\">\\r\\n        <div class=\\\"uk-card uk-card-default \\\">\\r\\n             <iframe src=\\\"https:\\/\\/www.google.com\\/maps\\/d\\/embed?mid=1LmGr8KMQaP2HvuiU3qzGg-Yso23Qp8fQ\\\" width=\\\"100%\\\" height=\\\"320\\\"><\\/iframe>\\r\\n        <\\/div>\\r\\n        <div class=\\\"uk-panel\\\">\\r\\n            <h3>Municipios<\\/h3>\\r\\n            <ul>\\r\\n                <li>Huehuetl\\u00e1n el Grande<\\/li>\\r\\n                <li>Tzicatlacoyan<\\/li>\\r\\n            <\\/ul>\\r\\n        <\\/div>\\r\\n        <div class=\\\"uk-panel\\\">\\r\\n            <h3>Atractivos Naturales, Arqueol\\u00f3gicos,  Arquitect\\u00f3nicos, Culturales<\\/h3>\\r\\n            <ul>\\r\\n                <li>Huehuetl\\u00e1n el Grande: Cordillera del Tenzo, balneario aguas termales Atotonilco, cascada San Agust\\u00edn Ahuehuetla, <\\/li>\\r\\n                <li>Tzicatlacoyan: Templo San Bernardino Tepenene.<\\/li>\\r\\n            <\\/ul>\\r\\n        <\\/div>\\r\\n    <\\/div>\\r\\n\\r\\n    <div class=\\\"uk-grid-item-match\\\">\\r\\n        <div class=\\\"uk-panel\\\">\\r\\n            <h3>Puntos Agrotur\\u00edsticos<\\/h3>\\r\\n            <ul>\\r\\n                <li>Huehuetl\\u00e1n el Grande: Vivero, parcelas y palenques: Rancho el Gallo mezcalero, Orgullo Poblano, Tesoro de Atlapulco<\\/li>\\r\\n                <li>Tzicatlacoyan: Palenque mezcalero la Perla del Tepenene<\\/li>\\r\\n            <\\/ul>\\r\\n        <\\/div>\\r\\n\\r\\n        <div class=\\\"uk-panel\\\">\\r\\n            <h3>Establecimientos de hospedaje registrados seg\\u00fan tipo de alojamiento (Hoteles, Moteles, Caba\\u00f1as, Etc.)<\\/h3>\\r\\n            <ul>\\r\\n                <li>Huehuetl\\u00e1n el Grande: 0<\\/li>\\r\\n                <li>Tzicatlacoyan: 0<\\/li>\\r\\n            <\\/ul>\\r\\n        <\\/div>\\r\\n\\r\\n        <div class=\\\"uk-panel\\\">\\r\\n            <h3>Establecimientos de servicio de alimentos y de bebidas con categor\\u00eda tur\\u00edstica (Restaurantes, Cafeter\\u00edas, Bares, Etc.)<\\/h3>\\r\\n            <ul>\\r\\n                <li>Huehuetl\\u00e1n el Grande: 6<\\/li>\\r\\n                <li>Tzicatlacoyan: 0<\\/li>\\r\\n            <\\/ul>\\r\\n        <\\/div>\\r\\n    <\\/div>\\r\\n<\\/div>\",\"fulltext\":\"\",\"state\":\"1\",\"catid\":10,\"created\":\"2025-05-15 22:53:17\",\"created_by\":\"672\",\"created_by_alias\":\"\",\"modified\":\"2025-05-20 22:19:32\",\"modified_by\":672,\"checked_out\":672,\"checked_out_time\":\"2025-05-20 22:17:47\",\"publish_up\":\"2025-05-15 22:53:17\",\"publish_down\":null,\"images\":\"{\\\"image_intro\\\":\\\"\\\",\\\"image_intro_alt\\\":\\\"\\\",\\\"float_intro\\\":\\\"\\\",\\\"image_intro_caption\\\":\\\"\\\",\\\"image_fulltext\\\":\\\"\\\",\\\"image_fulltext_alt\\\":\\\"\\\",\\\"float_fulltext\\\":\\\"\\\",\\\"image_fulltext_caption\\\":\\\"\\\"}\",\"urls\":\"{\\\"urla\\\":\\\"\\\",\\\"urlatext\\\":\\\"\\\",\\\"targeta\\\":\\\"\\\",\\\"urlb\\\":\\\"\\\",\\\"urlbtext\\\":\\\"\\\",\\\"targetb\\\":\\\"\\\",\\\"urlc\\\":\\\"\\\",\\\"urlctext\\\":\\\"\\\",\\\"targetc\\\":\\\"\\\"}\",\"attribs\":\"{\\\"article_layout\\\":\\\"\\\",\\\"show_title\\\":\\\"\\\",\\\"link_titles\\\":\\\"\\\",\\\"show_tags\\\":\\\"\\\",\\\"show_intro\\\":\\\"\\\",\\\"info_block_position\\\":\\\"\\\",\\\"info_block_show_title\\\":\\\"\\\",\\\"show_category\\\":\\\"\\\",\\\"link_category\\\":\\\"\\\",\\\"show_parent_category\\\":\\\"\\\",\\\"link_parent_category\\\":\\\"\\\",\\\"show_author\\\":\\\"\\\",\\\"link_author\\\":\\\"\\\",\\\"show_create_date\\\":\\\"\\\",\\\"show_modify_date\\\":\\\"\\\",\\\"show_publish_date\\\":\\\"\\\",\\\"show_item_navigation\\\":\\\"\\\",\\\"show_hits\\\":\\\"\\\",\\\"show_noauth\\\":\\\"\\\",\\\"urls_position\\\":\\\"\\\",\\\"alternative_readmore\\\":\\\"\\\",\\\"article_page_title\\\":\\\"\\\",\\\"show_publishing_options\\\":\\\"\\\",\\\"show_article_options\\\":\\\"\\\",\\\"show_urls_images_backend\\\":\\\"\\\",\\\"show_urls_images_frontend\\\":\\\"\\\"}\",\"version\":7,\"ordering\":0,\"metakey\":\"\",\"metadesc\":\"\",\"access\":1,\"hits\":31,\"metadata\":\"{\\\"robots\\\":\\\"\\\",\\\"author\\\":\\\"\\\",\\\"rights\\\":\\\"\\\"}\",\"featured\":\"0\",\"language\":\"*\",\"note\":\"\"}',0),
(63,'com_content.article.14','','2025-05-20 22:23:18',672,3786,'a2c63e2ac800f9d6c653d05ddd42568b7a12a104','{\"id\":\"14\",\"asset_id\":132,\"title\":\"Ruta del Mezcal\",\"alias\":\"ruta-del-mezcal\",\"introtext\":\"<div class=\\\"uk-grid uk-child-width-1-2@s uk-padding\\\" uk-grid>\\r\\n    <div class=\\\"uk-grid-item-match\\\">\\r\\n        <div class=\\\"uk-card uk-card-default uk-margin-bottom\\\">\\r\\n             <iframe src=\\\"https:\\/\\/www.google.com\\/maps\\/d\\/embed?mid=1LmGr8KMQaP2HvuiU3qzGg-Yso23Qp8fQ\\\" width=\\\"100%\\\" height=\\\"320\\\"><\\/iframe>\\r\\n        <\\/div>\\r\\n        <div class=\\\"uk-panel\\\">\\r\\n            <h3>Municipios<\\/h3>\\r\\n            <ul>\\r\\n                <li>Huehuetl\\u00e1n el Grande<\\/li>\\r\\n                <li>Tzicatlacoyan<\\/li>\\r\\n            <\\/ul>\\r\\n        <\\/div>\\r\\n        <div class=\\\"uk-panel\\\">\\r\\n            <h3>Atractivos Naturales, Arqueol\\u00f3gicos,  Arquitect\\u00f3nicos, Culturales<\\/h3>\\r\\n            <ul>\\r\\n                <li>Huehuetl\\u00e1n el Grande: Cordillera del Tenzo, balneario aguas termales Atotonilco, cascada San Agust\\u00edn Ahuehuetla, <\\/li>\\r\\n                <li>Tzicatlacoyan: Templo San Bernardino Tepenene.<\\/li>\\r\\n            <\\/ul>\\r\\n        <\\/div>\\r\\n    <\\/div>\\r\\n\\r\\n    <div class=\\\"uk-grid-item-match\\\">\\r\\n        <div class=\\\"uk-panel\\\">\\r\\n            <h3>Puntos Agrotur\\u00edsticos<\\/h3>\\r\\n            <ul>\\r\\n                <li>Huehuetl\\u00e1n el Grande: Vivero, parcelas y palenques: Rancho el Gallo mezcalero, Orgullo Poblano, Tesoro de Atlapulco<\\/li>\\r\\n                <li>Tzicatlacoyan: Palenque mezcalero la Perla del Tepenene<\\/li>\\r\\n            <\\/ul>\\r\\n        <\\/div>\\r\\n\\r\\n        <div class=\\\"uk-panel\\\">\\r\\n            <h3>Establecimientos de hospedaje registrados seg\\u00fan tipo de alojamiento (Hoteles, Moteles, Caba\\u00f1as, Etc.)<\\/h3>\\r\\n            <ul>\\r\\n                <li>Huehuetl\\u00e1n el Grande: 0<\\/li>\\r\\n                <li>Tzicatlacoyan: 0<\\/li>\\r\\n            <\\/ul>\\r\\n        <\\/div>\\r\\n\\r\\n        <div class=\\\"uk-panel\\\">\\r\\n            <h3>Establecimientos de servicio de alimentos y de bebidas con categor\\u00eda tur\\u00edstica (Restaurantes, Cafeter\\u00edas, Bares, Etc.)<\\/h3>\\r\\n            <ul>\\r\\n                <li>Huehuetl\\u00e1n el Grande: 6<\\/li>\\r\\n                <li>Tzicatlacoyan: 0<\\/li>\\r\\n            <\\/ul>\\r\\n        <\\/div>\\r\\n    <\\/div>\\r\\n<\\/div>\",\"fulltext\":\"\",\"state\":\"1\",\"catid\":10,\"created\":\"2025-05-15 22:53:17\",\"created_by\":\"672\",\"created_by_alias\":\"\",\"modified\":\"2025-05-20 22:23:18\",\"modified_by\":672,\"checked_out\":672,\"checked_out_time\":\"2025-05-20 22:19:32\",\"publish_up\":\"2025-05-15 22:53:17\",\"publish_down\":null,\"images\":\"{\\\"image_intro\\\":\\\"\\\",\\\"image_intro_alt\\\":\\\"\\\",\\\"float_intro\\\":\\\"\\\",\\\"image_intro_caption\\\":\\\"\\\",\\\"image_fulltext\\\":\\\"\\\",\\\"image_fulltext_alt\\\":\\\"\\\",\\\"float_fulltext\\\":\\\"\\\",\\\"image_fulltext_caption\\\":\\\"\\\"}\",\"urls\":\"{\\\"urla\\\":\\\"\\\",\\\"urlatext\\\":\\\"\\\",\\\"targeta\\\":\\\"\\\",\\\"urlb\\\":\\\"\\\",\\\"urlbtext\\\":\\\"\\\",\\\"targetb\\\":\\\"\\\",\\\"urlc\\\":\\\"\\\",\\\"urlctext\\\":\\\"\\\",\\\"targetc\\\":\\\"\\\"}\",\"attribs\":\"{\\\"article_layout\\\":\\\"\\\",\\\"show_title\\\":\\\"\\\",\\\"link_titles\\\":\\\"\\\",\\\"show_tags\\\":\\\"\\\",\\\"show_intro\\\":\\\"\\\",\\\"info_block_position\\\":\\\"\\\",\\\"info_block_show_title\\\":\\\"\\\",\\\"show_category\\\":\\\"\\\",\\\"link_category\\\":\\\"\\\",\\\"show_parent_category\\\":\\\"\\\",\\\"link_parent_category\\\":\\\"\\\",\\\"show_author\\\":\\\"\\\",\\\"link_author\\\":\\\"\\\",\\\"show_create_date\\\":\\\"\\\",\\\"show_modify_date\\\":\\\"\\\",\\\"show_publish_date\\\":\\\"\\\",\\\"show_item_navigation\\\":\\\"\\\",\\\"show_hits\\\":\\\"\\\",\\\"show_noauth\\\":\\\"\\\",\\\"urls_position\\\":\\\"\\\",\\\"alternative_readmore\\\":\\\"\\\",\\\"article_page_title\\\":\\\"\\\",\\\"show_publishing_options\\\":\\\"\\\",\\\"show_article_options\\\":\\\"\\\",\\\"show_urls_images_backend\\\":\\\"\\\",\\\"show_urls_images_frontend\\\":\\\"\\\"}\",\"version\":8,\"ordering\":0,\"metakey\":\"\",\"metadesc\":\"\",\"access\":1,\"hits\":32,\"metadata\":\"{\\\"robots\\\":\\\"\\\",\\\"author\\\":\\\"\\\",\\\"rights\\\":\\\"\\\"}\",\"featured\":\"0\",\"language\":\"*\",\"note\":\"\"}',0),
(64,'com_content.article.14','','2025-05-20 22:24:04',672,3878,'4f91282d74961a250a924b80d147bd9671f90a45','{\"id\":\"14\",\"asset_id\":132,\"title\":\"Ruta del Mezcal\",\"alias\":\"ruta-del-mezcal\",\"introtext\":\"<div class=\\\"uk-grid uk-child-width-1-2@s\\\" uk-grid>\\r\\n    <div class=\\\"uk-grid-item-match uk-margin-bottom\\\">\\r\\n        <div class=\\\"uk-card uk-card-default uk-padding-bottom\\\">\\r\\n             <iframe src=\\\"https:\\/\\/www.google.com\\/maps\\/d\\/embed?mid=1LmGr8KMQaP2HvuiU3qzGg-Yso23Qp8fQ\\\" width=\\\"100%\\\" height=\\\"320\\\"><\\/iframe>\\r\\n        <\\/div>\\r\\n        <div class=\\\"uk-panel uk-margin-bottom\\\">\\r\\n            <h3>Municipios<\\/h3>\\r\\n            <ul>\\r\\n                <li>Huehuetl\\u00e1n el Grande<\\/li>\\r\\n                <li>Tzicatlacoyan<\\/li>\\r\\n            <\\/ul>\\r\\n        <\\/div>\\r\\n        <div class=\\\"uk-panel uk-margin-bottom\\\">\\r\\n            <h3>Atractivos Naturales, Arqueol\\u00f3gicos,  Arquitect\\u00f3nicos, Culturales<\\/h3>\\r\\n            <ul>\\r\\n                <li>Huehuetl\\u00e1n el Grande: Cordillera del Tenzo, balneario aguas termales Atotonilco, cascada San Agust\\u00edn Ahuehuetla, <\\/li>\\r\\n                <li>Tzicatlacoyan: Templo San Bernardino Tepenene.<\\/li>\\r\\n            <\\/ul>\\r\\n        <\\/div>\\r\\n    <\\/div>\\r\\n\\r\\n    <div class=\\\"uk-grid-item-match\\\">\\r\\n        <div class=\\\"uk-panel uk-margin-bottom\\\">\\r\\n            <h3>Puntos Agrotur\\u00edsticos<\\/h3>\\r\\n            <ul>\\r\\n                <li>Huehuetl\\u00e1n el Grande: Vivero, parcelas y palenques: Rancho el Gallo mezcalero, Orgullo Poblano, Tesoro de Atlapulco<\\/li>\\r\\n                <li>Tzicatlacoyan: Palenque mezcalero la Perla del Tepenene<\\/li>\\r\\n            <\\/ul>\\r\\n        <\\/div>\\r\\n\\r\\n        <div class=\\\"uk-panel uk-margin-bottom\\\">\\r\\n            <h3>Establecimientos de hospedaje registrados seg\\u00fan tipo de alojamiento (Hoteles, Moteles, Caba\\u00f1as, Etc.)<\\/h3>\\r\\n            <ul>\\r\\n                <li>Huehuetl\\u00e1n el Grande: 0<\\/li>\\r\\n                <li>Tzicatlacoyan: 0<\\/li>\\r\\n            <\\/ul>\\r\\n        <\\/div>\\r\\n\\r\\n        <div class=\\\"uk-panel uk-margin-bottom\\\">\\r\\n            <h3>Establecimientos de servicio de alimentos y de bebidas con categor\\u00eda tur\\u00edstica (Restaurantes, Cafeter\\u00edas, Bares, Etc.)<\\/h3>\\r\\n            <ul>\\r\\n                <li>Huehuetl\\u00e1n el Grande: 6<\\/li>\\r\\n                <li>Tzicatlacoyan: 0<\\/li>\\r\\n            <\\/ul>\\r\\n        <\\/div>\\r\\n    <\\/div>\\r\\n<\\/div>\",\"fulltext\":\"\",\"state\":\"1\",\"catid\":10,\"created\":\"2025-05-15 22:53:17\",\"created_by\":\"672\",\"created_by_alias\":\"\",\"modified\":\"2025-05-20 22:24:04\",\"modified_by\":672,\"checked_out\":672,\"checked_out_time\":\"2025-05-20 22:23:18\",\"publish_up\":\"2025-05-15 22:53:17\",\"publish_down\":null,\"images\":\"{\\\"image_intro\\\":\\\"\\\",\\\"image_intro_alt\\\":\\\"\\\",\\\"float_intro\\\":\\\"\\\",\\\"image_intro_caption\\\":\\\"\\\",\\\"image_fulltext\\\":\\\"\\\",\\\"image_fulltext_alt\\\":\\\"\\\",\\\"float_fulltext\\\":\\\"\\\",\\\"image_fulltext_caption\\\":\\\"\\\"}\",\"urls\":\"{\\\"urla\\\":\\\"\\\",\\\"urlatext\\\":\\\"\\\",\\\"targeta\\\":\\\"\\\",\\\"urlb\\\":\\\"\\\",\\\"urlbtext\\\":\\\"\\\",\\\"targetb\\\":\\\"\\\",\\\"urlc\\\":\\\"\\\",\\\"urlctext\\\":\\\"\\\",\\\"targetc\\\":\\\"\\\"}\",\"attribs\":\"{\\\"article_layout\\\":\\\"\\\",\\\"show_title\\\":\\\"\\\",\\\"link_titles\\\":\\\"\\\",\\\"show_tags\\\":\\\"\\\",\\\"show_intro\\\":\\\"\\\",\\\"info_block_position\\\":\\\"\\\",\\\"info_block_show_title\\\":\\\"\\\",\\\"show_category\\\":\\\"\\\",\\\"link_category\\\":\\\"\\\",\\\"show_parent_category\\\":\\\"\\\",\\\"link_parent_category\\\":\\\"\\\",\\\"show_author\\\":\\\"\\\",\\\"link_author\\\":\\\"\\\",\\\"show_create_date\\\":\\\"\\\",\\\"show_modify_date\\\":\\\"\\\",\\\"show_publish_date\\\":\\\"\\\",\\\"show_item_navigation\\\":\\\"\\\",\\\"show_hits\\\":\\\"\\\",\\\"show_noauth\\\":\\\"\\\",\\\"urls_position\\\":\\\"\\\",\\\"alternative_readmore\\\":\\\"\\\",\\\"article_page_title\\\":\\\"\\\",\\\"show_publishing_options\\\":\\\"\\\",\\\"show_article_options\\\":\\\"\\\",\\\"show_urls_images_backend\\\":\\\"\\\",\\\"show_urls_images_frontend\\\":\\\"\\\"}\",\"version\":9,\"ordering\":0,\"metakey\":\"\",\"metadesc\":\"\",\"access\":1,\"hits\":33,\"metadata\":\"{\\\"robots\\\":\\\"\\\",\\\"author\\\":\\\"\\\",\\\"rights\\\":\\\"\\\"}\",\"featured\":\"0\",\"language\":\"*\",\"note\":\"\"}',0),
(65,'com_content.article.14','','2025-05-20 22:24:27',672,3890,'e50f37c5e594c65166d477b3dfd758365a78e7c0','{\"id\":\"14\",\"asset_id\":132,\"title\":\"Ruta del Mezcal\",\"alias\":\"ruta-del-mezcal\",\"introtext\":\"<div class=\\\"uk-grid uk-child-width-1-2@s uk-padding\\\" uk-grid>\\r\\n    <div class=\\\"uk-grid-item-match uk-margin-bottom\\\">\\r\\n        <div class=\\\"uk-card uk-card-default uk-padding-bottom\\\">\\r\\n             <iframe src=\\\"https:\\/\\/www.google.com\\/maps\\/d\\/embed?mid=1LmGr8KMQaP2HvuiU3qzGg-Yso23Qp8fQ\\\" width=\\\"100%\\\" height=\\\"320\\\"><\\/iframe>\\r\\n        <\\/div>\\r\\n        <div class=\\\"uk-panel uk-margin-bottom\\\">\\r\\n            <h3>Municipios<\\/h3>\\r\\n            <ul>\\r\\n                <li>Huehuetl\\u00e1n el Grande<\\/li>\\r\\n                <li>Tzicatlacoyan<\\/li>\\r\\n            <\\/ul>\\r\\n        <\\/div>\\r\\n        <div class=\\\"uk-panel uk-margin-bottom\\\">\\r\\n            <h3>Atractivos Naturales, Arqueol\\u00f3gicos,  Arquitect\\u00f3nicos, Culturales<\\/h3>\\r\\n            <ul>\\r\\n                <li>Huehuetl\\u00e1n el Grande: Cordillera del Tenzo, balneario aguas termales Atotonilco, cascada San Agust\\u00edn Ahuehuetla, <\\/li>\\r\\n                <li>Tzicatlacoyan: Templo San Bernardino Tepenene.<\\/li>\\r\\n            <\\/ul>\\r\\n        <\\/div>\\r\\n    <\\/div>\\r\\n\\r\\n    <div class=\\\"uk-grid-item-match\\\">\\r\\n        <div class=\\\"uk-panel uk-margin-bottom\\\">\\r\\n            <h3>Puntos Agrotur\\u00edsticos<\\/h3>\\r\\n            <ul>\\r\\n                <li>Huehuetl\\u00e1n el Grande: Vivero, parcelas y palenques: Rancho el Gallo mezcalero, Orgullo Poblano, Tesoro de Atlapulco<\\/li>\\r\\n                <li>Tzicatlacoyan: Palenque mezcalero la Perla del Tepenene<\\/li>\\r\\n            <\\/ul>\\r\\n        <\\/div>\\r\\n\\r\\n        <div class=\\\"uk-panel uk-margin-bottom\\\">\\r\\n            <h3>Establecimientos de hospedaje registrados seg\\u00fan tipo de alojamiento (Hoteles, Moteles, Caba\\u00f1as, Etc.)<\\/h3>\\r\\n            <ul>\\r\\n                <li>Huehuetl\\u00e1n el Grande: 0<\\/li>\\r\\n                <li>Tzicatlacoyan: 0<\\/li>\\r\\n            <\\/ul>\\r\\n        <\\/div>\\r\\n\\r\\n        <div class=\\\"uk-panel uk-margin-bottom\\\">\\r\\n            <h3>Establecimientos de servicio de alimentos y de bebidas con categor\\u00eda tur\\u00edstica (Restaurantes, Cafeter\\u00edas, Bares, Etc.)<\\/h3>\\r\\n            <ul>\\r\\n                <li>Huehuetl\\u00e1n el Grande: 6<\\/li>\\r\\n                <li>Tzicatlacoyan: 0<\\/li>\\r\\n            <\\/ul>\\r\\n        <\\/div>\\r\\n    <\\/div>\\r\\n<\\/div>\",\"fulltext\":\"\",\"state\":\"1\",\"catid\":10,\"created\":\"2025-05-15 22:53:17\",\"created_by\":\"672\",\"created_by_alias\":\"\",\"modified\":\"2025-05-20 22:24:27\",\"modified_by\":672,\"checked_out\":672,\"checked_out_time\":\"2025-05-20 22:24:04\",\"publish_up\":\"2025-05-15 22:53:17\",\"publish_down\":null,\"images\":\"{\\\"image_intro\\\":\\\"\\\",\\\"image_intro_alt\\\":\\\"\\\",\\\"float_intro\\\":\\\"\\\",\\\"image_intro_caption\\\":\\\"\\\",\\\"image_fulltext\\\":\\\"\\\",\\\"image_fulltext_alt\\\":\\\"\\\",\\\"float_fulltext\\\":\\\"\\\",\\\"image_fulltext_caption\\\":\\\"\\\"}\",\"urls\":\"{\\\"urla\\\":\\\"\\\",\\\"urlatext\\\":\\\"\\\",\\\"targeta\\\":\\\"\\\",\\\"urlb\\\":\\\"\\\",\\\"urlbtext\\\":\\\"\\\",\\\"targetb\\\":\\\"\\\",\\\"urlc\\\":\\\"\\\",\\\"urlctext\\\":\\\"\\\",\\\"targetc\\\":\\\"\\\"}\",\"attribs\":\"{\\\"article_layout\\\":\\\"\\\",\\\"show_title\\\":\\\"\\\",\\\"link_titles\\\":\\\"\\\",\\\"show_tags\\\":\\\"\\\",\\\"show_intro\\\":\\\"\\\",\\\"info_block_position\\\":\\\"\\\",\\\"info_block_show_title\\\":\\\"\\\",\\\"show_category\\\":\\\"\\\",\\\"link_category\\\":\\\"\\\",\\\"show_parent_category\\\":\\\"\\\",\\\"link_parent_category\\\":\\\"\\\",\\\"show_author\\\":\\\"\\\",\\\"link_author\\\":\\\"\\\",\\\"show_create_date\\\":\\\"\\\",\\\"show_modify_date\\\":\\\"\\\",\\\"show_publish_date\\\":\\\"\\\",\\\"show_item_navigation\\\":\\\"\\\",\\\"show_hits\\\":\\\"\\\",\\\"show_noauth\\\":\\\"\\\",\\\"urls_position\\\":\\\"\\\",\\\"alternative_readmore\\\":\\\"\\\",\\\"article_page_title\\\":\\\"\\\",\\\"show_publishing_options\\\":\\\"\\\",\\\"show_article_options\\\":\\\"\\\",\\\"show_urls_images_backend\\\":\\\"\\\",\\\"show_urls_images_frontend\\\":\\\"\\\"}\",\"version\":10,\"ordering\":0,\"metakey\":\"\",\"metadesc\":\"\",\"access\":1,\"hits\":34,\"metadata\":\"{\\\"robots\\\":\\\"\\\",\\\"author\\\":\\\"\\\",\\\"rights\\\":\\\"\\\"}\",\"featured\":\"0\",\"language\":\"*\",\"note\":\"\"}',0),
(66,'com_content.article.14','','2025-05-20 22:25:11',672,3872,'436a1755db2a44ce1aa979278a0de369c8a3c87d','{\"id\":\"14\",\"asset_id\":132,\"title\":\"Ruta del Mezcal\",\"alias\":\"ruta-del-mezcal\",\"introtext\":\"<div class=\\\"uk-grid uk-child-width-1-2@s uk-padding\\\" uk-grid>\\r\\n    <div class=\\\"uk-grid-item-match\\\">\\r\\n        <div class=\\\"uk-card uk-card-default uk-margin-bottom\\\">\\r\\n             <iframe src=\\\"https:\\/\\/www.google.com\\/maps\\/d\\/embed?mid=1LmGr8KMQaP2HvuiU3qzGg-Yso23Qp8fQ\\\" width=\\\"100%\\\" height=\\\"320\\\"><\\/iframe>\\r\\n        <\\/div>\\r\\n        <div class=\\\"uk-panel uk-margin-bottom\\\">\\r\\n            <h3>Municipios<\\/h3>\\r\\n            <ul>\\r\\n                <li>Huehuetl\\u00e1n el Grande<\\/li>\\r\\n                <li>Tzicatlacoyan<\\/li>\\r\\n            <\\/ul>\\r\\n        <\\/div>\\r\\n        <div class=\\\"uk-panel uk-margin-bottom\\\">\\r\\n            <h3>Atractivos Naturales, Arqueol\\u00f3gicos,  Arquitect\\u00f3nicos, Culturales<\\/h3>\\r\\n            <ul>\\r\\n                <li>Huehuetl\\u00e1n el Grande: Cordillera del Tenzo, balneario aguas termales Atotonilco, cascada San Agust\\u00edn Ahuehuetla, <\\/li>\\r\\n                <li>Tzicatlacoyan: Templo San Bernardino Tepenene.<\\/li>\\r\\n            <\\/ul>\\r\\n        <\\/div>\\r\\n    <\\/div>\\r\\n\\r\\n    <div class=\\\"uk-grid-item-match\\\">\\r\\n        <div class=\\\"uk-panel uk-margin-bottom\\\">\\r\\n            <h3>Puntos Agrotur\\u00edsticos<\\/h3>\\r\\n            <ul>\\r\\n                <li>Huehuetl\\u00e1n el Grande: Vivero, parcelas y palenques: Rancho el Gallo mezcalero, Orgullo Poblano, Tesoro de Atlapulco<\\/li>\\r\\n                <li>Tzicatlacoyan: Palenque mezcalero la Perla del Tepenene<\\/li>\\r\\n            <\\/ul>\\r\\n        <\\/div>\\r\\n\\r\\n        <div class=\\\"uk-panel uk-margin-bottom\\\">\\r\\n            <h3>Establecimientos de hospedaje registrados seg\\u00fan tipo de alojamiento (Hoteles, Moteles, Caba\\u00f1as, Etc.)<\\/h3>\\r\\n            <ul>\\r\\n                <li>Huehuetl\\u00e1n el Grande: 0<\\/li>\\r\\n                <li>Tzicatlacoyan: 0<\\/li>\\r\\n            <\\/ul>\\r\\n        <\\/div>\\r\\n\\r\\n        <div class=\\\"uk-panel uk-margin-bottom\\\">\\r\\n            <h3>Establecimientos de servicio de alimentos y de bebidas con categor\\u00eda tur\\u00edstica (Restaurantes, Cafeter\\u00edas, Bares, Etc.)<\\/h3>\\r\\n            <ul>\\r\\n                <li>Huehuetl\\u00e1n el Grande: 6<\\/li>\\r\\n                <li>Tzicatlacoyan: 0<\\/li>\\r\\n            <\\/ul>\\r\\n        <\\/div>\\r\\n    <\\/div>\\r\\n<\\/div>\",\"fulltext\":\"\",\"state\":\"1\",\"catid\":10,\"created\":\"2025-05-15 22:53:17\",\"created_by\":\"672\",\"created_by_alias\":\"\",\"modified\":\"2025-05-20 22:25:11\",\"modified_by\":672,\"checked_out\":672,\"checked_out_time\":\"2025-05-20 22:24:27\",\"publish_up\":\"2025-05-15 22:53:17\",\"publish_down\":null,\"images\":\"{\\\"image_intro\\\":\\\"\\\",\\\"image_intro_alt\\\":\\\"\\\",\\\"float_intro\\\":\\\"\\\",\\\"image_intro_caption\\\":\\\"\\\",\\\"image_fulltext\\\":\\\"\\\",\\\"image_fulltext_alt\\\":\\\"\\\",\\\"float_fulltext\\\":\\\"\\\",\\\"image_fulltext_caption\\\":\\\"\\\"}\",\"urls\":\"{\\\"urla\\\":\\\"\\\",\\\"urlatext\\\":\\\"\\\",\\\"targeta\\\":\\\"\\\",\\\"urlb\\\":\\\"\\\",\\\"urlbtext\\\":\\\"\\\",\\\"targetb\\\":\\\"\\\",\\\"urlc\\\":\\\"\\\",\\\"urlctext\\\":\\\"\\\",\\\"targetc\\\":\\\"\\\"}\",\"attribs\":\"{\\\"article_layout\\\":\\\"\\\",\\\"show_title\\\":\\\"\\\",\\\"link_titles\\\":\\\"\\\",\\\"show_tags\\\":\\\"\\\",\\\"show_intro\\\":\\\"\\\",\\\"info_block_position\\\":\\\"\\\",\\\"info_block_show_title\\\":\\\"\\\",\\\"show_category\\\":\\\"\\\",\\\"link_category\\\":\\\"\\\",\\\"show_parent_category\\\":\\\"\\\",\\\"link_parent_category\\\":\\\"\\\",\\\"show_author\\\":\\\"\\\",\\\"link_author\\\":\\\"\\\",\\\"show_create_date\\\":\\\"\\\",\\\"show_modify_date\\\":\\\"\\\",\\\"show_publish_date\\\":\\\"\\\",\\\"show_item_navigation\\\":\\\"\\\",\\\"show_hits\\\":\\\"\\\",\\\"show_noauth\\\":\\\"\\\",\\\"urls_position\\\":\\\"\\\",\\\"alternative_readmore\\\":\\\"\\\",\\\"article_page_title\\\":\\\"\\\",\\\"show_publishing_options\\\":\\\"\\\",\\\"show_article_options\\\":\\\"\\\",\\\"show_urls_images_backend\\\":\\\"\\\",\\\"show_urls_images_frontend\\\":\\\"\\\"}\",\"version\":11,\"ordering\":0,\"metakey\":\"\",\"metadesc\":\"\",\"access\":1,\"hits\":35,\"metadata\":\"{\\\"robots\\\":\\\"\\\",\\\"author\\\":\\\"\\\",\\\"rights\\\":\\\"\\\"}\",\"featured\":\"0\",\"language\":\"*\",\"note\":\"\"}',0),
(67,'com_content.article.13','','2025-05-20 22:28:06',672,3854,'92d407694a0f049aea1f7a2247bed231c9765cf4','{\"id\":\"13\",\"asset_id\":131,\"title\":\"Ruta de la Manzana\",\"alias\":\"ruta-de-la-manzana\",\"introtext\":\"<div class=\\\"uk-grid uk-child-width-1-2@s uk-padding\\\" uk-grid>\\r\\n    <div class=\\\"uk-grid-item-match\\\">\\r\\n        <div class=\\\"uk-card uk-card-default uk-margin-bottom\\\">\\r\\n            <iframe src=\\\"https:\\/\\/www.google.com\\/maps\\/d\\/embed?mid=16tP3GzG5Ha-egoftaofAkS7Pv1__iWGB\\\" width=\\\"100%\\\" height=\\\"320\\\"><\\/iframe>\\r\\n        <\\/div>\\r\\n        <div class=\\\"uk-panel uk-margin-bottom\\\">\\r\\n            <h3>Municipios<\\/h3>\\r\\n            <ul>\\r\\n                <li>Zacatl\\u00e1n<\\/li>\\r\\n                <li>Zapotitl\\u00e1n de M\\u00e9ndez<\\/li>\\r\\n            <\\/ul>\\r\\n        <\\/div>\\r\\n        <div class=\\\"uk-panel uk-margin-bottom\\\">\\r\\n            <h3>Atractivos Naturales, Arqueol\\u00f3gicos, Arquitect\\u00f3nicos, Culturales<\\/h3>\\r\\n            <ul>\\r\\n                <li>Zacatl\\u00e1n: Cascada de Quetzalapa, planta hidroel\\u00e9ctrica, valle de Piedras Encimadas, centro hist\\u00f3rico.<\\/li>\\r\\n                <li>Zapotitl\\u00e1n de M\\u00e9ndez: Grutas Karmidas<\\/li>\\r\\n            <\\/ul>\\r\\n        <\\/div>\\r\\n    <\\/div>\\r\\n\\r\\n    <div class=\\\"uk-grid-item-match\\\">\\r\\n        <div class=\\\"uk-panel uk-margin-bottom\\\">\\r\\n            <h3>Puntos Agrotur\\u00edsticos<\\/h3>\\r\\n            <ul>\\r\\n                <li>Zacatl\\u00e1n: F\\u00e1brica de vinos La Primavera, plantaciones de manzana.<\\/li>\\r\\n                <li>Zapotitl\\u00e1n de M\\u00e9ndez: F\\u00e1brica de dulces artesanales.<\\/li>\\r\\n            <\\/ul>\\r\\n        <\\/div>\\r\\n\\r\\n        <div class=\\\"uk-panel uk-margin-bottom\\\">\\r\\n            <h3>Establecimientos de hospedaje registrados seg\\u00fan tipo de alojamiento (Hoteles, Moteles, Caba\\u00f1as, Etc.)<\\/h3>\\r\\n            <ul>\\r\\n                <li>Zacatl\\u00e1n: 75<\\/li>\\r\\n                <li>Zapotitl\\u00e1n de M\\u00e9ndez: 2<\\/li>\\r\\n            <\\/ul>\\r\\n        <\\/div>\\r\\n\\r\\n        <div class=\\\"uk-panel uk-margin-bottom\\\">\\r\\n            <h3>Establecimientos de servicio de alimentos y de bebidas con categor\\u00eda tur\\u00edstica (Restaurantes, Cafeter\\u00edas, Bares, Etc.)<\\/h3>\\r\\n            <ul>\\r\\n                <li>Zacatl\\u00e1n: 123<\\/li>\\r\\n                <li>Zapotitl\\u00e1n de M\\u00e9ndez: 14<\\/li>\\r\\n            <\\/ul>\\r\\n        <\\/div>\\r\\n    <\\/div>\\r\\n<\\/div>\",\"fulltext\":\"\",\"state\":\"1\",\"catid\":10,\"created\":\"2025-05-15 22:52:55\",\"created_by\":\"672\",\"created_by_alias\":\"\",\"modified\":\"2025-05-20 22:28:06\",\"modified_by\":672,\"checked_out\":672,\"checked_out_time\":\"2025-05-20 22:25:52\",\"publish_up\":\"2025-05-15 22:52:55\",\"publish_down\":null,\"images\":\"{\\\"image_intro\\\":\\\"\\\",\\\"image_intro_alt\\\":\\\"\\\",\\\"float_intro\\\":\\\"\\\",\\\"image_intro_caption\\\":\\\"\\\",\\\"image_fulltext\\\":\\\"\\\",\\\"image_fulltext_alt\\\":\\\"\\\",\\\"float_fulltext\\\":\\\"\\\",\\\"image_fulltext_caption\\\":\\\"\\\"}\",\"urls\":\"{\\\"urla\\\":\\\"\\\",\\\"urlatext\\\":\\\"\\\",\\\"targeta\\\":\\\"\\\",\\\"urlb\\\":\\\"\\\",\\\"urlbtext\\\":\\\"\\\",\\\"targetb\\\":\\\"\\\",\\\"urlc\\\":\\\"\\\",\\\"urlctext\\\":\\\"\\\",\\\"targetc\\\":\\\"\\\"}\",\"attribs\":\"{\\\"article_layout\\\":\\\"\\\",\\\"show_title\\\":\\\"\\\",\\\"link_titles\\\":\\\"\\\",\\\"show_tags\\\":\\\"\\\",\\\"show_intro\\\":\\\"\\\",\\\"info_block_position\\\":\\\"\\\",\\\"info_block_show_title\\\":\\\"\\\",\\\"show_category\\\":\\\"\\\",\\\"link_category\\\":\\\"\\\",\\\"show_parent_category\\\":\\\"\\\",\\\"link_parent_category\\\":\\\"\\\",\\\"show_author\\\":\\\"\\\",\\\"link_author\\\":\\\"\\\",\\\"show_create_date\\\":\\\"\\\",\\\"show_modify_date\\\":\\\"\\\",\\\"show_publish_date\\\":\\\"\\\",\\\"show_item_navigation\\\":\\\"\\\",\\\"show_hits\\\":\\\"\\\",\\\"show_noauth\\\":\\\"\\\",\\\"urls_position\\\":\\\"\\\",\\\"alternative_readmore\\\":\\\"\\\",\\\"article_page_title\\\":\\\"\\\",\\\"show_publishing_options\\\":\\\"\\\",\\\"show_article_options\\\":\\\"\\\",\\\"show_urls_images_backend\\\":\\\"\\\",\\\"show_urls_images_frontend\\\":\\\"\\\"}\",\"version\":2,\"ordering\":1,\"metakey\":\"\",\"metadesc\":\"\",\"access\":1,\"hits\":5,\"metadata\":\"{\\\"robots\\\":\\\"\\\",\\\"author\\\":\\\"\\\",\\\"rights\\\":\\\"\\\"}\",\"featured\":\"0\",\"language\":\"*\",\"note\":\"\"}',0),
(68,'com_content.article.12','','2025-05-20 22:30:49',672,3836,'c28abd851189b662355020e93732cdd1ddbee8a1','{\"id\":\"12\",\"asset_id\":130,\"title\":\"Ruta del Caf\\u00e9\",\"alias\":\"ruta-del-cafe\",\"introtext\":\"<div class=\\\"uk-grid uk-child-width-1-2@s uk-padding\\\" uk-grid>\\r\\n    <div class=\\\"uk-grid-item-match\\\">\\r\\n        <div class=\\\"uk-card uk-card-default uk-margin-bottom\\\">\\r\\n            <iframe src=\\\"https:\\/\\/www.google.com\\/maps\\/d\\/embed?mid=1jFumofbo_mookCgKt4BjHY_SiPtv-E5r\\\" width=\\\"100%\\\" height=\\\"320\\\"><\\/iframe>\\r\\n        <\\/div>\\r\\n        <div class=\\\"uk-panel uk-margin-bottom\\\">\\r\\n            <h3>Municipios<\\/h3>\\r\\n            <ul>\\r\\n                <li>Zacatl\\u00e1n<\\/li>\\r\\n                <li>Xicotepec<\\/li>\\r\\n            <\\/ul>\\r\\n        <\\/div>\\r\\n        <div class=\\\"uk-panel uk-margin-bottom\\\">\\r\\n            <h3>Atractivos Naturales, Arqueol\\u00f3gicos, Arquitect\\u00f3nicos, Culturales<\\/h3>\\r\\n            <ul>\\r\\n                <li>Zacatl\\u00e1n: Cascada de Quetzalapa, planta hidroel\\u00e9ctrica, valle de Piedras Encimadas.<\\/li>\\r\\n                <li>Xicotepec: Cueva azul, cascadas , virgen monumental ,La Xochipila.<\\/li>\\r\\n            <\\/ul>\\r\\n        <\\/div>\\r\\n    <\\/div>\\r\\n\\r\\n    <div class=\\\"uk-grid-item-match\\\">\\r\\n        <div class=\\\"uk-panel uk-margin-bottom\\\">\\r\\n            <h3>Puntos Agrotur\\u00edsticos<\\/h3>\\r\\n            <ul>\\r\\n                <li>Zacatl\\u00e1n: F\\u00e1brica de pan artesanal Pimentel, tirolesa, puente colgante.<\\/li>\\r\\n                <li>Xicotepec: Orquideario, finca cafetalera, recorrido a caballo, senderismo, restaurante de platillos t\\u00edpicos.<\\/li>\\r\\n            <\\/ul>\\r\\n        <\\/div>\\r\\n\\r\\n        <div class=\\\"uk-panel uk-margin-bottom\\\">\\r\\n            <h3>Establecimientos de hospedaje registrados seg\\u00fan tipo de alojamiento (Hoteles, Moteles, Caba\\u00f1as, Etc.)<\\/h3>\\r\\n            <ul>\\r\\n                <li>Zacatl\\u00e1n: 75<\\/li>\\r\\n                <li>Xicotepec: 19<\\/li>\\r\\n            <\\/ul>\\r\\n        <\\/div>\\r\\n\\r\\n        <div class=\\\"uk-panel uk-margin-bottom\\\">\\r\\n            <h3>Establecimientos de servicio de alimentos y de bebidas con categor\\u00eda tur\\u00edstica (Restaurantes, Cafeter\\u00edas, Bares, Etc.)<\\/h3>\\r\\n            <ul>\\r\\n                <li>Zacatl\\u00e1n: 123<\\/li>\\r\\n                <li>Xicotepec: 196<\\/li>\\r\\n            <\\/ul>\\r\\n        <\\/div>\\r\\n    <\\/div>\\r\\n<\\/div>\",\"fulltext\":\"\",\"state\":\"1\",\"catid\":10,\"created\":\"2025-05-15 22:50:59\",\"created_by\":\"672\",\"created_by_alias\":\"\",\"modified\":\"2025-05-20 22:30:49\",\"modified_by\":672,\"checked_out\":672,\"checked_out_time\":\"2025-05-20 22:28:50\",\"publish_up\":\"2025-05-15 22:50:59\",\"publish_down\":null,\"images\":\"{\\\"image_intro\\\":\\\"\\\",\\\"image_intro_alt\\\":\\\"\\\",\\\"float_intro\\\":\\\"\\\",\\\"image_intro_caption\\\":\\\"\\\",\\\"image_fulltext\\\":\\\"\\\",\\\"image_fulltext_alt\\\":\\\"\\\",\\\"float_fulltext\\\":\\\"\\\",\\\"image_fulltext_caption\\\":\\\"\\\"}\",\"urls\":\"{\\\"urla\\\":\\\"\\\",\\\"urlatext\\\":\\\"\\\",\\\"targeta\\\":\\\"\\\",\\\"urlb\\\":\\\"\\\",\\\"urlbtext\\\":\\\"\\\",\\\"targetb\\\":\\\"\\\",\\\"urlc\\\":\\\"\\\",\\\"urlctext\\\":\\\"\\\",\\\"targetc\\\":\\\"\\\"}\",\"attribs\":\"{\\\"article_layout\\\":\\\"\\\",\\\"show_title\\\":\\\"\\\",\\\"link_titles\\\":\\\"\\\",\\\"show_tags\\\":\\\"\\\",\\\"show_intro\\\":\\\"\\\",\\\"info_block_position\\\":\\\"\\\",\\\"info_block_show_title\\\":\\\"\\\",\\\"show_category\\\":\\\"\\\",\\\"link_category\\\":\\\"\\\",\\\"show_parent_category\\\":\\\"\\\",\\\"link_parent_category\\\":\\\"\\\",\\\"show_author\\\":\\\"\\\",\\\"link_author\\\":\\\"\\\",\\\"show_create_date\\\":\\\"\\\",\\\"show_modify_date\\\":\\\"\\\",\\\"show_publish_date\\\":\\\"\\\",\\\"show_item_navigation\\\":\\\"\\\",\\\"show_hits\\\":\\\"\\\",\\\"show_noauth\\\":\\\"\\\",\\\"urls_position\\\":\\\"\\\",\\\"alternative_readmore\\\":\\\"\\\",\\\"article_page_title\\\":\\\"\\\",\\\"show_publishing_options\\\":\\\"\\\",\\\"show_article_options\\\":\\\"\\\",\\\"show_urls_images_backend\\\":\\\"\\\",\\\"show_urls_images_frontend\\\":\\\"\\\"}\",\"version\":2,\"ordering\":2,\"metakey\":\"\",\"metadesc\":\"\",\"access\":1,\"hits\":4,\"metadata\":\"{\\\"robots\\\":\\\"\\\",\\\"author\\\":\\\"\\\",\\\"rights\\\":\\\"\\\"}\",\"featured\":\"0\",\"language\":\"*\",\"note\":\"\"}',0),
(71,'com_content.article.11','','2025-05-20 22:53:49',672,7092,'e334a96b75380353ed71698f333be3dc8afc06ee','{\"id\":\"11\",\"asset_id\":129,\"title\":\"Ruta de la Vainilla\",\"alias\":\"ruta-de-la-vainilla\",\"introtext\":\"<div class=\\\"uk-grid uk-child-width-1-2@s uk-padding\\\" uk-grid>\\r\\n    <div class=\\\"uk-grid-item-match\\\">\\r\\n        <div class=\\\"uk-card uk-card-default uk-margin-bottom\\\">\\r\\n            <iframe src=\\\"https:\\/\\/www.google.com\\/maps\\/d\\/embed?mid=1ajTjTPNSPYCa1jVbwFr60ZLi3wVh-8HX\\\" width=\\\"100%\\\" height=\\\"320\\\"><\\/iframe>\\r\\n        <\\/div>\\r\\n        <div class=\\\"uk-panel uk-margin-bottom\\\">\\r\\n            <h3>Municipios<\\/h3>\\r\\n            <ul>\\r\\n                <li>Zacapoaxtla<\\/li>\\r\\n                <li>Cuetzalan del Progreso<\\/li>\\r\\n                <li>Ayotoxco de Guerrero<\\/li>\\r\\n                <li>Hueytamalco<\\/li>\\r\\n                <li>Teziutl\\u00e1n<\\/li>\\r\\n            <\\/ul>\\r\\n        <\\/div>\\r\\n        <div class=\\\"uk-panel uk-margin-bottom\\\">\\r\\n            <h3>Atractivos Naturales, Arqueol\\u00f3gicos, Arquitect\\u00f3nicos, Culturales<\\/h3>\\r\\n            <ul>\\r\\n                <li>Zacapoaxtla: caba\\u00f1as, cascada Apulco, miradores.<\\/li>\\r\\n                <li>Cuetzalan del Progreso: grutas, zona arqueol\\u00f3gica Yohualichan, arquitectura.<\\/li>\\r\\n                <li>Ayotoxco de Guerrero: senderismo en r\\u00edo Agua Bonita. <\\/li>\\r\\n                <li>Hueytamalco: cascadas y r\\u00edos.<\\/li>\\r\\n            <\\/ul>\\r\\n        <\\/div>\\r\\n    <\\/div>\\r\\n\\r\\n    <div class=\\\"uk-grid-item-match\\\">\\r\\n        <div class=\\\"uk-panel uk-margin-bottom\\\">\\r\\n            <h3>Puntos Agrotur\\u00edsticos<\\/h3>\\r\\n            <ul>\\r\\n                <li>Cuetzalan del Progreso: caba\\u00f1as de bamb\\u00fa, restaurantes de mujeres con comida t\\u00edpica.<\\/li>\\r\\n                <li>Ayotoxco de Guerrero: CICET, edificio de bamb\\u00fa (mujeres productoras de vainilla arom\\u00e1tica), restaurante con platillos a base de vainilla, recorrido por invernaderos y  producci\\u00f3n de abeja melipona. <\\/li>\\r\\n                <li>Hueytamalco: Plan de Guinea deportes extremos. <\\/li>\\r\\n                <li>Venustiano Carranza: viveros de vainilla.<\\/li>\\r\\n            <\\/ul>\\r\\n        <\\/div>\\r\\n\\r\\n        <div class=\\\"uk-panel uk-margin-bottom\\\">\\r\\n            <h3>Establecimientos de hospedaje registrados seg\\u00fan tipo de alojamiento (Hoteles, Moteles, Caba\\u00f1as, Etc.)<\\/h3>\\r\\n            <ul>\\r\\n                <li>Zacapoaxtla: 15<\\/li>\\r\\n                <li>Cuetzalan del Progreso: 55<\\/li>\\r\\n                <li>Ayotoxco de Guerrero: 5<\\/li>\\r\\n                <li>Hueytamalco: 3<\\/li>\\r\\n                <li>Teziutl\\u00e1n: 23<\\/li>\\r\\n            <\\/ul>\\r\\n        <\\/div>\\r\\n\\r\\n        <div class=\\\"uk-panel uk-margin-bottom\\\">\\r\\n            <h3>Establecimientos de servicio de alimentos y de bebidas con categor\\u00eda tur\\u00edstica (Restaurantes, Cafeter\\u00edas, Bares, Etc.)<\\/h3>\\r\\n            <ul>\\r\\n                 <li>Zacapoaxtla: 77<\\/li>\\r\\n                <li>Cuetzalan del Progreso: 100<\\/li>\\r\\n                <li>Ayotoxco de Guerrero: 0<\\/li>\\r\\n                <li>Hueytamalco: 0<\\/li>\\r\\n                <li>Teziutl\\u00e1n: 80<\\/li>\\r\\n            <\\/ul>\\r\\n        <\\/div>\\r\\n    <\\/div>\\r\\n<\\/div>\\r\\n\\r\\n\\r\\n<div class=\\\"uk-container\\\">\\r\\n<div class=\\\"uk-position-relative uk-visible-toggle uk-slider\\\" tabindex=\\\"-1\\\" uk-slider=\\\"finite: true; sets: true;\\\">\\r\\n\\r\\n    <ul class=\\\"uk-slider-items uk-child-width-1-2@s uk-child-width-1-4@m uk-grid-small\\\">\\r\\n        <li>\\r\\n            <div class=\\\"uk-card \\\"><img src=\\\"images\\/site\\/agroturiticos\\/VainillaSlider\\/vainilla-1.jpg\\\" loading=\\\"lazy\\\" width=\\\"585\\\" height=\\\"390\\\" data-path=\\\"local-images:\\/site\\/agroturiticos\\/VainillaSlider\\/vainilla-1.jpg\\\"\\/><\\/div>\\r\\n        <\\/li>\\r\\n        <li>\\r\\n            <div class=\\\"uk-card \\\"><img src=\\\"images\\/site\\/agroturiticos\\/VainillaSlider\\/vainilla-2.jpg\\\" loading=\\\"lazy\\\" width=\\\"585\\\" height=\\\"390\\\" data-path=\\\"local-images:\\/site\\/agroturiticos\\/VainillaSlider\\/vainilla-2.jpg\\\"\\/><\\/div>\\r\\n        <\\/li>\\r\\n        <li>\\r\\n            <div class=\\\"uk-card \\\"><img src=\\\"images\\/site\\/agroturiticos\\/VainillaSlider\\/vainilla-3.jpg\\\" loading=\\\"lazy\\\" width=\\\"585\\\" height=\\\"390\\\" data-path=\\\"local-images:\\/site\\/agroturiticos\\/VainillaSlider\\/vainilla-3.jpg\\\"\\/><\\/div>\\r\\n        <\\/li>\\r\\n        <li>\\r\\n            <div class=\\\"uk-card \\\"><img src=\\\"images\\/site\\/agroturiticos\\/VainillaSlider\\/vainilla-4.jpg\\\" loading=\\\"lazy\\\" width=\\\"585\\\" height=\\\"390\\\" data-path=\\\"local-images:\\/site\\/agroturiticos\\/VainillaSlider\\/vainilla-4.jpg\\\"\\/><\\/div>\\r\\n        <\\/li>\\r\\n        <li>\\r\\n            <div class=\\\"uk-card \\\"><img src=\\\"images\\/site\\/agroturiticos\\/VainillaSlider\\/vainilla-5.jpg\\\" loading=\\\"lazy\\\" width=\\\"585\\\" height=\\\"390\\\" data-path=\\\"local-images:\\/site\\/agroturiticos\\/VainillaSlider\\/vainilla-5.jpg\\\"\\/><\\/div>\\r\\n        <\\/li>\\r\\n        <li>\\r\\n            <div class=\\\"uk-card u\\\"><img src=\\\"images\\/site\\/agroturiticos\\/VainillaSlider\\/vainilla-7.jpg\\\" loading=\\\"lazy\\\" width=\\\"585\\\" height=\\\"390\\\" data-path=\\\"local-images:\\/site\\/agroturiticos\\/VainillaSlider\\/vainilla-7.jpg\\\"\\/><\\/div>\\r\\n        <\\/li>\\r\\n        <!-- Agrega m\\u00e1s \\u00edtems si quieres -->\\r\\n    <\\/ul>\\r\\n\\r\\n    <!-- Flechas de navegaci\\u00f3n -->\\r\\n    <a class=\\\"uk-position-center-left uk-position-small uk-hidden-hover\\\" href=\\\"#\\\" uk-slidenav-previous uk-slider-item=\\\"previous\\\"><\\/a>\\r\\n    <a class=\\\"uk-position-center-right uk-position-small uk-hidden-hover\\\" href=\\\"#\\\" uk-slidenav-next uk-slider-item=\\\"next\\\"><\\/a>\\r\\n\\r\\n<\\/div>\\r\\n\\r\\n  \\r\\n<\\/div>\",\"fulltext\":\"\",\"state\":\"1\",\"catid\":10,\"created\":\"2025-05-15 22:48:14\",\"created_by\":\"672\",\"created_by_alias\":\"\",\"modified\":\"2025-05-20 22:53:49\",\"modified_by\":672,\"checked_out\":672,\"checked_out_time\":\"2025-05-20 22:52:16\",\"publish_up\":\"2025-05-15 22:48:14\",\"publish_down\":null,\"images\":\"{\\\"image_intro\\\":\\\"\\\",\\\"image_intro_alt\\\":\\\"\\\",\\\"float_intro\\\":\\\"\\\",\\\"image_intro_caption\\\":\\\"\\\",\\\"image_fulltext\\\":\\\"\\\",\\\"image_fulltext_alt\\\":\\\"\\\",\\\"float_fulltext\\\":\\\"\\\",\\\"image_fulltext_caption\\\":\\\"\\\"}\",\"urls\":\"{\\\"urla\\\":\\\"\\\",\\\"urlatext\\\":\\\"\\\",\\\"targeta\\\":\\\"\\\",\\\"urlb\\\":\\\"\\\",\\\"urlbtext\\\":\\\"\\\",\\\"targetb\\\":\\\"\\\",\\\"urlc\\\":\\\"\\\",\\\"urlctext\\\":\\\"\\\",\\\"targetc\\\":\\\"\\\"}\",\"attribs\":\"{\\\"article_layout\\\":\\\"\\\",\\\"show_title\\\":\\\"\\\",\\\"link_titles\\\":\\\"\\\",\\\"show_tags\\\":\\\"\\\",\\\"show_intro\\\":\\\"\\\",\\\"info_block_position\\\":\\\"\\\",\\\"info_block_show_title\\\":\\\"\\\",\\\"show_category\\\":\\\"\\\",\\\"link_category\\\":\\\"\\\",\\\"show_parent_category\\\":\\\"\\\",\\\"link_parent_category\\\":\\\"\\\",\\\"show_author\\\":\\\"\\\",\\\"link_author\\\":\\\"\\\",\\\"show_create_date\\\":\\\"\\\",\\\"show_modify_date\\\":\\\"\\\",\\\"show_publish_date\\\":\\\"\\\",\\\"show_item_navigation\\\":\\\"\\\",\\\"show_hits\\\":\\\"\\\",\\\"show_noauth\\\":\\\"\\\",\\\"urls_position\\\":\\\"\\\",\\\"alternative_readmore\\\":\\\"\\\",\\\"article_page_title\\\":\\\"\\\",\\\"show_publishing_options\\\":\\\"\\\",\\\"show_article_options\\\":\\\"\\\",\\\"show_urls_images_backend\\\":\\\"\\\",\\\"show_urls_images_frontend\\\":\\\"\\\"}\",\"version\":4,\"ordering\":3,\"metakey\":\"\",\"metadesc\":\"\",\"access\":1,\"hits\":11,\"metadata\":\"{\\\"robots\\\":\\\"\\\",\\\"author\\\":\\\"\\\",\\\"rights\\\":\\\"\\\"}\",\"featured\":\"0\",\"language\":\"*\",\"note\":\"\"}',0),
(72,'com_content.article.11','','2025-05-20 22:54:17',672,7089,'67eb9eef99ba20bf6c947e21831785e6cef5afbd','{\"id\":\"11\",\"asset_id\":129,\"title\":\"Ruta de la Vainilla\",\"alias\":\"ruta-de-la-vainilla\",\"introtext\":\"<div class=\\\"uk-grid uk-child-width-1-2@s uk-padding\\\" uk-grid>\\r\\n    <div class=\\\"uk-grid-item-match\\\">\\r\\n        <div class=\\\"uk-card uk-card-default uk-margin-bottom\\\">\\r\\n            <iframe src=\\\"https:\\/\\/www.google.com\\/maps\\/d\\/embed?mid=1ajTjTPNSPYCa1jVbwFr60ZLi3wVh-8HX\\\" width=\\\"100%\\\" height=\\\"320\\\"><\\/iframe>\\r\\n        <\\/div>\\r\\n        <div class=\\\"uk-panel uk-margin-bottom\\\">\\r\\n            <h3>Municipios<\\/h3>\\r\\n            <ul>\\r\\n                <li>Zacapoaxtla<\\/li>\\r\\n                <li>Cuetzalan del Progreso<\\/li>\\r\\n                <li>Ayotoxco de Guerrero<\\/li>\\r\\n                <li>Hueytamalco<\\/li>\\r\\n                <li>Teziutl\\u00e1n<\\/li>\\r\\n            <\\/ul>\\r\\n        <\\/div>\\r\\n        <div class=\\\"uk-panel uk-margin-bottom\\\">\\r\\n            <h3>Atractivos Naturales, Arqueol\\u00f3gicos, Arquitect\\u00f3nicos, Culturales<\\/h3>\\r\\n            <ul>\\r\\n                <li>Zacapoaxtla: caba\\u00f1as, cascada Apulco, miradores.<\\/li>\\r\\n                <li>Cuetzalan del Progreso: grutas, zona arqueol\\u00f3gica Yohualichan, arquitectura.<\\/li>\\r\\n                <li>Ayotoxco de Guerrero: senderismo en r\\u00edo Agua Bonita. <\\/li>\\r\\n                <li>Hueytamalco: cascadas y r\\u00edos.<\\/li>\\r\\n            <\\/ul>\\r\\n        <\\/div>\\r\\n    <\\/div>\\r\\n\\r\\n    <div class=\\\"uk-grid-item-match\\\">\\r\\n        <div class=\\\"uk-panel uk-margin-bottom\\\">\\r\\n            <h3>Puntos Agrotur\\u00edsticos<\\/h3>\\r\\n            <ul>\\r\\n                <li>Cuetzalan del Progreso: caba\\u00f1as de bamb\\u00fa, restaurantes de mujeres con comida t\\u00edpica.<\\/li>\\r\\n                <li>Ayotoxco de Guerrero: CICET, edificio de bamb\\u00fa (mujeres productoras de vainilla arom\\u00e1tica), restaurante con platillos a base de vainilla, recorrido por invernaderos y  producci\\u00f3n de abeja melipona. <\\/li>\\r\\n                <li>Hueytamalco: Plan de Guinea deportes extremos. <\\/li>\\r\\n                <li>Venustiano Carranza: viveros de vainilla.<\\/li>\\r\\n            <\\/ul>\\r\\n        <\\/div>\\r\\n\\r\\n        <div class=\\\"uk-panel uk-margin-bottom\\\">\\r\\n            <h3>Establecimientos de hospedaje registrados seg\\u00fan tipo de alojamiento (Hoteles, Moteles, Caba\\u00f1as, Etc.)<\\/h3>\\r\\n            <ul>\\r\\n                <li>Zacapoaxtla: 15<\\/li>\\r\\n                <li>Cuetzalan del Progreso: 55<\\/li>\\r\\n                <li>Ayotoxco de Guerrero: 5<\\/li>\\r\\n                <li>Hueytamalco: 3<\\/li>\\r\\n                <li>Teziutl\\u00e1n: 23<\\/li>\\r\\n            <\\/ul>\\r\\n        <\\/div>\\r\\n\\r\\n        <div class=\\\"uk-panel uk-margin-bottom\\\">\\r\\n            <h3>Establecimientos de servicio de alimentos y de bebidas con categor\\u00eda tur\\u00edstica (Restaurantes, Cafeter\\u00edas, Bares, Etc.)<\\/h3>\\r\\n            <ul>\\r\\n                 <li>Zacapoaxtla: 77<\\/li>\\r\\n                <li>Cuetzalan del Progreso: 100<\\/li>\\r\\n                <li>Ayotoxco de Guerrero: 0<\\/li>\\r\\n                <li>Hueytamalco: 0<\\/li>\\r\\n                <li>Teziutl\\u00e1n: 80<\\/li>\\r\\n            <\\/ul>\\r\\n        <\\/div>\\r\\n    <\\/div>\\r\\n<\\/div>\\r\\n\\r\\n\\r\\n<div class=\\\"container\\\">\\r\\n<div class=\\\"uk-position-relative uk-visible-toggle uk-slider\\\" tabindex=\\\"-1\\\" uk-slider=\\\"finite: true; sets: true;\\\">\\r\\n\\r\\n    <ul class=\\\"uk-slider-items uk-child-width-1-2@s uk-child-width-1-4@m uk-grid-small\\\">\\r\\n        <li>\\r\\n            <div class=\\\"uk-card \\\"><img src=\\\"images\\/site\\/agroturiticos\\/VainillaSlider\\/vainilla-1.jpg\\\" loading=\\\"lazy\\\" width=\\\"585\\\" height=\\\"390\\\" data-path=\\\"local-images:\\/site\\/agroturiticos\\/VainillaSlider\\/vainilla-1.jpg\\\"\\/><\\/div>\\r\\n        <\\/li>\\r\\n        <li>\\r\\n            <div class=\\\"uk-card \\\"><img src=\\\"images\\/site\\/agroturiticos\\/VainillaSlider\\/vainilla-2.jpg\\\" loading=\\\"lazy\\\" width=\\\"585\\\" height=\\\"390\\\" data-path=\\\"local-images:\\/site\\/agroturiticos\\/VainillaSlider\\/vainilla-2.jpg\\\"\\/><\\/div>\\r\\n        <\\/li>\\r\\n        <li>\\r\\n            <div class=\\\"uk-card \\\"><img src=\\\"images\\/site\\/agroturiticos\\/VainillaSlider\\/vainilla-3.jpg\\\" loading=\\\"lazy\\\" width=\\\"585\\\" height=\\\"390\\\" data-path=\\\"local-images:\\/site\\/agroturiticos\\/VainillaSlider\\/vainilla-3.jpg\\\"\\/><\\/div>\\r\\n        <\\/li>\\r\\n        <li>\\r\\n            <div class=\\\"uk-card \\\"><img src=\\\"images\\/site\\/agroturiticos\\/VainillaSlider\\/vainilla-4.jpg\\\" loading=\\\"lazy\\\" width=\\\"585\\\" height=\\\"390\\\" data-path=\\\"local-images:\\/site\\/agroturiticos\\/VainillaSlider\\/vainilla-4.jpg\\\"\\/><\\/div>\\r\\n        <\\/li>\\r\\n        <li>\\r\\n            <div class=\\\"uk-card \\\"><img src=\\\"images\\/site\\/agroturiticos\\/VainillaSlider\\/vainilla-5.jpg\\\" loading=\\\"lazy\\\" width=\\\"585\\\" height=\\\"390\\\" data-path=\\\"local-images:\\/site\\/agroturiticos\\/VainillaSlider\\/vainilla-5.jpg\\\"\\/><\\/div>\\r\\n        <\\/li>\\r\\n        <li>\\r\\n            <div class=\\\"uk-card u\\\"><img src=\\\"images\\/site\\/agroturiticos\\/VainillaSlider\\/vainilla-7.jpg\\\" loading=\\\"lazy\\\" width=\\\"585\\\" height=\\\"390\\\" data-path=\\\"local-images:\\/site\\/agroturiticos\\/VainillaSlider\\/vainilla-7.jpg\\\"\\/><\\/div>\\r\\n        <\\/li>\\r\\n        <!-- Agrega m\\u00e1s \\u00edtems si quieres -->\\r\\n    <\\/ul>\\r\\n\\r\\n    <!-- Flechas de navegaci\\u00f3n -->\\r\\n    <a class=\\\"uk-position-center-left uk-position-small uk-hidden-hover\\\" href=\\\"#\\\" uk-slidenav-previous uk-slider-item=\\\"previous\\\"><\\/a>\\r\\n    <a class=\\\"uk-position-center-right uk-position-small uk-hidden-hover\\\" href=\\\"#\\\" uk-slidenav-next uk-slider-item=\\\"next\\\"><\\/a>\\r\\n\\r\\n<\\/div>\\r\\n\\r\\n  \\r\\n<\\/div>\",\"fulltext\":\"\",\"state\":\"1\",\"catid\":10,\"created\":\"2025-05-15 22:48:14\",\"created_by\":\"672\",\"created_by_alias\":\"\",\"modified\":\"2025-05-20 22:54:17\",\"modified_by\":672,\"checked_out\":672,\"checked_out_time\":\"2025-05-20 22:53:49\",\"publish_up\":\"2025-05-15 22:48:14\",\"publish_down\":null,\"images\":\"{\\\"image_intro\\\":\\\"\\\",\\\"image_intro_alt\\\":\\\"\\\",\\\"float_intro\\\":\\\"\\\",\\\"image_intro_caption\\\":\\\"\\\",\\\"image_fulltext\\\":\\\"\\\",\\\"image_fulltext_alt\\\":\\\"\\\",\\\"float_fulltext\\\":\\\"\\\",\\\"image_fulltext_caption\\\":\\\"\\\"}\",\"urls\":\"{\\\"urla\\\":\\\"\\\",\\\"urlatext\\\":\\\"\\\",\\\"targeta\\\":\\\"\\\",\\\"urlb\\\":\\\"\\\",\\\"urlbtext\\\":\\\"\\\",\\\"targetb\\\":\\\"\\\",\\\"urlc\\\":\\\"\\\",\\\"urlctext\\\":\\\"\\\",\\\"targetc\\\":\\\"\\\"}\",\"attribs\":\"{\\\"article_layout\\\":\\\"\\\",\\\"show_title\\\":\\\"\\\",\\\"link_titles\\\":\\\"\\\",\\\"show_tags\\\":\\\"\\\",\\\"show_intro\\\":\\\"\\\",\\\"info_block_position\\\":\\\"\\\",\\\"info_block_show_title\\\":\\\"\\\",\\\"show_category\\\":\\\"\\\",\\\"link_category\\\":\\\"\\\",\\\"show_parent_category\\\":\\\"\\\",\\\"link_parent_category\\\":\\\"\\\",\\\"show_author\\\":\\\"\\\",\\\"link_author\\\":\\\"\\\",\\\"show_create_date\\\":\\\"\\\",\\\"show_modify_date\\\":\\\"\\\",\\\"show_publish_date\\\":\\\"\\\",\\\"show_item_navigation\\\":\\\"\\\",\\\"show_hits\\\":\\\"\\\",\\\"show_noauth\\\":\\\"\\\",\\\"urls_position\\\":\\\"\\\",\\\"alternative_readmore\\\":\\\"\\\",\\\"article_page_title\\\":\\\"\\\",\\\"show_publishing_options\\\":\\\"\\\",\\\"show_article_options\\\":\\\"\\\",\\\"show_urls_images_backend\\\":\\\"\\\",\\\"show_urls_images_frontend\\\":\\\"\\\"}\",\"version\":5,\"ordering\":3,\"metakey\":\"\",\"metadesc\":\"\",\"access\":1,\"hits\":12,\"metadata\":\"{\\\"robots\\\":\\\"\\\",\\\"author\\\":\\\"\\\",\\\"rights\\\":\\\"\\\"}\",\"featured\":\"0\",\"language\":\"*\",\"note\":\"\"}',0),
(73,'com_content.article.11','','2025-05-20 22:54:36',672,7100,'39d9540f5f95b3c90c35f503b2d8930cdc1bd742','{\"id\":\"11\",\"asset_id\":129,\"title\":\"Ruta de la Vainilla\",\"alias\":\"ruta-de-la-vainilla\",\"introtext\":\"<div class=\\\"uk-grid uk-child-width-1-2@s uk-padding\\\" uk-grid>\\r\\n    <div class=\\\"uk-grid-item-match\\\">\\r\\n        <div class=\\\"uk-card uk-card-default uk-margin-bottom\\\">\\r\\n            <iframe src=\\\"https:\\/\\/www.google.com\\/maps\\/d\\/embed?mid=1ajTjTPNSPYCa1jVbwFr60ZLi3wVh-8HX\\\" width=\\\"100%\\\" height=\\\"320\\\"><\\/iframe>\\r\\n        <\\/div>\\r\\n        <div class=\\\"uk-panel uk-margin-bottom\\\">\\r\\n            <h3>Municipios<\\/h3>\\r\\n            <ul>\\r\\n                <li>Zacapoaxtla<\\/li>\\r\\n                <li>Cuetzalan del Progreso<\\/li>\\r\\n                <li>Ayotoxco de Guerrero<\\/li>\\r\\n                <li>Hueytamalco<\\/li>\\r\\n                <li>Teziutl\\u00e1n<\\/li>\\r\\n            <\\/ul>\\r\\n        <\\/div>\\r\\n        <div class=\\\"uk-panel uk-margin-bottom\\\">\\r\\n            <h3>Atractivos Naturales, Arqueol\\u00f3gicos, Arquitect\\u00f3nicos, Culturales<\\/h3>\\r\\n            <ul>\\r\\n                <li>Zacapoaxtla: caba\\u00f1as, cascada Apulco, miradores.<\\/li>\\r\\n                <li>Cuetzalan del Progreso: grutas, zona arqueol\\u00f3gica Yohualichan, arquitectura.<\\/li>\\r\\n                <li>Ayotoxco de Guerrero: senderismo en r\\u00edo Agua Bonita. <\\/li>\\r\\n                <li>Hueytamalco: cascadas y r\\u00edos.<\\/li>\\r\\n            <\\/ul>\\r\\n        <\\/div>\\r\\n    <\\/div>\\r\\n\\r\\n    <div class=\\\"uk-grid-item-match\\\">\\r\\n        <div class=\\\"uk-panel uk-margin-bottom\\\">\\r\\n            <h3>Puntos Agrotur\\u00edsticos<\\/h3>\\r\\n            <ul>\\r\\n                <li>Cuetzalan del Progreso: caba\\u00f1as de bamb\\u00fa, restaurantes de mujeres con comida t\\u00edpica.<\\/li>\\r\\n                <li>Ayotoxco de Guerrero: CICET, edificio de bamb\\u00fa (mujeres productoras de vainilla arom\\u00e1tica), restaurante con platillos a base de vainilla, recorrido por invernaderos y  producci\\u00f3n de abeja melipona. <\\/li>\\r\\n                <li>Hueytamalco: Plan de Guinea deportes extremos. <\\/li>\\r\\n                <li>Venustiano Carranza: viveros de vainilla.<\\/li>\\r\\n            <\\/ul>\\r\\n        <\\/div>\\r\\n\\r\\n        <div class=\\\"uk-panel uk-margin-bottom\\\">\\r\\n            <h3>Establecimientos de hospedaje registrados seg\\u00fan tipo de alojamiento (Hoteles, Moteles, Caba\\u00f1as, Etc.)<\\/h3>\\r\\n            <ul>\\r\\n                <li>Zacapoaxtla: 15<\\/li>\\r\\n                <li>Cuetzalan del Progreso: 55<\\/li>\\r\\n                <li>Ayotoxco de Guerrero: 5<\\/li>\\r\\n                <li>Hueytamalco: 3<\\/li>\\r\\n                <li>Teziutl\\u00e1n: 23<\\/li>\\r\\n            <\\/ul>\\r\\n        <\\/div>\\r\\n\\r\\n        <div class=\\\"uk-panel uk-margin-bottom\\\">\\r\\n            <h3>Establecimientos de servicio de alimentos y de bebidas con categor\\u00eda tur\\u00edstica (Restaurantes, Cafeter\\u00edas, Bares, Etc.)<\\/h3>\\r\\n            <ul>\\r\\n                 <li>Zacapoaxtla: 77<\\/li>\\r\\n                <li>Cuetzalan del Progreso: 100<\\/li>\\r\\n                <li>Ayotoxco de Guerrero: 0<\\/li>\\r\\n                <li>Hueytamalco: 0<\\/li>\\r\\n                <li>Teziutl\\u00e1n: 80<\\/li>\\r\\n            <\\/ul>\\r\\n        <\\/div>\\r\\n    <\\/div>\\r\\n<\\/div>\\r\\n\\r\\n\\r\\n<div class=\\\"container uk-padding\\\">\\r\\n<div class=\\\"uk-position-relative uk-visible-toggle uk-slider\\\" tabindex=\\\"-1\\\" uk-slider=\\\"finite: true; sets: true;\\\">\\r\\n\\r\\n    <ul class=\\\"uk-slider-items uk-child-width-1-2@s uk-child-width-1-4@m uk-grid-small\\\">\\r\\n        <li>\\r\\n            <div class=\\\"uk-card \\\"><img src=\\\"images\\/site\\/agroturiticos\\/VainillaSlider\\/vainilla-1.jpg\\\" loading=\\\"lazy\\\" width=\\\"585\\\" height=\\\"390\\\" data-path=\\\"local-images:\\/site\\/agroturiticos\\/VainillaSlider\\/vainilla-1.jpg\\\"\\/><\\/div>\\r\\n        <\\/li>\\r\\n        <li>\\r\\n            <div class=\\\"uk-card \\\"><img src=\\\"images\\/site\\/agroturiticos\\/VainillaSlider\\/vainilla-2.jpg\\\" loading=\\\"lazy\\\" width=\\\"585\\\" height=\\\"390\\\" data-path=\\\"local-images:\\/site\\/agroturiticos\\/VainillaSlider\\/vainilla-2.jpg\\\"\\/><\\/div>\\r\\n        <\\/li>\\r\\n        <li>\\r\\n            <div class=\\\"uk-card \\\"><img src=\\\"images\\/site\\/agroturiticos\\/VainillaSlider\\/vainilla-3.jpg\\\" loading=\\\"lazy\\\" width=\\\"585\\\" height=\\\"390\\\" data-path=\\\"local-images:\\/site\\/agroturiticos\\/VainillaSlider\\/vainilla-3.jpg\\\"\\/><\\/div>\\r\\n        <\\/li>\\r\\n        <li>\\r\\n            <div class=\\\"uk-card \\\"><img src=\\\"images\\/site\\/agroturiticos\\/VainillaSlider\\/vainilla-4.jpg\\\" loading=\\\"lazy\\\" width=\\\"585\\\" height=\\\"390\\\" data-path=\\\"local-images:\\/site\\/agroturiticos\\/VainillaSlider\\/vainilla-4.jpg\\\"\\/><\\/div>\\r\\n        <\\/li>\\r\\n        <li>\\r\\n            <div class=\\\"uk-card \\\"><img src=\\\"images\\/site\\/agroturiticos\\/VainillaSlider\\/vainilla-5.jpg\\\" loading=\\\"lazy\\\" width=\\\"585\\\" height=\\\"390\\\" data-path=\\\"local-images:\\/site\\/agroturiticos\\/VainillaSlider\\/vainilla-5.jpg\\\"\\/><\\/div>\\r\\n        <\\/li>\\r\\n        <li>\\r\\n            <div class=\\\"uk-card u\\\"><img src=\\\"images\\/site\\/agroturiticos\\/VainillaSlider\\/vainilla-7.jpg\\\" loading=\\\"lazy\\\" width=\\\"585\\\" height=\\\"390\\\" data-path=\\\"local-images:\\/site\\/agroturiticos\\/VainillaSlider\\/vainilla-7.jpg\\\"\\/><\\/div>\\r\\n        <\\/li>\\r\\n        <!-- Agrega m\\u00e1s \\u00edtems si quieres -->\\r\\n    <\\/ul>\\r\\n\\r\\n    <!-- Flechas de navegaci\\u00f3n -->\\r\\n    <a class=\\\"uk-position-center-left uk-position-small uk-hidden-hover\\\" href=\\\"#\\\" uk-slidenav-previous uk-slider-item=\\\"previous\\\"><\\/a>\\r\\n    <a class=\\\"uk-position-center-right uk-position-small uk-hidden-hover\\\" href=\\\"#\\\" uk-slidenav-next uk-slider-item=\\\"next\\\"><\\/a>\\r\\n\\r\\n<\\/div>\\r\\n\\r\\n  \\r\\n<\\/div>\",\"fulltext\":\"\",\"state\":\"1\",\"catid\":10,\"created\":\"2025-05-15 22:48:14\",\"created_by\":\"672\",\"created_by_alias\":\"\",\"modified\":\"2025-05-20 22:54:36\",\"modified_by\":672,\"checked_out\":672,\"checked_out_time\":\"2025-05-20 22:54:17\",\"publish_up\":\"2025-05-15 22:48:14\",\"publish_down\":null,\"images\":\"{\\\"image_intro\\\":\\\"\\\",\\\"image_intro_alt\\\":\\\"\\\",\\\"float_intro\\\":\\\"\\\",\\\"image_intro_caption\\\":\\\"\\\",\\\"image_fulltext\\\":\\\"\\\",\\\"image_fulltext_alt\\\":\\\"\\\",\\\"float_fulltext\\\":\\\"\\\",\\\"image_fulltext_caption\\\":\\\"\\\"}\",\"urls\":\"{\\\"urla\\\":\\\"\\\",\\\"urlatext\\\":\\\"\\\",\\\"targeta\\\":\\\"\\\",\\\"urlb\\\":\\\"\\\",\\\"urlbtext\\\":\\\"\\\",\\\"targetb\\\":\\\"\\\",\\\"urlc\\\":\\\"\\\",\\\"urlctext\\\":\\\"\\\",\\\"targetc\\\":\\\"\\\"}\",\"attribs\":\"{\\\"article_layout\\\":\\\"\\\",\\\"show_title\\\":\\\"\\\",\\\"link_titles\\\":\\\"\\\",\\\"show_tags\\\":\\\"\\\",\\\"show_intro\\\":\\\"\\\",\\\"info_block_position\\\":\\\"\\\",\\\"info_block_show_title\\\":\\\"\\\",\\\"show_category\\\":\\\"\\\",\\\"link_category\\\":\\\"\\\",\\\"show_parent_category\\\":\\\"\\\",\\\"link_parent_category\\\":\\\"\\\",\\\"show_author\\\":\\\"\\\",\\\"link_author\\\":\\\"\\\",\\\"show_create_date\\\":\\\"\\\",\\\"show_modify_date\\\":\\\"\\\",\\\"show_publish_date\\\":\\\"\\\",\\\"show_item_navigation\\\":\\\"\\\",\\\"show_hits\\\":\\\"\\\",\\\"show_noauth\\\":\\\"\\\",\\\"urls_position\\\":\\\"\\\",\\\"alternative_readmore\\\":\\\"\\\",\\\"article_page_title\\\":\\\"\\\",\\\"show_publishing_options\\\":\\\"\\\",\\\"show_article_options\\\":\\\"\\\",\\\"show_urls_images_backend\\\":\\\"\\\",\\\"show_urls_images_frontend\\\":\\\"\\\"}\",\"version\":6,\"ordering\":3,\"metakey\":\"\",\"metadesc\":\"\",\"access\":1,\"hits\":13,\"metadata\":\"{\\\"robots\\\":\\\"\\\",\\\"author\\\":\\\"\\\",\\\"rights\\\":\\\"\\\"}\",\"featured\":\"0\",\"language\":\"*\",\"note\":\"\"}',0),
(74,'com_content.article.11','','2025-05-20 22:55:15',672,7117,'c04500b6248034a83239113c161977fb563f4552','{\"id\":\"11\",\"asset_id\":129,\"title\":\"Ruta de la Vainilla\",\"alias\":\"ruta-de-la-vainilla\",\"introtext\":\"<div class=\\\"uk-grid uk-child-width-1-2@s uk-padding\\\" uk-grid>\\r\\n    <div class=\\\"uk-grid-item-match\\\">\\r\\n        <div class=\\\"uk-card uk-card-default uk-margin-bottom\\\">\\r\\n            <iframe src=\\\"https:\\/\\/www.google.com\\/maps\\/d\\/embed?mid=1ajTjTPNSPYCa1jVbwFr60ZLi3wVh-8HX\\\" width=\\\"100%\\\" height=\\\"320\\\"><\\/iframe>\\r\\n        <\\/div>\\r\\n        <div class=\\\"uk-panel uk-margin-bottom\\\">\\r\\n            <h3>Municipios<\\/h3>\\r\\n            <ul>\\r\\n                <li>Zacapoaxtla<\\/li>\\r\\n                <li>Cuetzalan del Progreso<\\/li>\\r\\n                <li>Ayotoxco de Guerrero<\\/li>\\r\\n                <li>Hueytamalco<\\/li>\\r\\n                <li>Teziutl\\u00e1n<\\/li>\\r\\n            <\\/ul>\\r\\n        <\\/div>\\r\\n        <div class=\\\"uk-panel uk-margin-bottom\\\">\\r\\n            <h3>Atractivos Naturales, Arqueol\\u00f3gicos, Arquitect\\u00f3nicos, Culturales<\\/h3>\\r\\n            <ul>\\r\\n                <li>Zacapoaxtla: caba\\u00f1as, cascada Apulco, miradores.<\\/li>\\r\\n                <li>Cuetzalan del Progreso: grutas, zona arqueol\\u00f3gica Yohualichan, arquitectura.<\\/li>\\r\\n                <li>Ayotoxco de Guerrero: senderismo en r\\u00edo Agua Bonita. <\\/li>\\r\\n                <li>Hueytamalco: cascadas y r\\u00edos.<\\/li>\\r\\n            <\\/ul>\\r\\n        <\\/div>\\r\\n    <\\/div>\\r\\n\\r\\n    <div class=\\\"uk-grid-item-match\\\">\\r\\n        <div class=\\\"uk-panel uk-margin-bottom\\\">\\r\\n            <h3>Puntos Agrotur\\u00edsticos<\\/h3>\\r\\n            <ul>\\r\\n                <li>Cuetzalan del Progreso: caba\\u00f1as de bamb\\u00fa, restaurantes de mujeres con comida t\\u00edpica.<\\/li>\\r\\n                <li>Ayotoxco de Guerrero: CICET, edificio de bamb\\u00fa (mujeres productoras de vainilla arom\\u00e1tica), restaurante con platillos a base de vainilla, recorrido por invernaderos y  producci\\u00f3n de abeja melipona. <\\/li>\\r\\n                <li>Hueytamalco: Plan de Guinea deportes extremos. <\\/li>\\r\\n                <li>Venustiano Carranza: viveros de vainilla.<\\/li>\\r\\n            <\\/ul>\\r\\n        <\\/div>\\r\\n\\r\\n        <div class=\\\"uk-panel uk-margin-bottom\\\">\\r\\n            <h3>Establecimientos de hospedaje registrados seg\\u00fan tipo de alojamiento (Hoteles, Moteles, Caba\\u00f1as, Etc.)<\\/h3>\\r\\n            <ul>\\r\\n                <li>Zacapoaxtla: 15<\\/li>\\r\\n                <li>Cuetzalan del Progreso: 55<\\/li>\\r\\n                <li>Ayotoxco de Guerrero: 5<\\/li>\\r\\n                <li>Hueytamalco: 3<\\/li>\\r\\n                <li>Teziutl\\u00e1n: 23<\\/li>\\r\\n            <\\/ul>\\r\\n        <\\/div>\\r\\n\\r\\n        <div class=\\\"uk-panel uk-margin-bottom\\\">\\r\\n            <h3>Establecimientos de servicio de alimentos y de bebidas con categor\\u00eda tur\\u00edstica (Restaurantes, Cafeter\\u00edas, Bares, Etc.)<\\/h3>\\r\\n            <ul>\\r\\n                 <li>Zacapoaxtla: 77<\\/li>\\r\\n                <li>Cuetzalan del Progreso: 100<\\/li>\\r\\n                <li>Ayotoxco de Guerrero: 0<\\/li>\\r\\n                <li>Hueytamalco: 0<\\/li>\\r\\n                <li>Teziutl\\u00e1n: 80<\\/li>\\r\\n            <\\/ul>\\r\\n        <\\/div>\\r\\n    <\\/div>\\r\\n<\\/div>\\r\\n\\r\\n\\r\\n<div class=\\\"container uk-padding\\\">\\r\\n<div class=\\\"uk-position-relative uk-visible-toggle uk-slider\\\" tabindex=\\\"-1\\\" uk-slider=\\\"finite: true; sets: true;\\\">\\r\\n\\r\\n    <ul class=\\\"uk-slider-items uk-child-width-1-2@s uk-child-width-1-4@m uk-grid-small\\\">\\r\\n        <li>\\r\\n            <div class=\\\"uk-card uk-padding-remove\\\"><img src=\\\"images\\/site\\/agroturiticos\\/VainillaSlider\\/vainilla-1.jpg\\\" loading=\\\"lazy\\\" width=\\\"585\\\" height=\\\"390\\\" data-path=\\\"local-images:\\/site\\/agroturiticos\\/VainillaSlider\\/vainilla-1.jpg\\\"\\/><\\/div>\\r\\n        <\\/li>\\r\\n        <li>\\r\\n            <div class=\\\"uk-card \\\"><img src=\\\"images\\/site\\/agroturiticos\\/VainillaSlider\\/vainilla-2.jpg\\\" loading=\\\"lazy\\\" width=\\\"585\\\" height=\\\"390\\\" data-path=\\\"local-images:\\/site\\/agroturiticos\\/VainillaSlider\\/vainilla-2.jpg\\\"\\/><\\/div>\\r\\n        <\\/li>\\r\\n        <li>\\r\\n            <div class=\\\"uk-card \\\"><img src=\\\"images\\/site\\/agroturiticos\\/VainillaSlider\\/vainilla-3.jpg\\\" loading=\\\"lazy\\\" width=\\\"585\\\" height=\\\"390\\\" data-path=\\\"local-images:\\/site\\/agroturiticos\\/VainillaSlider\\/vainilla-3.jpg\\\"\\/><\\/div>\\r\\n        <\\/li>\\r\\n        <li>\\r\\n            <div class=\\\"uk-card \\\"><img src=\\\"images\\/site\\/agroturiticos\\/VainillaSlider\\/vainilla-4.jpg\\\" loading=\\\"lazy\\\" width=\\\"585\\\" height=\\\"390\\\" data-path=\\\"local-images:\\/site\\/agroturiticos\\/VainillaSlider\\/vainilla-4.jpg\\\"\\/><\\/div>\\r\\n        <\\/li>\\r\\n        <li>\\r\\n            <div class=\\\"uk-card \\\"><img src=\\\"images\\/site\\/agroturiticos\\/VainillaSlider\\/vainilla-5.jpg\\\" loading=\\\"lazy\\\" width=\\\"585\\\" height=\\\"390\\\" data-path=\\\"local-images:\\/site\\/agroturiticos\\/VainillaSlider\\/vainilla-5.jpg\\\"\\/><\\/div>\\r\\n        <\\/li>\\r\\n        <li>\\r\\n            <div class=\\\"uk-card u\\\"><img src=\\\"images\\/site\\/agroturiticos\\/VainillaSlider\\/vainilla-7.jpg\\\" loading=\\\"lazy\\\" width=\\\"585\\\" height=\\\"390\\\" data-path=\\\"local-images:\\/site\\/agroturiticos\\/VainillaSlider\\/vainilla-7.jpg\\\"\\/><\\/div>\\r\\n        <\\/li>\\r\\n        <!-- Agrega m\\u00e1s \\u00edtems si quieres -->\\r\\n    <\\/ul>\\r\\n\\r\\n    <!-- Flechas de navegaci\\u00f3n -->\\r\\n    <a class=\\\"uk-position-center-left uk-position-small uk-hidden-hover\\\" href=\\\"#\\\" uk-slidenav-previous uk-slider-item=\\\"previous\\\"><\\/a>\\r\\n    <a class=\\\"uk-position-center-right uk-position-small uk-hidden-hover\\\" href=\\\"#\\\" uk-slidenav-next uk-slider-item=\\\"next\\\"><\\/a>\\r\\n\\r\\n<\\/div>\\r\\n\\r\\n  \\r\\n<\\/div>\",\"fulltext\":\"\",\"state\":\"1\",\"catid\":10,\"created\":\"2025-05-15 22:48:14\",\"created_by\":\"672\",\"created_by_alias\":\"\",\"modified\":\"2025-05-20 22:55:15\",\"modified_by\":672,\"checked_out\":672,\"checked_out_time\":\"2025-05-20 22:54:36\",\"publish_up\":\"2025-05-15 22:48:14\",\"publish_down\":null,\"images\":\"{\\\"image_intro\\\":\\\"\\\",\\\"image_intro_alt\\\":\\\"\\\",\\\"float_intro\\\":\\\"\\\",\\\"image_intro_caption\\\":\\\"\\\",\\\"image_fulltext\\\":\\\"\\\",\\\"image_fulltext_alt\\\":\\\"\\\",\\\"float_fulltext\\\":\\\"\\\",\\\"image_fulltext_caption\\\":\\\"\\\"}\",\"urls\":\"{\\\"urla\\\":\\\"\\\",\\\"urlatext\\\":\\\"\\\",\\\"targeta\\\":\\\"\\\",\\\"urlb\\\":\\\"\\\",\\\"urlbtext\\\":\\\"\\\",\\\"targetb\\\":\\\"\\\",\\\"urlc\\\":\\\"\\\",\\\"urlctext\\\":\\\"\\\",\\\"targetc\\\":\\\"\\\"}\",\"attribs\":\"{\\\"article_layout\\\":\\\"\\\",\\\"show_title\\\":\\\"\\\",\\\"link_titles\\\":\\\"\\\",\\\"show_tags\\\":\\\"\\\",\\\"show_intro\\\":\\\"\\\",\\\"info_block_position\\\":\\\"\\\",\\\"info_block_show_title\\\":\\\"\\\",\\\"show_category\\\":\\\"\\\",\\\"link_category\\\":\\\"\\\",\\\"show_parent_category\\\":\\\"\\\",\\\"link_parent_category\\\":\\\"\\\",\\\"show_author\\\":\\\"\\\",\\\"link_author\\\":\\\"\\\",\\\"show_create_date\\\":\\\"\\\",\\\"show_modify_date\\\":\\\"\\\",\\\"show_publish_date\\\":\\\"\\\",\\\"show_item_navigation\\\":\\\"\\\",\\\"show_hits\\\":\\\"\\\",\\\"show_noauth\\\":\\\"\\\",\\\"urls_position\\\":\\\"\\\",\\\"alternative_readmore\\\":\\\"\\\",\\\"article_page_title\\\":\\\"\\\",\\\"show_publishing_options\\\":\\\"\\\",\\\"show_article_options\\\":\\\"\\\",\\\"show_urls_images_backend\\\":\\\"\\\",\\\"show_urls_images_frontend\\\":\\\"\\\"}\",\"version\":7,\"ordering\":3,\"metakey\":\"\",\"metadesc\":\"\",\"access\":1,\"hits\":14,\"metadata\":\"{\\\"robots\\\":\\\"\\\",\\\"author\\\":\\\"\\\",\\\"rights\\\":\\\"\\\"}\",\"featured\":\"0\",\"language\":\"*\",\"note\":\"\"}',0),
